CRAN Package Check Results for Package SEMModComp

Last updated on 2015-07-31 23:48:02.

Flavor Version Tinstall Tcheck Ttotal Status Flags
r-devel-linux-x86_64-debian-clang 1.0 0.62 11.99 12.61 NOTE
r-devel-linux-x86_64-debian-gcc 1.0 0.79 11.73 12.52 NOTE
r-devel-linux-x86_64-fedora-clang 1.0 24.15 NOTE
r-devel-linux-x86_64-fedora-gcc 1.0 23.09 NOTE
r-devel-osx-x86_64-clang 1.0 25.54 NOTE
r-devel-windows-ix86+x86_64 1.0 3.00 25.00 28.00 NOTE
r-patched-linux-x86_64 1.0 0.59 11.82 12.42 NOTE
r-patched-solaris-sparc 1.0 150.60 NOTE
r-patched-solaris-x86 1.0 35.70 NOTE
r-release-linux-x86_64 1.0 0.59 12.07 12.66 NOTE
r-release-osx-x86_64-mavericks 1.0 NOTE
r-release-windows-ix86+x86_64 1.0 5.00 22.00 27.00 NOTE
r-oldrel-windows-ix86+x86_64 1.0 5.00 25.00 30.00 NOTE

Check Details

Version: 1.0
Check: DESCRIPTION meta-information
Result: NOTE
    Malformed Description field: should contain one or more complete sentences.
Flavors: r-devel-linux-x86_64-debian-clang, r-devel-linux-x86_64-debian-gcc, r-devel-linux-x86_64-fedora-clang, r-devel-linux-x86_64-fedora-gcc, r-devel-osx-x86_64-clang, r-devel-windows-ix86+x86_64, r-patched-linux-x86_64, r-patched-solaris-sparc, r-patched-solaris-x86, r-release-linux-x86_64, r-release-osx-x86_64-mavericks, r-release-windows-ix86+x86_64

Version: 1.0
Check: dependencies in R code
Result: NOTE
    Package in Depends field not imported from: ‘mvtnorm’
     These packages need to be imported from (in the NAMESPACE file)
     for when this namespace is loaded but not attached.
Flavors: r-devel-linux-x86_64-debian-clang, r-devel-linux-x86_64-debian-gcc, r-devel-linux-x86_64-fedora-clang, r-devel-linux-x86_64-fedora-gcc, r-devel-osx-x86_64-clang, r-devel-windows-ix86+x86_64, r-patched-linux-x86_64, r-patched-solaris-sparc, r-patched-solaris-x86, r-release-linux-x86_64, r-release-osx-x86_64-mavericks, r-release-windows-ix86+x86_64, r-oldrel-windows-ix86+x86_64

Version: 1.0
Check: R code for possible problems
Result: NOTE
    ChiSquaredLRTest: no visible global function definition for ‘na.omit’
    ChiSquaredLRTest: no visible global function definition for ‘cov’
    ChiSquaredLRTest: no visible global function definition for ‘dmvnorm’
    ChiSquaredLRTest: no visible global function definition for ‘pchisq’
    NormalTheoryLRTest: no visible global function definition for ‘na.omit’
    NormalTheoryLRTest: no visible global function definition for ‘cov’
    NormalTheoryLRTest: no visible global function definition for ‘dmvnorm’
    NormalTheoryLRTest: no visible global function definition for ‘sd’
    NormalTheoryLRTest: no visible global function definition for ‘pnorm’
    Undefined global functions or variables:
     cov dmvnorm na.omit pchisq pnorm sd
    Consider adding
     importFrom("stats", "cov", "na.omit", "pchisq", "pnorm", "sd")
    to your NAMESPACE.
Flavors: r-devel-linux-x86_64-debian-clang, r-devel-linux-x86_64-debian-gcc, r-devel-linux-x86_64-fedora-clang, r-devel-linux-x86_64-fedora-gcc, r-devel-windows-ix86+x86_64

Version: 1.0
Check: R code for possible problems
Result: NOTE
    ChiSquaredLRTest: no visible global function definition for ‘dmvnorm’
    NormalTheoryLRTest: no visible global function definition for ‘dmvnorm’
    Undefined global functions or variables:
     dmvnorm
Flavor: r-devel-osx-x86_64-clang

Version: 1.0
Check: R code for possible problems
Result: NOTE
    ChiSquaredLRTest: no visible global function definition for ‘dmvnorm’
    NormalTheoryLRTest: no visible global function definition for ‘dmvnorm’
Flavors: r-patched-linux-x86_64, r-patched-solaris-sparc, r-patched-solaris-x86, r-release-linux-x86_64, r-release-osx-x86_64-mavericks, r-release-windows-ix86+x86_64, r-oldrel-windows-ix86+x86_64