CRAN Package Check Results for Package SEMModComp

Last updated on 2014-11-26 19:49:44.

Flavor Version Tinstall Tcheck Ttotal Status Flags
r-devel-linux-x86_64-debian-clang 1.0 0.69 12.86 13.55 NOTE
r-devel-linux-x86_64-debian-gcc 1.0 0.93 12.51 13.44 NOTE
r-devel-linux-x86_64-fedora-clang 1.0 28.84 NOTE
r-devel-linux-x86_64-fedora-gcc 1.0 28.24 NOTE
r-devel-osx-x86_64-clang 1.0 28.92 NOTE
r-devel-windows-ix86+x86_64 1.0 4.00 23.00 27.00 NOTE
r-patched-linux-x86_64 1.0 0.82 13.30 14.11 NOTE
r-patched-solaris-sparc 1.0 165.30 NOTE
r-patched-solaris-x86 1.0 38.40 NOTE
r-release-linux-ix86 1.0 1.00 19.14 20.15 NOTE
r-release-linux-x86_64 1.0 0.72 13.33 14.06 NOTE
r-release-osx-x86_64-mavericks 1.0 NOTE
r-release-osx-x86_64-snowleopard 1.0 OK
r-release-windows-ix86+x86_64 1.0 3.00 23.00 26.00 NOTE
r-oldrel-windows-ix86+x86_64 1.0 3.00 22.00 25.00 NOTE

Check Details

Version: 1.0
Check: dependencies in R code
Result: NOTE
    Package in Depends field not imported from: ‘mvtnorm’
     These packages need to be imported from (in the NAMESPACE file)
     for when this namespace is loaded but not attached.
    See the information on DESCRIPTION files in the chapter ‘Creating R
    packages’ of the ‘Writing R Extensions’ manual.
Flavors: r-devel-linux-x86_64-debian-clang, r-devel-linux-x86_64-debian-gcc, r-devel-linux-x86_64-fedora-clang, r-devel-linux-x86_64-fedora-gcc, r-devel-osx-x86_64-clang, r-devel-windows-ix86+x86_64, r-patched-linux-x86_64, r-patched-solaris-sparc, r-patched-solaris-x86, r-release-linux-ix86, r-release-linux-x86_64, r-release-osx-x86_64-mavericks, r-release-windows-ix86+x86_64, r-oldrel-windows-ix86+x86_64

Version: 1.0
Check: R code for possible problems
Result: NOTE
    ChiSquaredLRTest: no visible global function definition for ‘dmvnorm’
    NormalTheoryLRTest: no visible global function definition for ‘dmvnorm’
Flavors: r-devel-linux-x86_64-debian-clang, r-devel-linux-x86_64-debian-gcc, r-devel-linux-x86_64-fedora-clang, r-devel-linux-x86_64-fedora-gcc, r-devel-osx-x86_64-clang, r-devel-windows-ix86+x86_64, r-patched-linux-x86_64, r-patched-solaris-sparc, r-patched-solaris-x86, r-release-linux-ix86, r-release-linux-x86_64, r-release-windows-ix86+x86_64