CRAN Package Check Results for Package SEMModComp

Last updated on 2016-12-10 02:48:23.

Flavor Version Tinstall Tcheck Ttotal Status Flags
r-devel-linux-x86_64-debian-clang 1.0 0.64 15.23 15.87 NOTE
r-devel-linux-x86_64-debian-gcc 1.0 0.65 14.99 15.64 NOTE
r-devel-linux-x86_64-fedora-clang 1.0 28.27 NOTE --no-stop-on-test-error
r-devel-linux-x86_64-fedora-gcc 1.0 27.29 NOTE --no-stop-on-test-error
r-devel-macos-x86_64-clang 1.0 23.80 NOTE --no-stop-on-test-error
r-devel-windows-ix86+x86_64 1.0 7.00 49.00 56.00 NOTE
r-patched-linux-x86_64 1.0 0.65 12.20 12.85 NOTE
r-patched-solaris-sparc 1.0 146.30 NOTE
r-patched-solaris-x86 1.0 31.00 NOTE
r-release-linux-x86_64 1.0 0.58 12.18 12.75 NOTE
r-release-osx-x86_64-mavericks 1.0 NOTE
r-release-windows-ix86+x86_64 1.0 3.00 32.00 35.00 NOTE
r-oldrel-windows-ix86+x86_64 1.0 3.00 30.00 33.00 NOTE

Check Details

Version: 1.0
Check: DESCRIPTION meta-information
Result: NOTE
    Malformed Description field: should contain one or more complete sentences.
Flavors: r-devel-linux-x86_64-debian-clang, r-devel-linux-x86_64-debian-gcc, r-devel-windows-ix86+x86_64, r-patched-linux-x86_64, r-patched-solaris-sparc, r-patched-solaris-x86, r-release-linux-x86_64, r-release-osx-x86_64-mavericks, r-release-windows-ix86+x86_64, r-oldrel-windows-ix86+x86_64

Version: 1.0
Check: dependencies in R code
Result: NOTE
    Package in Depends field not imported from: ‘mvtnorm’
     These packages need to be imported from (in the NAMESPACE file)
     for when this namespace is loaded but not attached.
Flavors: r-devel-linux-x86_64-debian-clang, r-devel-linux-x86_64-debian-gcc, r-devel-windows-ix86+x86_64, r-patched-linux-x86_64, r-patched-solaris-sparc, r-patched-solaris-x86, r-release-linux-x86_64, r-release-osx-x86_64-mavericks, r-release-windows-ix86+x86_64, r-oldrel-windows-ix86+x86_64

Version: 1.0
Check: R code for possible problems
Result: NOTE
    ChiSquaredLRTest: no visible global function definition for ‘na.omit’
    ChiSquaredLRTest: no visible global function definition for ‘cov’
    ChiSquaredLRTest: no visible global function definition for ‘dmvnorm’
    ChiSquaredLRTest: no visible global function definition for ‘pchisq’
    NormalTheoryLRTest: no visible global function definition for ‘na.omit’
    NormalTheoryLRTest: no visible global function definition for ‘cov’
    NormalTheoryLRTest: no visible global function definition for ‘dmvnorm’
    NormalTheoryLRTest: no visible global function definition for ‘sd’
    NormalTheoryLRTest: no visible global function definition for ‘pnorm’
    Undefined global functions or variables:
     cov dmvnorm na.omit pchisq pnorm sd
    Consider adding
     importFrom("stats", "cov", "na.omit", "pchisq", "pnorm", "sd")
    to your NAMESPACE file.
Flavors: r-devel-linux-x86_64-debian-clang, r-devel-linux-x86_64-debian-gcc, r-devel-windows-ix86+x86_64, r-patched-linux-x86_64, r-patched-solaris-sparc, r-patched-solaris-x86, r-release-linux-x86_64, r-release-osx-x86_64-mavericks, r-release-windows-ix86+x86_64

Version: 1.0
Flags: --no-stop-on-test-error
Check: DESCRIPTION meta-information
Result: NOTE
    Malformed Description field: should contain one or more complete sentences.
Flavors: r-devel-linux-x86_64-fedora-clang, r-devel-linux-x86_64-fedora-gcc, r-devel-macos-x86_64-clang

Version: 1.0
Flags: --no-stop-on-test-error
Check: dependencies in R code
Result: NOTE
    Package in Depends field not imported from: ‘mvtnorm’
     These packages need to be imported from (in the NAMESPACE file)
     for when this namespace is loaded but not attached.
Flavors: r-devel-linux-x86_64-fedora-clang, r-devel-linux-x86_64-fedora-gcc, r-devel-macos-x86_64-clang

Version: 1.0
Flags: --no-stop-on-test-error
Check: R code for possible problems
Result: NOTE
    ChiSquaredLRTest: no visible global function definition for ‘na.omit’
    ChiSquaredLRTest: no visible global function definition for ‘cov’
    ChiSquaredLRTest: no visible global function definition for ‘dmvnorm’
    ChiSquaredLRTest: no visible global function definition for ‘pchisq’
    NormalTheoryLRTest: no visible global function definition for ‘na.omit’
    NormalTheoryLRTest: no visible global function definition for ‘cov’
    NormalTheoryLRTest: no visible global function definition for ‘dmvnorm’
    NormalTheoryLRTest: no visible global function definition for ‘sd’
    NormalTheoryLRTest: no visible global function definition for ‘pnorm’
    Undefined global functions or variables:
     cov dmvnorm na.omit pchisq pnorm sd
    Consider adding
     importFrom("stats", "cov", "na.omit", "pchisq", "pnorm", "sd")
    to your NAMESPACE file.
Flavors: r-devel-linux-x86_64-fedora-clang, r-devel-linux-x86_64-fedora-gcc, r-devel-macos-x86_64-clang

Version: 1.0
Check: R code for possible problems
Result: NOTE
    ChiSquaredLRTest: no visible global function definition for 'dmvnorm'
    NormalTheoryLRTest: no visible global function definition for 'dmvnorm'
Flavor: r-oldrel-windows-ix86+x86_64