CRAN Package Check Results for Package SEMModComp

Last updated on 2015-04-26 00:47:35.

Flavor Version Tinstall Tcheck Ttotal Status Flags
r-devel-linux-x86_64-debian-clang 1.0 0.75 11.74 12.49 NOTE
r-devel-linux-x86_64-debian-gcc 1.0 0.63 11.50 12.13 NOTE
r-devel-linux-x86_64-fedora-clang 1.0 24.45 NOTE
r-devel-linux-x86_64-fedora-gcc 1.0 23.18 NOTE
r-devel-osx-x86_64-clang 1.0 26.68 NOTE
r-devel-windows-ix86+x86_64 1.0 3.00 25.00 28.00 NOTE
r-patched-linux-x86_64 1.0 0.65 11.77 12.42 NOTE
r-patched-solaris-sparc 1.0 157.00 NOTE
r-patched-solaris-x86 1.0 33.00 NOTE
r-release-linux-x86_64 1.0 0.60 11.61 12.21 NOTE
r-release-osx-x86_64-mavericks 1.0 NOTE
r-release-osx-x86_64-snowleopard 1.0 NOTE
r-release-windows-ix86+x86_64 1.0 2.00 23.00 25.00 NOTE
r-oldrel-windows-ix86+x86_64 1.0 5.00 27.00 32.00 NOTE

Check Details

Version: 1.0
Check: DESCRIPTION meta-information
Result: NOTE
    Malformed Description field: should contain one or more complete sentences.
Flavors: r-devel-windows-ix86+x86_64, r-release-windows-ix86+x86_64

Version: 1.0
Check: dependencies in R code
Result: NOTE
    Package in Depends field not imported from: 'mvtnorm'
     These packages need to be imported from (in the NAMESPACE file)
     for when this namespace is loaded but not attached.
Flavors: r-devel-windows-ix86+x86_64, r-release-windows-ix86+x86_64, r-oldrel-windows-ix86+x86_64

Version: 1.0
Check: R code for possible problems
Result: NOTE
    ChiSquaredLRTest: no visible global function definition for 'dmvnorm'
    NormalTheoryLRTest: no visible global function definition for 'dmvnorm'
Flavors: r-devel-windows-ix86+x86_64, r-release-windows-ix86+x86_64, r-oldrel-windows-ix86+x86_64