CRAN Package Check Results for Package SEMModComp

Last updated on 2017-12-15 08:49:04 CET.

Flavor Version Tinstall Tcheck Ttotal Status Flags
r-devel-linux-x86_64-debian-clang 1.0 0.60 21.60 22.20 NOTE
r-devel-linux-x86_64-debian-gcc 1.0 0.68 19.51 20.19 NOTE
r-devel-linux-x86_64-fedora-clang 1.0 29.02 NOTE
r-devel-linux-x86_64-fedora-gcc 1.0 62.02 NOTE
r-devel-windows-ix86+x86_64 1.0 6.00 49.00 55.00 NOTE
r-patched-linux-x86_64 1.0 0.81 22.70 23.51 NOTE
r-patched-solaris-x86 1.0 36.60 NOTE
r-release-linux-x86_64 1.0 0.83 22.17 23.00 NOTE
r-release-windows-ix86+x86_64 1.0 3.00 35.00 38.00 NOTE
r-release-osx-x86_64 1.0 NOTE
r-oldrel-windows-ix86+x86_64 1.0 5.00 46.00 51.00 NOTE
r-oldrel-osx-x86_64 1.0 NOTE

Check Details

Version: 1.0
Check: DESCRIPTION meta-information
Result: NOTE
    Malformed Description field: should contain one or more complete sentences.
Flavors: r-devel-linux-x86_64-debian-clang, r-devel-linux-x86_64-debian-gcc, r-devel-linux-x86_64-fedora-clang, r-devel-linux-x86_64-fedora-gcc, r-devel-windows-ix86+x86_64, r-patched-linux-x86_64, r-patched-solaris-x86, r-release-linux-x86_64, r-release-windows-ix86+x86_64, r-release-osx-x86_64, r-oldrel-windows-ix86+x86_64, r-oldrel-osx-x86_64

Version: 1.0
Check: dependencies in R code
Result: NOTE
    Package in Depends field not imported from: ‘mvtnorm’
     These packages need to be imported from (in the NAMESPACE file)
     for when this namespace is loaded but not attached.
Flavors: r-devel-linux-x86_64-debian-clang, r-devel-linux-x86_64-debian-gcc, r-devel-linux-x86_64-fedora-clang, r-devel-linux-x86_64-fedora-gcc, r-devel-windows-ix86+x86_64, r-patched-linux-x86_64, r-patched-solaris-x86, r-release-linux-x86_64, r-release-windows-ix86+x86_64, r-release-osx-x86_64, r-oldrel-windows-ix86+x86_64, r-oldrel-osx-x86_64

Version: 1.0
Check: R code for possible problems
Result: NOTE
    ChiSquaredLRTest: no visible global function definition for ‘na.omit’
    ChiSquaredLRTest: no visible global function definition for ‘cov’
    ChiSquaredLRTest: no visible global function definition for ‘dmvnorm’
    ChiSquaredLRTest: no visible global function definition for ‘pchisq’
    NormalTheoryLRTest: no visible global function definition for ‘na.omit’
    NormalTheoryLRTest: no visible global function definition for ‘cov’
    NormalTheoryLRTest: no visible global function definition for ‘dmvnorm’
    NormalTheoryLRTest: no visible global function definition for ‘sd’
    NormalTheoryLRTest: no visible global function definition for ‘pnorm’
    Undefined global functions or variables:
     cov dmvnorm na.omit pchisq pnorm sd
    Consider adding
     importFrom("stats", "cov", "na.omit", "pchisq", "pnorm", "sd")
    to your NAMESPACE file.
Flavors: r-devel-linux-x86_64-debian-clang, r-devel-linux-x86_64-debian-gcc, r-devel-linux-x86_64-fedora-clang, r-devel-linux-x86_64-fedora-gcc, r-devel-windows-ix86+x86_64, r-patched-linux-x86_64, r-patched-solaris-x86, r-release-linux-x86_64, r-release-windows-ix86+x86_64, r-release-osx-x86_64, r-oldrel-windows-ix86+x86_64, r-oldrel-osx-x86_64