CRAN Package Check Results for Package SEchart

Last updated on 2015-05-27 19:47:21.

Flavor Version Tinstall Tcheck Ttotal Status Flags
r-devel-linux-x86_64-debian-clang 0.1 0.74 13.48 14.22 NOTE
r-devel-linux-x86_64-debian-gcc 0.1 0.80 13.20 14.00 NOTE
r-devel-linux-x86_64-fedora-clang 0.1 26.90 NOTE
r-devel-linux-x86_64-fedora-gcc 0.1 25.26 NOTE
r-devel-osx-x86_64-clang 0.1 30.86 NOTE
r-devel-windows-ix86+x86_64 0.1 3.00 24.00 27.00 NOTE
r-patched-linux-x86_64 0.1 0.74 13.74 14.48 NOTE
r-patched-solaris-sparc 0.1 161.20 NOTE
r-patched-solaris-x86 0.1 38.60 NOTE
r-release-linux-x86_64 0.1 0.74 13.30 14.04 NOTE
r-release-osx-x86_64-mavericks 0.1 NOTE
r-release-osx-x86_64-snowleopard 0.1 NOTE
r-release-windows-ix86+x86_64 0.1 3.00 25.00 28.00 NOTE
r-oldrel-windows-ix86+x86_64 0.1 5.00 29.00 34.00 NOTE

Check Details

Version: 0.1
Check: dependencies in R code
Result: NOTE
    Package in Depends field not imported from: ‘JM’
     These packages need to be imported from (in the NAMESPACE file)
     for when this namespace is loaded but not attached.
Flavors: r-devel-linux-x86_64-debian-clang, r-devel-linux-x86_64-debian-gcc, r-devel-linux-x86_64-fedora-clang, r-devel-linux-x86_64-fedora-gcc, r-devel-osx-x86_64-clang, r-devel-windows-ix86+x86_64, r-patched-linux-x86_64, r-patched-solaris-sparc, r-patched-solaris-x86, r-release-linux-x86_64, r-release-osx-x86_64-mavericks, r-release-osx-x86_64-snowleopard, r-release-windows-ix86+x86_64, r-oldrel-windows-ix86+x86_64

Version: 0.1
Check: Rd cross-references
Result: NOTE
    Package unavailable to check Rd xrefs: ‘Hmisc’
Flavor: r-release-osx-x86_64-snowleopard