CRAN Package Check Results for Package SEchart

Last updated on 2015-04-18 19:51:35.

Flavor Version Tinstall Tcheck Ttotal Status Flags
r-devel-linux-x86_64-debian-clang 0.1 0.75 13.48 14.23 NOTE
r-devel-linux-x86_64-debian-gcc 0.1 0.78 13.26 14.04 NOTE
r-devel-linux-x86_64-fedora-clang 0.1 27.19 NOTE
r-devel-linux-x86_64-fedora-gcc 0.1 25.60 NOTE
r-devel-osx-x86_64-clang 0.1 31.54 NOTE
r-patched-linux-x86_64 0.1 0.93 13.35 14.28 NOTE
r-patched-solaris-sparc 0.1 177.60 NOTE
r-patched-solaris-x86 0.1 38.00 NOTE
r-release-linux-x86_64 0.1 0.74 13.50 14.24 NOTE
r-release-osx-x86_64-mavericks 0.1 NOTE
r-release-osx-x86_64-snowleopard 0.1 NOTE
r-release-windows-ix86+x86_64 0.1 2.00 25.00 27.00 NOTE
r-oldrel-windows-ix86+x86_64 0.1 5.00 35.00 40.00 NOTE

Check Details

Version: 0.1
Check: dependencies in R code
Result: NOTE
    Package in Depends field not imported from: ‘JM’
     These packages need to be imported from (in the NAMESPACE file)
     for when this namespace is loaded but not attached.
Flavors: r-devel-linux-x86_64-debian-clang, r-devel-linux-x86_64-debian-gcc, r-devel-linux-x86_64-fedora-clang, r-devel-linux-x86_64-fedora-gcc, r-devel-osx-x86_64-clang, r-patched-linux-x86_64, r-patched-solaris-sparc, r-patched-solaris-x86, r-release-linux-x86_64, r-release-osx-x86_64-mavericks, r-release-osx-x86_64-snowleopard, r-release-windows-ix86+x86_64

Version: 0.1
Check: Rd cross-references
Result: NOTE
    Package unavailable to check Rd xrefs: ‘Hmisc’
Flavors: r-release-osx-x86_64-mavericks, r-release-osx-x86_64-snowleopard

Version: 0.1
Check: dependencies in R code
Result: NOTE
    Package in Depends field not imported from: 'JM'
     These packages need to be imported from (in the NAMESPACE file)
     for when this namespace is loaded but not attached.
    See the information on DESCRIPTION files in the chapter 'Creating R
    packages' of the 'Writing R Extensions' manual.
Flavor: r-oldrel-windows-ix86+x86_64