CRAN Package Check Results for Package SEchart

Last updated on 2014-04-24 03:47:54.

Flavor Version Tinstall Tcheck Ttotal Status Flags
r-devel-linux-x86_64-debian-clang 0.1 1.01 16.16 17.18 NOTE
r-devel-linux-x86_64-debian-gcc 0.1 0.92 16.31 17.22 NOTE
r-devel-linux-x86_64-fedora-clang 0.1 31.96 NOTE
r-devel-linux-x86_64-fedora-gcc 0.1 29.75 NOTE
r-devel-osx-x86_64-clang 0.1 30.38 NOTE
r-devel-osx-x86_64-gcc 0.1 NOTE
r-devel-windows-ix86+x86_64 0.1 4.00 28.00 32.00 NOTE
r-patched-linux-x86_64 0.1 0.93 16.10 17.03 NOTE
r-patched-solaris-sparc 0.1 177.20 NOTE
r-patched-solaris-x86 0.1 42.90 NOTE
r-release-linux-ix86 0.1 2.00 32.00 34.00 NOTE
r-release-linux-x86_64 0.1 0.95 16.12 17.08 NOTE
r-release-osx-x86_64-mavericks 0.1 WARN
r-release-osx-x86_64-snowleopard 0.1 WARN
r-release-windows-ix86+x86_64 0.1 3.00 26.00 29.00 NOTE
r-oldrel-windows-ix86+x86_64 0.1 4.00 25.00 29.00 NOTE

Check Details

Version: 0.1
Check: dependencies in R code
Result: NOTE
    Package in Depends field not imported from: ‘JM’
     These packages need to be imported from (in the NAMESPACE file)
     for when this namespace is loaded but not attached.
    See the information on DESCRIPTION files in the chapter ‘Creating R
    packages’ of the ‘Writing R Extensions’ manual.
Flavors: r-devel-linux-x86_64-debian-clang, r-devel-linux-x86_64-debian-gcc, r-devel-linux-x86_64-fedora-clang, r-devel-linux-x86_64-fedora-gcc, r-devel-osx-x86_64-clang, r-devel-osx-x86_64-gcc, r-devel-windows-ix86+x86_64, r-patched-linux-x86_64, r-patched-solaris-sparc, r-patched-solaris-x86, r-release-linux-ix86, r-release-linux-x86_64, r-release-osx-x86_64-mavericks, r-release-windows-ix86+x86_64, r-oldrel-windows-ix86+x86_64

Version: 0.1
Check: Rd cross-references
Result: NOTE
    Package unavailable to check Rd xrefs: ‘Hmisc’
Flavor: r-devel-osx-x86_64-gcc

Version: 0.1
Check: PDF version of manual
Result: WARNING
    LaTeX errors when creating PDF version.
    This typically indicates Rd problems.
    LaTeX errors found:
    ! LaTeX Error: File `upquote.sty' not found.
    
    Type X to quit or <RETURN> to proceed,
    or enter new name. (Default extension: sty)
    
    48e9550a/Rd2.tex:8: ==> Fatal error occurred, no output PDF file produced!
Flavor: r-release-osx-x86_64-mavericks

Version: 0.1
Check: examples
Result: WARNING
    checking a package with encoding 'latin1' in an ASCII locale
    
     OK
Flavor: r-release-osx-x86_64-snowleopard