CRAN Package Check Results for Package SEchart

Last updated on 2015-09-02 19:47:51.

Flavor Version Tinstall Tcheck Ttotal Status Flags
r-devel-linux-x86_64-debian-clang 0.1 0.70 13.50 14.20 NOTE
r-devel-linux-x86_64-debian-gcc 0.1 0.68 13.31 13.99 NOTE
r-devel-linux-x86_64-fedora-clang 0.1 27.12 NOTE
r-devel-linux-x86_64-fedora-gcc 0.1 25.40 NOTE
r-devel-osx-x86_64-clang 0.1 25.60 NOTE
r-devel-windows-ix86+x86_64 0.1 4.00 42.00 46.00 NOTE
r-patched-linux-x86_64 0.1 0.77 13.98 14.76 NOTE
r-patched-solaris-sparc 0.1 179.10 NOTE
r-patched-solaris-x86 0.1 41.40 NOTE
r-release-linux-x86_64 0.1 0.84 14.08 14.92 NOTE
r-release-osx-x86_64-mavericks 0.1 NOTE
r-release-windows-ix86+x86_64 0.1 4.00 41.00 45.00 NOTE
r-oldrel-windows-ix86+x86_64 0.1 6.00 34.00 40.00 NOTE

Check Details

Version: 0.1
Check: dependencies in R code
Result: NOTE
    Package in Depends field not imported from: ‘JM’
     These packages need to be imported from (in the NAMESPACE file)
     for when this namespace is loaded but not attached.
Flavors: r-devel-linux-x86_64-debian-clang, r-devel-linux-x86_64-debian-gcc, r-devel-linux-x86_64-fedora-clang, r-devel-linux-x86_64-fedora-gcc, r-devel-osx-x86_64-clang, r-devel-windows-ix86+x86_64, r-patched-linux-x86_64, r-patched-solaris-sparc, r-patched-solaris-x86, r-release-linux-x86_64, r-release-osx-x86_64-mavericks, r-release-windows-ix86+x86_64, r-oldrel-windows-ix86+x86_64

Version: 0.1
Check: R code for possible problems
Result: NOTE
    SEchart: no visible global function definition for ‘plot’
    SEchart: no visible global function definition for ‘rect’
    SEchart: no visible global function definition for ‘par’
    SEchart: no visible global function definition for ‘grid’
    SEchart: no visible global function definition for ‘axis’
    SEchart: no visible global function definition for ‘text’
    SEchart: no visible global function definition for ‘lines’
    SEchart: no visible global function definition for ‘heat.colors’
    SEchart: no visible global function definition for ‘topo.colors’
    SEchart: no visible global function definition for ‘cm.colors’
    SEchart: no visible global function definition for ‘terrain.colors’
    SEchart: no visible global function definition for ‘gray.colors’
    SEchart: no visible global function definition for ‘rainbow’
    SEchart: no visible global function definition for ‘points’
    SEchart: no visible global function definition for ‘legend’
    Undefined global functions or variables:
     axis cm.colors gray.colors grid heat.colors legend lines par plot
     points rainbow rect terrain.colors text topo.colors
    Consider adding
     importFrom("grDevices", "cm.colors", "gray.colors", "heat.colors",
     "rainbow", "terrain.colors", "topo.colors")
     importFrom("graphics", "axis", "grid", "legend", "lines", "par",
     "plot", "points", "rect", "text")
    to your NAMESPACE.
Flavors: r-devel-linux-x86_64-debian-clang, r-devel-linux-x86_64-debian-gcc, r-devel-linux-x86_64-fedora-clang, r-devel-linux-x86_64-fedora-gcc, r-devel-windows-ix86+x86_64