CRAN Package Check Results for Package SEchart

Last updated on 2014-12-18 16:47:12.

Flavor Version Tinstall Tcheck Ttotal Status Flags
r-devel-linux-x86_64-debian-clang 0.1 0.87 15.62 16.49 NOTE
r-devel-linux-x86_64-debian-gcc 0.1 0.85 15.40 16.25 NOTE
r-devel-linux-x86_64-fedora-clang 0.1 33.69 NOTE
r-devel-linux-x86_64-fedora-gcc 0.1 31.04 NOTE
r-devel-osx-x86_64-clang 0.1 34.39 NOTE
r-devel-windows-ix86+x86_64 0.1 6.00 27.00 33.00 NOTE
r-patched-linux-x86_64 0.1 0.90 16.31 17.21 NOTE
r-patched-solaris-sparc 0.1 173.40 NOTE
r-patched-solaris-x86 0.1 44.10 NOTE
r-release-linux-ix86 0.1 1.19 21.76 22.96 NOTE
r-release-linux-x86_64 0.1 1.03 15.87 16.90 NOTE
r-release-osx-x86_64-mavericks 0.1 NOTE
r-release-osx-x86_64-snowleopard 0.1 WARN
r-release-windows-ix86+x86_64 0.1 4.00 27.00 31.00 NOTE
r-oldrel-windows-ix86+x86_64 0.1 5.00 26.00 31.00 NOTE

Check Details

Version: 0.1
Check: dependencies in R code
Result: NOTE
    Package in Depends field not imported from: ‘JM’
     These packages need to be imported from (in the NAMESPACE file)
     for when this namespace is loaded but not attached.
    See the information on DESCRIPTION files in the chapter ‘Creating R
    packages’ of the ‘Writing R Extensions’ manual.
Flavors: r-devel-linux-x86_64-debian-clang, r-devel-linux-x86_64-debian-gcc, r-devel-linux-x86_64-fedora-clang, r-devel-linux-x86_64-fedora-gcc, r-devel-osx-x86_64-clang, r-devel-windows-ix86+x86_64, r-patched-linux-x86_64, r-patched-solaris-sparc, r-patched-solaris-x86, r-release-linux-ix86, r-release-linux-x86_64, r-release-osx-x86_64-mavericks, r-release-windows-ix86+x86_64, r-oldrel-windows-ix86+x86_64

Version: 0.1
Check: examples
Result: WARN
    checking a package with encoding 'latin1' in an ASCII locale
    
     OK
Flavor: r-release-osx-x86_64-snowleopard