CRAN Package Check Results for Package SEchart

Last updated on 2015-03-30 11:48:27.

Flavor Version Tinstall Tcheck Ttotal Status Flags
r-devel-linux-x86_64-debian-clang 0.1 0.75 13.41 14.16 NOTE
r-devel-linux-x86_64-debian-gcc 0.1 0.91 13.22 14.13 NOTE
r-devel-linux-x86_64-fedora-clang 0.1 27.19 NOTE
r-devel-linux-x86_64-fedora-gcc 0.1 25.27 NOTE
r-devel-osx-x86_64-clang 0.1 34.19 NOTE
r-prerel-windows-ix86+x86_64 0.1 4.00 23.00 27.00 NOTE
r-prerel-linux-x86_64 0.1 0.74 13.72 14.46 NOTE
r-prerel-solaris-sparc 0.1 177.60 NOTE
r-prerel-solaris-x86 0.1 37.80 NOTE
r-release-linux-x86_64 0.1 1.32 16.08 17.40 NOTE
r-release-osx-x86_64-mavericks 0.1 NOTE
r-release-osx-x86_64-snowleopard 0.1 WARN
r-release-windows-ix86+x86_64 0.1 5.00 30.00 35.00 NOTE
r-oldrel-windows-ix86+x86_64 0.1 5.00 49.00 54.00 NOTE

Check Details

Version: 0.1
Check: dependencies in R code
Result: NOTE
    Package in Depends field not imported from: ‘JM’
     These packages need to be imported from (in the NAMESPACE file)
     for when this namespace is loaded but not attached.
Flavors: r-devel-linux-x86_64-debian-clang, r-devel-linux-x86_64-debian-gcc, r-devel-linux-x86_64-fedora-clang, r-devel-linux-x86_64-fedora-gcc, r-devel-osx-x86_64-clang, r-prerel-windows-ix86+x86_64, r-prerel-linux-x86_64, r-prerel-solaris-sparc, r-prerel-solaris-x86, r-release-linux-x86_64, r-release-windows-ix86+x86_64

Version: 0.1
Check: dependencies in R code
Result: NOTE
    Package in Depends field not imported from: ‘JM’
     These packages need to be imported from (in the NAMESPACE file)
     for when this namespace is loaded but not attached.
    See the information on DESCRIPTION files in the chapter ‘Creating R
    packages’ of the ‘Writing R Extensions’ manual.
Flavors: r-release-osx-x86_64-mavericks, r-oldrel-windows-ix86+x86_64

Version: 0.1
Check: examples
Result: WARN
    checking a package with encoding 'latin1' in an ASCII locale
    
     OK
Flavor: r-release-osx-x86_64-snowleopard