CRAN Package Check Results for Package SEchart

Last updated on 2014-10-31 11:47:33.

Flavor Version Tinstall Tcheck Ttotal Status Flags
r-devel-linux-x86_64-debian-clang 0.1 0.87 16.07 16.94 NOTE
r-devel-linux-x86_64-debian-gcc 0.1 0.86 15.75 16.60 NOTE
r-devel-linux-x86_64-fedora-clang 0.1 31.72 NOTE
r-devel-linux-x86_64-fedora-gcc 0.1 29.91 NOTE
r-devel-osx-x86_64-clang 0.1 34.73 NOTE
r-devel-windows-ix86+x86_64 0.1 4.00 25.00 29.00 NOTE
r-patched-linux-x86_64 0.1 0.97 15.90 16.86 NOTE
r-patched-solaris-sparc 0.1 173.40 NOTE
r-patched-solaris-x86 0.1 44.80 NOTE
r-release-linux-ix86 0.1 1.28 22.22 23.50 NOTE
r-release-linux-x86_64 0.1 0.89 16.32 17.21 NOTE
r-release-osx-x86_64-mavericks 0.1 NOTE
r-release-osx-x86_64-snowleopard 0.1 WARN
r-release-windows-ix86+x86_64 0.1 4.00 26.00 30.00 NOTE
r-oldrel-windows-ix86+x86_64 0.1 4.00 28.00 32.00 NOTE

Check Details

Version: 0.1
Check: dependencies in R code
Result: NOTE
    Package in Depends field not imported from: ‘JM’
     These packages need to be imported from (in the NAMESPACE file)
     for when this namespace is loaded but not attached.
    See the information on DESCRIPTION files in the chapter ‘Creating R
    packages’ of the ‘Writing R Extensions’ manual.
Flavors: r-devel-linux-x86_64-debian-clang, r-devel-linux-x86_64-debian-gcc, r-devel-linux-x86_64-fedora-clang, r-devel-linux-x86_64-fedora-gcc, r-devel-osx-x86_64-clang, r-devel-windows-ix86+x86_64, r-patched-linux-x86_64, r-patched-solaris-sparc, r-patched-solaris-x86, r-release-linux-ix86, r-release-linux-x86_64, r-release-osx-x86_64-mavericks, r-release-windows-ix86+x86_64, r-oldrel-windows-ix86+x86_64

Version: 0.1
Check: examples
Result: WARN
    checking a package with encoding 'latin1' in an ASCII locale
    
     OK
Flavor: r-release-osx-x86_64-snowleopard