CRAN Package Check Results for Package SEchart

Last updated on 2014-09-03 08:53:41.

Flavor Version Tinstall Tcheck Ttotal Status Flags
r-devel-linux-x86_64-debian-clang 0.1 0.86 14.61 15.48 NOTE
r-devel-linux-x86_64-debian-gcc 0.1 0.80 14.26 15.06 NOTE
r-devel-linux-x86_64-fedora-clang 0.1 29.80 NOTE
r-devel-linux-x86_64-fedora-gcc 0.1 27.59 NOTE
r-devel-osx-x86_64-clang 0.1 29.34 NOTE
r-devel-windows-ix86+x86_64 0.1 4.00 27.00 31.00 NOTE
r-patched-linux-x86_64 0.1 0.94 15.36 16.29 NOTE
r-patched-solaris-sparc 0.1 173.40 NOTE
r-patched-solaris-x86 0.1 41.60 NOTE
r-release-linux-ix86 0.1 1.21 22.38 23.59 NOTE
r-release-linux-x86_64 0.1 0.90 15.64 16.54 NOTE
r-release-osx-x86_64-mavericks 0.1 NOTE
r-release-osx-x86_64-snowleopard 0.1 WARN
r-release-windows-ix86+x86_64 0.1 4.00 26.00 30.00 NOTE
r-oldrel-windows-ix86+x86_64 0.1 5.00 28.00 33.00 NOTE

Check Details

Version: 0.1
Check: dependencies in R code
Result: NOTE
    Package in Depends field not imported from: ‘JM’
     These packages need to be imported from (in the NAMESPACE file)
     for when this namespace is loaded but not attached.
    See the information on DESCRIPTION files in the chapter ‘Creating R
    packages’ of the ‘Writing R Extensions’ manual.
Flavors: r-devel-linux-x86_64-debian-clang, r-devel-linux-x86_64-debian-gcc, r-devel-linux-x86_64-fedora-clang, r-devel-linux-x86_64-fedora-gcc, r-devel-osx-x86_64-clang, r-devel-windows-ix86+x86_64, r-patched-linux-x86_64, r-patched-solaris-sparc, r-patched-solaris-x86, r-release-linux-ix86, r-release-linux-x86_64, r-release-osx-x86_64-mavericks, r-release-windows-ix86+x86_64, r-oldrel-windows-ix86+x86_64

Version: 0.1
Check: examples
Result: WARN
    checking a package with encoding 'latin1' in an ASCII locale
    
     OK
Flavor: r-release-osx-x86_64-snowleopard