CRAN Package Check Results for Package SEset

Last updated on 2024-06-19 01:48:31 CEST.

Flavor Version Tinstall Tcheck Ttotal Status Flags
r-devel-linux-x86_64-debian-clang 1.0.1 2.87 39.64 42.51 NOTE
r-devel-linux-x86_64-debian-gcc 1.0.1 1.70 29.76 31.46 NOTE
r-devel-linux-x86_64-fedora-clang 1.0.1 56.70 NOTE
r-devel-linux-x86_64-fedora-gcc 1.0.1 49.49 NOTE
r-devel-windows-x86_64 1.0.1 3.00 59.00 62.00 NOTE
r-patched-linux-x86_64 1.0.1 3.06 37.63 40.69 NOTE
r-release-linux-x86_64 1.0.1 1.60 38.65 40.25 NOTE
r-release-macos-arm64 1.0.1 21.00 NOTE
r-release-macos-x86_64 1.0.1 30.00 NOTE
r-release-windows-x86_64 1.0.1 3.00 57.00 60.00 NOTE
r-oldrel-macos-arm64 1.0.1 23.00 NOTE
r-oldrel-macos-x86_64 1.0.1 29.00 NOTE
r-oldrel-windows-x86_64 1.0.1 4.00 63.00 67.00 NOTE

Check Details

Version: 1.0.1
Check: Rd files
Result: NOTE checkRd: (-1) SEset_to_network.Rd:50: Escaped LaTeX specials: \& checkRd: (-1) network_to_SEset.Rd:72: Escaped LaTeX specials: \& checkRd: (-1) network_to_path.Rd:50: Escaped LaTeX specials: \& checkRd: (-1) path_to_network.Rd:29: Escaped LaTeX specials: \& Flavors: r-devel-linux-x86_64-debian-clang, r-devel-linux-x86_64-debian-gcc, r-devel-linux-x86_64-fedora-clang, r-devel-linux-x86_64-fedora-gcc, r-devel-windows-x86_64, r-patched-linux-x86_64, r-release-linux-x86_64, r-release-macos-arm64, r-release-macos-x86_64, r-release-windows-x86_64, r-oldrel-macos-arm64, r-oldrel-macos-x86_64, r-oldrel-windows-x86_64