CRAN Package Check Results for Package SGCS

Last updated on 2017-03-27 21:49:12.

Flavor Version Tinstall Tcheck Ttotal Status Flags
r-devel-linux-x86_64-debian-clang 2.5 11.49 37.03 48.52 NOTE
r-devel-linux-x86_64-debian-gcc 2.5 9.15 36.74 45.89 NOTE
r-devel-linux-x86_64-fedora-clang 2.5 104.67 NOTE --no-stop-on-test-error
r-devel-linux-x86_64-fedora-gcc 2.5 97.92 NOTE --no-stop-on-test-error
r-devel-macos-x86_64-clang 2.5 75.73 NOTE --no-stop-on-test-error
r-devel-windows-ix86+x86_64 2.5 36.00 98.00 134.00 OK
r-patched-linux-x86_64 2.5 8.51 36.59 45.10 NOTE
r-patched-solaris-sparc 2.5 590.80 OK
r-patched-solaris-x86 2.5 142.00 OK
r-release-linux-x86_64 2.5 8.44 32.77 41.21 OK
r-release-osx-x86_64-mavericks 2.5 OK
r-release-windows-ix86+x86_64 2.5 53.00 83.00 136.00 OK
r-oldrel-windows-ix86+x86_64 2.5 58.00 83.00 141.00 OK

Check Details

Version: 2.5
Check: compiled code
Result: NOTE
    File ‘SGCS/libs/SGCS.so’:
     Found no calls to: ‘R_registerRoutines’, ‘R_useDynamicSymbols’
    
    It is good practice to register native routines and to disable symbol
    search.
    
    See ‘Writing portable packages’ in the ‘Writing R Extensions’ manual.
Flavors: r-devel-linux-x86_64-debian-clang, r-devel-linux-x86_64-debian-gcc, r-patched-linux-x86_64

Version: 2.5
Flags: --no-stop-on-test-error
Check: compiled code
Result: NOTE
    File ‘SGCS/libs/SGCS.so’:
     Found no calls to: ‘R_registerRoutines’, ‘R_useDynamicSymbols’
    
    It is good practice to register native routines and to disable symbol
    search.
    
    See ‘Writing portable packages’ in the ‘Writing R Extensions’ manual.
Flavors: r-devel-linux-x86_64-fedora-clang, r-devel-linux-x86_64-fedora-gcc, r-devel-macos-x86_64-clang