CRAN Package Check Results for Package SGCS

Last updated on 2014-04-23 17:47:54.

Flavor Version Tinstall Tcheck Ttotal Status Flags
r-devel-linux-x86_64-debian-clang 2.0 6.34 45.55 51.88 OK
r-devel-linux-x86_64-debian-gcc 2.0 7.29 44.93 52.22 OK
r-devel-linux-x86_64-fedora-clang 2.0 124.70 OK
r-devel-linux-x86_64-fedora-gcc 2.0 118.94 OK
r-devel-osx-x86_64-clang 2.0 94.17 OK
r-devel-osx-x86_64-gcc 2.0 OK
r-devel-windows-ix86+x86_64 2.0 30.00 86.00 116.00 OK
r-patched-linux-x86_64 2.0 7.14 44.77 51.91 OK
r-patched-solaris-sparc 2.0 669.20 OK
r-patched-solaris-x86 2.0 156.10 OK
r-release-linux-ix86 2.0 11.00 72.00 83.00 OK
r-release-linux-x86_64 2.0 7.09 45.12 52.21 OK
r-release-osx-x86_64-mavericks 2.0 WARN
r-release-osx-x86_64-snowleopard 2.0 OK
r-release-windows-ix86+x86_64 2.0 25.00 83.00 108.00 OK
r-oldrel-windows-ix86+x86_64 2.0 28.00 87.00 115.00 OK

Check Details

Version: 2.0
Check: PDF version of manual
Result: WARNING
    LaTeX errors when creating PDF version.
    This typically indicates Rd problems.
    LaTeX errors found:
    ! LaTeX Error: File `upquote.sty' not found.
    
    Type X to quit or <RETURN> to proceed,
    or enter new name. (Default extension: sty)
    
    3e4abf94/Rd2.tex:8: ==> Fatal error occurred, no output PDF file produced!
Flavor: r-release-osx-x86_64-mavericks