CRAN Package Check Results for Package SGCS

Last updated on 2015-04-18 19:51:35.

Flavor Version Tinstall Tcheck Ttotal Status Flags
r-devel-linux-x86_64-debian-clang 2.3 5.68 35.44 41.12 OK
r-devel-linux-x86_64-debian-gcc 2.3 7.13 35.24 42.37 OK
r-devel-linux-x86_64-fedora-clang 2.3 87.27 OK
r-devel-linux-x86_64-fedora-gcc 2.3 81.26 OK
r-devel-osx-x86_64-clang 2.3 75.93 OK
r-patched-linux-x86_64 2.3 6.36 35.99 42.35 OK
r-patched-solaris-sparc 2.3 496.30 OK
r-patched-solaris-x86 2.3 116.40 OK
r-release-linux-x86_64 2.3 6.51 34.82 41.33 OK
r-release-osx-x86_64-mavericks 2.3 OK
r-release-osx-x86_64-snowleopard 2.3 OK
r-release-windows-ix86+x86_64 2.3 25.00 87.00 112.00 OK
r-oldrel-windows-ix86+x86_64 2.3 29.00 119.00 148.00 NOTE

Check Details

Version: 2.3
Check: R code for possible problems
Result: NOTE
    internalise_pp: no visible global function definition for 'area'
    morphoArea: no visible binding for global variable 'area'
    morphoLength: no visible binding for global variable 'area'
    translation_weights: no visible global function definition for 'area'
Flavor: r-oldrel-windows-ix86+x86_64