CRAN Package Check Results for Package SGCS

Last updated on 2017-02-25 03:48:40.

Flavor Version Tinstall Tcheck Ttotal Status Flags
r-devel-linux-x86_64-debian-clang 2.5 8.99 36.55 45.54 NOTE
r-devel-linux-x86_64-debian-gcc 2.5 9.16 36.81 45.97 NOTE
r-devel-linux-x86_64-fedora-clang 2.5 101.13 NOTE --no-stop-on-test-error
r-devel-linux-x86_64-fedora-gcc 2.5 96.71 NOTE --no-stop-on-test-error
r-devel-macos-x86_64-clang 2.5 75.98 NOTE --no-stop-on-test-error
r-devel-windows-ix86+x86_64 2.5 76.00 82.00 158.00 OK
r-patched-linux-x86_64 2.5 8.51 32.94 41.45 OK
r-patched-solaris-sparc 2.5 493.10 OK
r-patched-solaris-x86 2.5 126.20 OK
r-release-linux-x86_64 2.5 8.31 32.81 41.12 OK
r-release-osx-x86_64-mavericks 2.5 OK
r-release-windows-ix86+x86_64 2.5 51.00 79.00 130.00 OK
r-oldrel-windows-ix86+x86_64 2.5 77.00 167.00 244.00 OK

Check Details

Version: 2.5
Check: compiled code
Result: NOTE
    File ‘SGCS/libs/SGCS.so’:
     Found no calls to: ‘R_registerRoutines’, ‘R_useDynamicSymbols’
    
    It is good practice to register native routines and to disable symbol
    search.
    
    See ‘Writing portable packages’ in the ‘Writing R Extensions’ manual.
Flavors: r-devel-linux-x86_64-debian-clang, r-devel-linux-x86_64-debian-gcc

Version: 2.5
Flags: --no-stop-on-test-error
Check: compiled code
Result: NOTE
    File ‘SGCS/libs/SGCS.so’:
     Found no calls to: ‘R_registerRoutines’, ‘R_useDynamicSymbols’
    
    It is good practice to register native routines and to disable symbol
    search.
    
    See ‘Writing portable packages’ in the ‘Writing R Extensions’ manual.
Flavors: r-devel-linux-x86_64-fedora-clang, r-devel-linux-x86_64-fedora-gcc, r-devel-macos-x86_64-clang