CRAN Package Check Results for Package SGCS

Last updated on 2015-03-30 07:48:39.

Flavor Version Tinstall Tcheck Ttotal Status Flags
r-devel-linux-x86_64-debian-clang 2.3 5.60 35.32 40.92 OK
r-devel-linux-x86_64-debian-gcc 2.3 6.18 34.34 40.52 OK
r-devel-linux-x86_64-fedora-clang 2.3 86.43 OK
r-devel-linux-x86_64-fedora-gcc 2.3 80.74 OK
r-devel-osx-x86_64-clang 2.3 77.83 OK
r-prerel-windows-ix86+x86_64 2.3 24.00 68.00 92.00 OK
r-prerel-linux-x86_64 2.3 6.10 34.93 41.02 OK
r-prerel-solaris-sparc 2.3 496.30 OK
r-prerel-solaris-x86 2.3 111.30 OK
r-release-linux-x86_64 2.3 7.34 44.43 51.76 OK
r-release-osx-x86_64-mavericks 2.3 OK
r-release-osx-x86_64-snowleopard 2.3 OK
r-release-windows-ix86+x86_64 2.3 26.00 92.00 118.00 OK
r-oldrel-windows-ix86+x86_64 2.3 31.00 83.00 114.00 NOTE

Check Details

Version: 2.3
Check: R code for possible problems
Result: NOTE
    internalise_pp: no visible global function definition for 'area'
    morphoArea: no visible binding for global variable 'area'
    morphoLength: no visible binding for global variable 'area'
    translation_weights: no visible global function definition for 'area'
Flavor: r-oldrel-windows-ix86+x86_64