CRAN Package Check Results for Package SGL

Last updated on 2015-05-24 15:47:03.

Flavor Version Tinstall Tcheck Ttotal Status Flags
r-devel-linux-x86_64-debian-clang 1.1 1.39 12.15 13.54 NOTE
r-devel-linux-x86_64-debian-gcc 1.1 1.61 11.66 13.27 NOTE
r-devel-linux-x86_64-fedora-clang 1.1 25.69 NOTE
r-devel-linux-x86_64-fedora-gcc 1.1 23.80 NOTE
r-devel-osx-x86_64-clang 1.1 27.49 OK
r-devel-windows-ix86+x86_64 1.1 8.00 31.00 39.00 OK
r-patched-linux-x86_64 1.1 1.63 11.93 13.56 NOTE
r-patched-solaris-sparc 1.1 172.90 OK
r-patched-solaris-x86 1.1 38.60 OK
r-release-linux-x86_64 1.1 1.54 12.08 13.62 NOTE
r-release-osx-x86_64-mavericks 1.1 OK
r-release-osx-x86_64-snowleopard 1.1 OK
r-release-windows-ix86+x86_64 1.1 6.00 33.00 39.00 OK
r-oldrel-windows-ix86+x86_64 1.1 12.00 33.00 45.00 OK

Check Details

Version: 1.1
Check: Rd line widths
Result: NOTE
    Rd file 'SGL.Rd':
     \usage lines wider than 90 characters:
     SGL(data, index, type = "linear", maxit = 1000, thresh = 0.001, min.frac = 0.1, nlam = 20, gamma = 0.8, standardize = TRUE, verbose = F ... [TRUNCATED]
    
    Rd file 'cvSGL.Rd':
     \usage lines wider than 90 characters:
     cvSGL(data, index, type = "linear", maxit = 1000, thresh = 0.001, min.frac = 0.05, nlam = 20, gamma = 0.8, nfold = 10, standardize = TR ... [TRUNCATED]
    
    These lines will be truncated in the PDF manual.
Flavors: r-devel-linux-x86_64-debian-clang, r-devel-linux-x86_64-debian-gcc, r-devel-linux-x86_64-fedora-clang, r-devel-linux-x86_64-fedora-gcc, r-patched-linux-x86_64, r-release-linux-x86_64