CRAN Package Check Results for Package SGL

Last updated on 2015-08-01 03:49:12.

Flavor Version Tinstall Tcheck Ttotal Status Flags
r-devel-linux-x86_64-debian-clang 1.1 1.31 11.71 13.02 NOTE
r-devel-linux-x86_64-debian-gcc 1.1 1.60 11.51 13.12 NOTE
r-devel-linux-x86_64-fedora-clang 1.1 24.51 NOTE
r-devel-linux-x86_64-fedora-gcc 1.1 23.12 NOTE
r-devel-osx-x86_64-clang 1.1 24.97 OK
r-devel-windows-ix86+x86_64 1.1 9.00 32.00 41.00 NOTE
r-patched-linux-x86_64 1.1 1.64 11.78 13.42 NOTE
r-patched-solaris-sparc 1.1 171.00 OK
r-patched-solaris-x86 1.1 37.90 OK
r-release-linux-x86_64 1.1 1.57 11.86 13.44 NOTE
r-release-osx-x86_64-mavericks 1.1 OK
r-release-windows-ix86+x86_64 1.1 9.00 31.00 40.00 OK
r-oldrel-windows-ix86+x86_64 1.1 12.00 33.00 45.00 OK

Check Details

Version: 1.1
Check: R code for possible problems
Result: NOTE
    coxCrossVal: no visible binding for global variable ‘sd’
    error.bars: no visible global function definition for ‘segments’
    linCrossVal: no visible binding for global variable ‘sd’
    logitCrossVal: no visible binding for global variable ‘sd’
    plot.cv.SGL: no visible global function definition for ‘points’
    Undefined global functions or variables:
     points sd segments
    Consider adding
     importFrom("graphics", "points", "segments")
     importFrom("stats", "sd")
    to your NAMESPACE.
Flavors: r-devel-linux-x86_64-debian-clang, r-devel-linux-x86_64-debian-gcc, r-devel-linux-x86_64-fedora-clang, r-devel-linux-x86_64-fedora-gcc, r-devel-windows-ix86+x86_64

Version: 1.1
Check: Rd line widths
Result: NOTE
    Rd file 'SGL.Rd':
     \usage lines wider than 90 characters:
     SGL(data, index, type = "linear", maxit = 1000, thresh = 0.001, min.frac = 0.1, nlam = 20, gamma = 0.8, standardize = TRUE, verbose = F ... [TRUNCATED]
    
    Rd file 'cvSGL.Rd':
     \usage lines wider than 90 characters:
     cvSGL(data, index, type = "linear", maxit = 1000, thresh = 0.001, min.frac = 0.05, nlam = 20, gamma = 0.8, nfold = 10, standardize = TR ... [TRUNCATED]
    
    These lines will be truncated in the PDF manual.
Flavors: r-devel-linux-x86_64-debian-clang, r-devel-linux-x86_64-debian-gcc, r-devel-linux-x86_64-fedora-clang, r-devel-linux-x86_64-fedora-gcc, r-patched-linux-x86_64, r-release-linux-x86_64