CRAN Package Check Results for Package SGL

Last updated on 2015-03-29 06:50:01.

Flavor Version Tinstall Tcheck Ttotal Status Flags
r-devel-linux-x86_64-debian-clang 1.1 1.56 12.10 13.66 NOTE
r-devel-linux-x86_64-debian-gcc 1.1 1.66 12.50 14.16 NOTE
r-devel-linux-x86_64-fedora-clang 1.1 25.78 NOTE
r-devel-linux-x86_64-fedora-gcc 1.1 23.11 NOTE
r-devel-osx-x86_64-clang 1.1 30.41 OK
r-prerel-windows-ix86+x86_64 1.1 11.00 31.00 42.00 OK
r-prerel-linux-x86_64 1.1 1.58 12.26 13.84 NOTE
r-prerel-solaris-sparc 1.1 187.10 OK
r-prerel-solaris-x86 1.1 37.70 OK
r-release-linux-x86_64 1.1 1.71 12.74 14.45 NOTE
r-release-osx-x86_64-mavericks 1.1 OK
r-release-windows-ix86+x86_64 1.1 12.00 33.00 45.00 OK
r-oldrel-windows-ix86+x86_64 1.1 7.00 32.00 39.00 OK

Check Details

Version: 1.1
Check: Rd line widths
Result: NOTE
    Rd file 'SGL.Rd':
     \usage lines wider than 90 characters:
     SGL(data, index, type = "linear", maxit = 1000, thresh = 0.001, min.frac = 0.1, nlam = 20, gamma = 0.8, standardize = TRUE, verbose = F ... [TRUNCATED]
    
    Rd file 'cvSGL.Rd':
     \usage lines wider than 90 characters:
     cvSGL(data, index, type = "linear", maxit = 1000, thresh = 0.001, min.frac = 0.05, nlam = 20, gamma = 0.8, nfold = 10, standardize = TR ... [TRUNCATED]
    
    These lines will be truncated in the PDF manual.
Flavors: r-devel-linux-x86_64-debian-clang, r-devel-linux-x86_64-debian-gcc, r-devel-linux-x86_64-fedora-clang, r-devel-linux-x86_64-fedora-gcc, r-prerel-linux-x86_64, r-release-linux-x86_64