CRAN Package Check Results for Package SGL

Last updated on 2015-04-19 23:49:27.

Flavor Version Tinstall Tcheck Ttotal Status Flags
r-devel-linux-x86_64-debian-clang 1.1 1.38 12.24 13.62 NOTE
r-devel-linux-x86_64-debian-gcc 1.1 1.58 11.85 13.42 NOTE
r-devel-linux-x86_64-fedora-clang 1.1 25.48 NOTE
r-devel-linux-x86_64-fedora-gcc 1.1 23.47 NOTE
r-devel-osx-x86_64-clang 1.1 28.42 OK
r-devel-windows-ix86+x86_64 1.1 8.00 32.00 40.00 OK
r-patched-linux-x86_64 1.1 1.58 11.81 13.39 NOTE
r-patched-solaris-sparc 1.1 187.10 OK
r-patched-solaris-x86 1.1 38.20 OK
r-release-linux-x86_64 1.1 1.60 12.18 13.79 NOTE
r-release-osx-x86_64-mavericks 1.1 OK
r-release-osx-x86_64-snowleopard 1.1 OK
r-release-windows-ix86+x86_64 1.1 6.00 33.00 39.00 OK
r-oldrel-windows-ix86+x86_64 1.1 12.00 33.00 45.00 OK

Check Details

Version: 1.1
Check: Rd line widths
Result: NOTE
    Rd file 'SGL.Rd':
     \usage lines wider than 90 characters:
     SGL(data, index, type = "linear", maxit = 1000, thresh = 0.001, min.frac = 0.1, nlam = 20, gamma = 0.8, standardize = TRUE, verbose = F ... [TRUNCATED]
    
    Rd file 'cvSGL.Rd':
     \usage lines wider than 90 characters:
     cvSGL(data, index, type = "linear", maxit = 1000, thresh = 0.001, min.frac = 0.05, nlam = 20, gamma = 0.8, nfold = 10, standardize = TR ... [TRUNCATED]
    
    These lines will be truncated in the PDF manual.
Flavors: r-devel-linux-x86_64-debian-clang, r-devel-linux-x86_64-debian-gcc, r-devel-linux-x86_64-fedora-clang, r-devel-linux-x86_64-fedora-gcc, r-patched-linux-x86_64, r-release-linux-x86_64