CRAN Package Check Results for Package SGL

Last updated on 2016-08-24 23:48:45.

Flavor Version Tinstall Tcheck Ttotal Status Flags
r-devel-linux-x86_64-debian-clang 1.1 1.88 12.28 14.16 NOTE
r-devel-linux-x86_64-debian-gcc 1.1 1.68 12.18 13.86 NOTE
r-devel-linux-x86_64-fedora-clang 1.1 24.49 NOTE
r-devel-linux-x86_64-fedora-gcc 1.1 22.04 NOTE
r-devel-osx-x86_64-clang 1.1 21.42 NOTE
r-devel-windows-ix86+x86_64 1.1 14.00 53.00 67.00 NOTE
r-patched-linux-x86_64 1.1 1.64 12.10 13.74 NOTE
r-patched-solaris-sparc 1.1 160.70 NOTE
r-patched-solaris-x86 1.1 34.10 NOTE
r-release-linux-x86_64 1.1 1.75 12.32 14.07 NOTE
r-release-osx-x86_64-mavericks 1.1 NOTE
r-release-windows-ix86+x86_64 1.1 11.00 52.00 63.00 NOTE
r-oldrel-windows-ix86+x86_64 1.1 8.00 31.00 39.00 OK

Check Details

Version: 1.1
Check: R code for possible problems
Result: NOTE
    coxCrossVal: no visible binding for global variable ‘sd’
    error.bars: no visible global function definition for ‘segments’
    linCrossVal: no visible binding for global variable ‘sd’
    logitCrossVal: no visible binding for global variable ‘sd’
    plot.cv.SGL: no visible global function definition for ‘points’
    Undefined global functions or variables:
     points sd segments
    Consider adding
     importFrom("graphics", "points", "segments")
     importFrom("stats", "sd")
    to your NAMESPACE file.
Flavors: r-devel-linux-x86_64-debian-clang, r-devel-linux-x86_64-debian-gcc, r-devel-linux-x86_64-fedora-clang, r-devel-linux-x86_64-fedora-gcc, r-devel-osx-x86_64-clang, r-devel-windows-ix86+x86_64, r-patched-linux-x86_64, r-patched-solaris-sparc, r-patched-solaris-x86, r-release-linux-x86_64, r-release-osx-x86_64-mavericks, r-release-windows-ix86+x86_64

Version: 1.1
Check: Rd line widths
Result: NOTE
    Rd file 'SGL.Rd':
     \usage lines wider than 90 characters:
     SGL(data, index, type = "linear", maxit = 1000, thresh = 0.001, min.frac = 0.1, nlam = 20, gamma = 0.8, standardize = TRUE, verbose = F ... [TRUNCATED]
    
    Rd file 'cvSGL.Rd':
     \usage lines wider than 90 characters:
     cvSGL(data, index, type = "linear", maxit = 1000, thresh = 0.001, min.frac = 0.05, nlam = 20, gamma = 0.8, nfold = 10, standardize = TR ... [TRUNCATED]
    
    These lines will be truncated in the PDF manual.
Flavors: r-devel-linux-x86_64-debian-clang, r-devel-linux-x86_64-debian-gcc, r-devel-linux-x86_64-fedora-clang, r-devel-linux-x86_64-fedora-gcc, r-patched-linux-x86_64, r-release-linux-x86_64