CRAN Package Check Results for Package SGP

Last updated on 2014-07-31 11:51:17.

Flavor Version Tinstall Tcheck Ttotal Status Flags
r-devel-linux-x86_64-debian-clang 1.2-0.0 23.71 97.52 121.23 NOTE
r-devel-linux-x86_64-debian-gcc 1.2-0.0 23.46 97.00 120.46 NOTE
r-devel-linux-x86_64-fedora-clang 1.2-0.0 246.98 NOTE
r-devel-linux-x86_64-fedora-gcc 1.2-0.0 230.92 NOTE
r-devel-osx-x86_64-clang 1.2-0.0 189.57 NOTE
r-devel-windows-ix86+x86_64 1.2-0.0 41.00 134.00 175.00 NOTE
r-patched-linux-x86_64 1.2-0.0 23.47 97.15 120.62 NOTE
r-patched-solaris-sparc 1.2-0.0 1503.20 NOTE
r-patched-solaris-x86 1.2-0.0 274.90 NOTE
r-release-linux-ix86 1.2-0.0 27.70 115.80 143.50 NOTE
r-release-linux-x86_64 1.2-0.0 25.10 101.99 127.08 NOTE
r-release-osx-x86_64-mavericks 1.2-0.0 NOTE
r-release-osx-x86_64-snowleopard 1.2-0.0 NOTE
r-release-windows-ix86+x86_64 1.2-0.0 56.00 192.00 248.00 NOTE
r-oldrel-windows-ix86+x86_64 1.2-0.0 58.00 201.00 259.00 NOTE

Check Details

Version: 1.2-0.0
Check: installed package size
Result: NOTE
     installed size is 7.8Mb
     sub-directories of 1Mb or more:
     data 6.9Mb
Flavors: r-devel-linux-x86_64-debian-clang, r-devel-linux-x86_64-debian-gcc, r-devel-linux-x86_64-fedora-clang, r-devel-linux-x86_64-fedora-gcc, r-devel-osx-x86_64-clang, r-devel-windows-ix86+x86_64, r-patched-linux-x86_64, r-patched-solaris-sparc, r-patched-solaris-x86, r-release-linux-ix86, r-release-linux-x86_64, r-release-osx-x86_64-mavericks, r-release-osx-x86_64-snowleopard, r-release-windows-ix86+x86_64, r-oldrel-windows-ix86+x86_64