CRAN Package Check Results for Package SGP

Last updated on 2019-05-21 22:51:44 CEST.

Flavor Version Tinstall Tcheck Ttotal Status Flags
r-devel-linux-x86_64-debian-clang 1.9-0.0 48.97 221.64 270.61 OK
r-devel-linux-x86_64-debian-gcc 1.9-0.0 42.00 169.40 211.40 OK
r-devel-linux-x86_64-fedora-clang 1.9-0.0 345.64 NOTE
r-devel-linux-x86_64-fedora-gcc 1.9-0.0 337.04 OK
r-devel-windows-ix86+x86_64 1.9-0.0 64.00 217.00 281.00 NOTE
r-patched-linux-x86_64 1.9-0.0 48.89 221.38 270.27 OK
r-patched-solaris-x86 1.9-0.0 442.60 WARN
r-release-linux-x86_64 1.9-0.0 49.55 220.42 269.97 OK
r-release-windows-ix86+x86_64 1.9-0.0 101.00 288.00 389.00 NOTE
r-release-osx-x86_64 1.9-0.0 WARN
r-oldrel-windows-ix86+x86_64 1.9-0.0 55.00 193.00 248.00 NOTE
r-oldrel-osx-x86_64 1.9-0.0 WARN

Check Details

Version: 1.9-0.0
Check: installed package size
Result: NOTE
     installed size is 5.4Mb
     sub-directories of 1Mb or more:
     R 1.3Mb
     doc 3.0Mb
Flavors: r-devel-linux-x86_64-fedora-clang, r-devel-windows-ix86+x86_64, r-patched-solaris-x86, r-release-windows-ix86+x86_64, r-release-osx-x86_64, r-oldrel-windows-ix86+x86_64, r-oldrel-osx-x86_64

Version: 1.9-0.0
Check: re-building of vignette outputs
Result: WARN
    Error(s) in re-building vignettes:
     ...
    --- re-building ‘SGP.Rmd’ using rmarkdown
    Warning in engine$weave(file, quiet = quiet, encoding = enc) :
     Pandoc (>= 1.12.3) and/or pandoc-citeproc not available. Falling back to R Markdown v1.
    Quitting from lines 13-29 (SGP.Rmd)
    Error: processing vignette 'SGP.Rmd' failed with diagnostics:
    argument is of length zero
    --- failed re-building ‘SGP.Rmd’
    
    --- re-building ‘SGP_Data_Analysis.Rmd’ using rmarkdown
    Warning in engine$weave(file, quiet = quiet, encoding = enc) :
     Pandoc (>= 1.12.3) and/or pandoc-citeproc not available. Falling back to R Markdown v1.
    Quitting from lines 13-29 (SGP_Data_Analysis.Rmd)
    Error: processing vignette 'SGP_Data_Analysis.Rmd' failed with diagnostics:
    argument is of length zero
    --- failed re-building ‘SGP_Data_Analysis.Rmd’
    
    --- re-building ‘SGP_Data_Preparation.Rmd’ using rmarkdown
    Warning in engine$weave(file, quiet = quiet, encoding = enc) :
     Pandoc (>= 1.12.3) and/or pandoc-citeproc not available. Falling back to R Markdown v1.
    Quitting from lines 13-29 (SGP_Data_Preparation.Rmd)
    Error: processing vignette 'SGP_Data_Preparation.Rmd' failed with diagnostics:
    argument is of length zero
    --- failed re-building ‘SGP_Data_Preparation.Rmd’
    
    SUMMARY: processing the following files failed:
     ‘SGP.Rmd’ ‘SGP_Data_Analysis.Rmd’ ‘SGP_Data_Preparation.Rmd’
    
    Error: Vignette re-building failed.
    Execution halted
Flavor: r-patched-solaris-x86

Version: 1.9-0.0
Check: re-building of vignette outputs
Result: WARN
    Error(s) in re-building vignettes:
    --- re-building ‘SGP.Rmd’ using rmarkdown
    Warning in engine$weave(file, quiet = quiet, encoding = enc) :
     Pandoc (>= 1.12.3) and/or pandoc-citeproc not available. Falling back to R Markdown v1.
    Quitting from lines 13-29 (SGP.Rmd)
    Error: processing vignette 'SGP.Rmd' failed with diagnostics:
    argument is of length zero
    --- failed re-building ‘SGP.Rmd’
    
    --- re-building ‘SGP_Data_Analysis.Rmd’ using rmarkdown
    Warning in engine$weave(file, quiet = quiet, encoding = enc) :
     Pandoc (>= 1.12.3) and/or pandoc-citeproc not available. Falling back to R Markdown v1.
    Quitting from lines 13-29 (SGP_Data_Analysis.Rmd)
    Error: processing vignette 'SGP_Data_Analysis.Rmd' failed with diagnostics:
    argument is of length zero
    --- failed re-building ‘SGP_Data_Analysis.Rmd’
    
    --- re-building ‘SGP_Data_Preparation.Rmd’ using rmarkdown
    Warning in engine$weave(file, quiet = quiet, encoding = enc) :
     Pandoc (>= 1.12.3) and/or pandoc-citeproc not available. Falling back to R Markdown v1.
    Quitting from lines 13-29 (SGP_Data_Preparation.Rmd)
    Error: processing vignette 'SGP_Data_Preparation.Rmd' failed with diagnostics:
    argument is of length zero
    --- failed re-building ‘SGP_Data_Preparation.Rmd’
    
    SUMMARY: processing the following files failed:
     ‘SGP.Rmd’ ‘SGP_Data_Analysis.Rmd’ ‘SGP_Data_Preparation.Rmd’
    
    Error: Vignette re-building failed.
    Execution halted
Flavor: r-release-osx-x86_64

Version: 1.9-0.0
Check: re-building of vignette outputs
Result: WARN
    Error in re-building vignettes:
     ...
    Warning in engine$weave(file, quiet = quiet, encoding = enc) :
     Pandoc (>= 1.12.3) and/or pandoc-citeproc not available. Falling back to R Markdown v1.
    Quitting from lines 13-29 (SGP.Rmd)
    Error: processing vignette 'SGP.Rmd' failed with diagnostics:
    argument is of length zero
    Execution halted
Flavor: r-oldrel-osx-x86_64