CRAN Package Check Results for Package SGP

Last updated on 2014-12-22 03:49:04.

Flavor Version Tinstall Tcheck Ttotal Status Flags
r-devel-linux-x86_64-debian-clang 1.2-0.0 22.28 97.96 120.24 NOTE
r-devel-linux-x86_64-debian-gcc 1.2-0.0 20.90 94.49 115.38 NOTE
r-devel-linux-x86_64-fedora-clang 1.2-0.0 243.01 NOTE
r-devel-linux-x86_64-fedora-gcc 1.2-0.0 224.97 NOTE
r-devel-osx-x86_64-clang 1.2-0.0 201.82 NOTE
r-devel-windows-ix86+x86_64 1.2-0.0 41.00 137.00 178.00 NOTE
r-patched-linux-x86_64 1.2-0.0 23.95 101.18 125.13 NOTE
r-patched-solaris-sparc 1.2-0.0 1521.30 NOTE
r-patched-solaris-x86 1.2-0.0 279.30 NOTE
r-release-linux-ix86 1.2-0.0 27.52 113.91 141.44 NOTE
r-release-linux-x86_64 1.2-0.0 24.13 100.30 124.42 NOTE
r-release-osx-x86_64-mavericks 1.2-0.0 NOTE
r-release-osx-x86_64-snowleopard 1.2-0.0 NOTE
r-release-windows-ix86+x86_64 1.2-0.0 44.00 140.00 184.00 NOTE
r-oldrel-windows-ix86+x86_64 1.2-0.0 45.00 149.00 194.00 NOTE

Check Details

Version: 1.2-0.0
Check: package namespace information
Result: NOTE
     Namespace with empty importFrom: ‘reshape2’
Flavors: r-devel-linux-x86_64-debian-clang, r-devel-linux-x86_64-debian-gcc, r-devel-linux-x86_64-fedora-clang, r-devel-linux-x86_64-fedora-gcc, r-devel-osx-x86_64-clang, r-devel-windows-ix86+x86_64, r-patched-linux-x86_64, r-patched-solaris-sparc, r-patched-solaris-x86, r-release-linux-ix86, r-release-linux-x86_64, r-release-windows-ix86+x86_64

Version: 1.2-0.0
Check: installed package size
Result: NOTE
     installed size is 7.8Mb
     sub-directories of 1Mb or more:
     data 6.9Mb
Flavors: r-devel-linux-x86_64-debian-clang, r-devel-linux-x86_64-debian-gcc, r-devel-linux-x86_64-fedora-clang, r-devel-linux-x86_64-fedora-gcc, r-devel-osx-x86_64-clang, r-devel-windows-ix86+x86_64, r-patched-linux-x86_64, r-patched-solaris-sparc, r-patched-solaris-x86, r-release-linux-ix86, r-release-linux-x86_64, r-release-osx-x86_64-mavericks, r-release-osx-x86_64-snowleopard, r-release-windows-ix86+x86_64, r-oldrel-windows-ix86+x86_64

Version: 1.2-0.0
Check: R code for possible problems
Result: NOTE
    abcSGP: no visible binding for global variable ‘SGPstateData’
    analyzeSGP: no visible binding for global variable ‘SGPstateData’
    analyzeSGP: no visible global function definition for ‘clusterApplyLB’
    analyzeSGP: no visible global function definition for ‘mclapply’
    analyzeSGP : <anonymous>: no visible binding for global variable
     ‘SGPstateData’
    baselineSGP: no visible binding for global variable ‘SGPstateData’
    bubblePlot_Styles: no visible binding for global variable
     ‘SGPstateData’
    bubblePlot_Styles : get.my.cutscore.year: no visible binding for global
     variable ‘SGPstateData’
    checkSGP: no visible binding for global variable ‘SGPstateData’
    checksplineMatrix: no visible binding for global variable
     ‘SGPstateData’
    combineSGP: no visible binding for global variable ‘SGPstateData’
    combineSGP : get.target.arguments: no visible binding for global
     variable ‘SGPstateData’
    csemScoreSimulator: no visible binding for global variable
     ‘SGPstateData’
    getAchievementLevel : get.cutscore.label: no visible binding for global
     variable ‘SGPstateData’
    getAchievementLevel : getAchievementLevel_INTERNAL: no visible binding
     for global variable ‘SGPstateData’
    getKnotsBoundaries: no visible binding for global variable
     ‘SGPstateData’
    getKnotsBoundaries : <anonymous>: no visible binding for global
     variable ‘SGPstateData’
    getMaxOrderForProgression: no visible binding for global variable
     ‘SGPstateData’
    getPercentileTableNames: no visible binding for global variable
     ‘SGPstateData’
    getPreferredSGP: no visible binding for global variable ‘SGPstateData’
    getTargetInitialStatus: no visible binding for global variable
     ‘SGPstateData’
    getTargetSGP: no visible binding for global variable ‘SGPstateData’
    getTargetSGPContentArea: no visible binding for global variable
     ‘SGPstateData’
    getTargetScaleScore: no visible binding for global variable
     ‘SGPstateData’
    getTargetScaleScore: no visible global function definition for
     ‘clusterApplyLB’
    getTargetScaleScore : <anonymous>: no visible binding for global
     variable ‘SGPstateData’
    getTargetScaleScore: no visible global function definition for
     ‘mclapply’
    getYearsContentAreasGrades: no visible binding for global variable
     ‘SGPstateData’
    gofSGP : .goodness.of.fit: no visible binding for global variable
     ‘SGPstateData’
    growthAchievementPlot: no visible binding for global variable
     ‘SGPstateData’
    growthAchievementPlot : get.my.label: no visible binding for global
     variable ‘SGPstateData’
    growthAchievementPlot : create.long.cutscores: no visible binding for
     global variable ‘SGPstateData’
    growthAchievementPlot : piecewise.transform: no visible binding for
     global variable ‘SGPstateData’
    growthAchievementPlot : smoothPercentileTrajectory: no visible binding
     for global variable ‘SGPstateData’
    outputSGP : get.my.label: no visible binding for global variable
     ‘SGPstateData’
    outputSGP : piecewise.transform: no visible binding for global variable
     ‘SGPstateData’
    outputSGP: no visible global function definition for ‘randomNames’
    prepareSGP: no visible binding for global variable ‘sgpData_LONG’
    sqliteSGP: no visible binding for global variable ‘SGPstateData’
    sqliteSGP : get.grade: no visible binding for global variable
     ‘SGPstateData’
    sqliteSGP : get.year: no visible binding for global variable
     ‘SGPstateData’
    startParallel: no visible global function definition for ‘clusterEvalQ’
    startParallel: no visible global function definition for
     ‘clusterExport’
    startParallel: no visible global function definition for ‘makeCluster’
    stopParallel: no visible global function definition for ‘stopCluster’
    studentGrowthPercentiles : .create.coefficient.matrices: no visible
     global function definition for ‘mclapply’
    studentGrowthPercentiles : .create.coefficient.matrices: no visible
     global function definition for ‘parLapplyLB’
    studentGrowthPercentiles : .simex.sgp: no visible binding for global
     variable ‘SGPstateData’
    studentGrowthPercentiles : .simex.sgp: no visible global function
     definition for ‘mclapply’
    studentGrowthPercentiles : .simex.sgp: no visible global function
     definition for ‘parLapply’
    studentGrowthPercentiles: no visible binding for global variable
     ‘SGPstateData’
    studentGrowthPlot: no visible binding for global variable
     ‘SGPstateData’
    studentGrowthPlot : get.my.cutscore.year: no visible binding for global
     variable ‘SGPstateData’
    studentGrowthPlot_Styles : create.long.cutscores.sgPlot: no visible
     binding for global variable ‘SGPstateData’
    studentGrowthPlot_Styles: no visible binding for global variable
     ‘SGPstateData’
    studentGrowthProjections : .get.trajectories.and.cuts: no visible
     binding for global variable ‘SGPstateData’
    studentGrowthProjections: no visible binding for global variable
     ‘SGPstateData’
    summarizeSGP: no visible binding for global variable ‘SGPstateData’
    summarizeSGP : summarizeSGP.config: no visible binding for global
     variable ‘SGPstateData’
    summarizeSGP : summarizeSGP_INTERNAL: no visible global function
     definition for ‘parLapply’
    summarizeSGP : summarizeSGP_INTERNAL: no visible global function
     definition for ‘mclapply’
    testSGP: no visible global function definition for ‘detectCores’
    visualizeSGP : get.max.order.for.progression: no visible binding for
     global variable ‘SGPstateData’
    visualizeSGP : get.gaPlot.iter: no visible binding for global variable
     ‘SGPstateData’
    visualizeSGP: no visible binding for global variable ‘SGPstateData’
    visualizeSGP: no visible global function definition for
     ‘clusterApplyLB’
    visualizeSGP: no visible global function definition for ‘mclapply’
    visualizeSGP : get.next.grade: no visible binding for global variable
     ‘SGPstateData’
    visualizeSGP : get.my.label: no visible binding for global variable
     ‘SGPstateData’
    visualizeSGP : piecewise.transform: no visible binding for global
     variable ‘SGPstateData’
    visualizeSGP: no visible global function definition for ‘randomNames’
Flavors: r-devel-linux-x86_64-debian-clang, r-devel-linux-x86_64-debian-gcc, r-devel-linux-x86_64-fedora-clang, r-devel-linux-x86_64-fedora-gcc, r-devel-osx-x86_64-clang, r-devel-windows-ix86+x86_64, r-patched-linux-x86_64, r-patched-solaris-sparc, r-patched-solaris-x86, r-release-linux-ix86, r-release-linux-x86_64, r-release-windows-ix86+x86_64