CRAN Package Check Results for Package SGP

Last updated on 2015-07-02 07:49:00.

Flavor Version Tinstall Tcheck Ttotal Status Flags
r-devel-linux-x86_64-debian-clang 1.2-0.0 20.07 84.80 104.87 NOTE
r-devel-linux-x86_64-debian-gcc 1.2-0.0 19.78 83.22 103.00 NOTE
r-devel-linux-x86_64-fedora-clang 1.2-0.0 196.58 NOTE
r-devel-linux-x86_64-fedora-gcc 1.2-0.0 183.19 NOTE
r-devel-osx-x86_64-clang 1.2-0.0 180.16 NOTE
r-devel-windows-ix86+x86_64 1.2-0.0 35.00 112.00 147.00 NOTE
r-patched-linux-x86_64 1.2-0.0 19.38 85.40 104.78 NOTE
r-patched-solaris-sparc 1.2-0.0 1357.60 NOTE
r-patched-solaris-x86 1.2-0.0 234.50 NOTE
r-release-linux-x86_64 1.2-0.0 19.82 83.91 103.73 NOTE
r-release-osx-x86_64-mavericks 1.2-0.0 NOTE
r-release-windows-ix86+x86_64 1.2-0.0 38.00 123.00 161.00 NOTE
r-oldrel-windows-ix86+x86_64 1.2-0.0 45.00 163.00 208.00 NOTE

Check Details

Version: 1.2-0.0
Check: package namespace information
Result: NOTE
     Namespace with empty importFrom: ‘reshape2’
Flavors: r-devel-linux-x86_64-debian-clang, r-devel-linux-x86_64-debian-gcc, r-devel-linux-x86_64-fedora-clang, r-devel-linux-x86_64-fedora-gcc, r-devel-osx-x86_64-clang, r-devel-windows-ix86+x86_64, r-patched-linux-x86_64, r-patched-solaris-sparc, r-patched-solaris-x86, r-release-linux-x86_64, r-release-osx-x86_64-mavericks, r-release-windows-ix86+x86_64, r-oldrel-windows-ix86+x86_64

Version: 1.2-0.0
Check: installed package size
Result: NOTE
     installed size is 7.8Mb
     sub-directories of 1Mb or more:
     data 6.9Mb
Flavors: r-devel-linux-x86_64-debian-clang, r-devel-linux-x86_64-debian-gcc, r-devel-linux-x86_64-fedora-clang, r-devel-linux-x86_64-fedora-gcc, r-devel-osx-x86_64-clang, r-devel-windows-ix86+x86_64, r-patched-linux-x86_64, r-patched-solaris-sparc, r-patched-solaris-x86, r-release-linux-x86_64, r-release-osx-x86_64-mavericks, r-release-windows-ix86+x86_64, r-oldrel-windows-ix86+x86_64

Version: 1.2-0.0
Check: DESCRIPTION meta-information
Result: NOTE
    Malformed Title field: should not end in a period.
Flavors: r-devel-linux-x86_64-debian-clang, r-devel-linux-x86_64-debian-gcc, r-devel-linux-x86_64-fedora-clang, r-devel-linux-x86_64-fedora-gcc, r-devel-osx-x86_64-clang, r-devel-windows-ix86+x86_64, r-patched-linux-x86_64, r-patched-solaris-sparc, r-patched-solaris-x86, r-release-linux-x86_64, r-release-osx-x86_64-mavericks, r-release-windows-ix86+x86_64

Version: 1.2-0.0
Check: dependencies in R code
Result: NOTE
    'library' or 'require' calls in package code:
     ‘SGPdata’ ‘parallel’ ‘randomNames’
     Please use :: or requireNamespace() instead.
     See section 'Suggested packages' in the 'Writing R Extensions' manual.
Flavors: r-devel-linux-x86_64-debian-clang, r-devel-linux-x86_64-debian-gcc, r-devel-linux-x86_64-fedora-clang, r-devel-linux-x86_64-fedora-gcc, r-devel-osx-x86_64-clang, r-devel-windows-ix86+x86_64, r-patched-linux-x86_64, r-patched-solaris-sparc, r-patched-solaris-x86, r-release-linux-x86_64, r-release-osx-x86_64-mavericks, r-release-windows-ix86+x86_64, r-oldrel-windows-ix86+x86_64

Version: 1.2-0.0
Check: R code for possible problems
Result: NOTE
    .Valid.splineMatrix: no visible global function definition for ‘head’
    .onAttach: no visible global function definition for ‘packageVersion’
    abcSGP: no visible binding for global variable ‘SGPstateData’
    analyzeSGP: no visible binding for global variable ‘SGPstateData’
    analyzeSGP : gof.print: no visible global function definition for ‘pdf’
    analyzeSGP : gof.print: no visible global function definition for
     ‘dev.off’
    analyzeSGP: no visible global function definition for ‘clusterApplyLB’
    analyzeSGP: no visible global function definition for ‘mclapply’
    analyzeSGP : <anonymous>: no visible global function definition for
     ‘tail’
    analyzeSGP: no visible global function definition for ‘tail’
    analyzeSGP : <anonymous>: no visible binding for global variable
     ‘SGPstateData’
    analyzeSGP: no visible global function definition for ‘head’
    analyzeSGP : <anonymous>: no visible global function definition for
     ‘head’
    analyzeSGP: no visible global function definition for ‘packageVersion’
    as.splineMatrix: no visible global function definition for
     ‘type.convert’
    as.splineMatrix: no visible global function definition for
     ‘packageVersion’
    baselineSGP: no visible binding for global variable ‘SGPstateData’
    baselineSGP : baselineSGP_Internal : test.year.sequence: no visible
     global function definition for ‘type.convert’
    baselineSGP : baselineSGP_Internal: no visible global function
     definition for ‘tail’
    baselineSGP : gof.print: no visible global function definition for
     ‘pdf’
    baselineSGP : gof.print: no visible global function definition for
     ‘dev.off’
    baselineSGP: no visible global function definition for ‘tail’
    baselineSGP : <anonymous>: no visible global function definition for
     ‘tail’
    bubblePlot: no visible global function definition for ‘rgb2hsv’
    bubblePlot: no visible global function definition for ‘col2rgb’
    bubblePlot: no visible global function definition for ‘hsv’
    bubblePlot: no visible global function definition for ‘rgb’
    bubblePlot: no visible global function definition for ‘extendrange’
    bubblePlot: no visible global function definition for ‘pdf’
    bubblePlot: no visible global function definition for ‘par’
    bubblePlot: no visible global function definition for ‘plot’
    bubblePlot: no visible global function definition for ‘head’
    bubblePlot: no visible global function definition for ‘text’
    bubblePlot: no visible global function definition for ‘dev.off’
    bubblePlot_Styles: no visible binding for global variable ‘state.abb’
    bubblePlot_Styles: no visible binding for global variable ‘state.name’
    bubblePlot_Styles: no visible binding for global variable
     ‘SGPstateData’
    bubblePlot_Styles : get.my.iters: no visible global function definition
     for ‘tail’
    bubblePlot_Styles: no visible global function definition for ‘head’
    bubblePlot_Styles : get.my.cutscore.year: no visible binding for global
     variable ‘SGPstateData’
    bubblePlot_Styles : <anonymous>: no visible global function definition
     for ‘head’
    bubblePlot_Styles: no visible global function definition for
     ‘extendrange’
    bubblePlot_Styles: no visible global function definition for ‘median’
    checkConfig: no visible global function definition for ‘tail’
    checkSGP: no visible binding for global variable ‘SGPstateData’
    checksplineMatrix: no visible binding for global variable
     ‘SGPstateData’
    combineSGP: no visible binding for global variable ‘state.name’
    combineSGP: no visible binding for global variable ‘state.abb’
    combineSGP: no visible binding for global variable ‘SGPstateData’
    combineSGP : get.target.arguments: no visible binding for global
     variable ‘SGPstateData’
    combineSGP: no visible binding for global variable ‘tail’
    combineSGP: no visible global function definition for ‘type.convert’
    createKnotsBoundaries: no visible global function definition for
     ‘quantile’
    createKnotsBoundaries: no visible global function definition for
     ‘extendrange’
    csemScoreSimulator: no visible binding for global variable
     ‘SGPstateData’
    csemScoreSimulator: no visible global function definition for
     ‘splinefun’
    csemScoreSimulator: no visible global function definition for ‘rnorm’
    getAchievementLevel : get.cutscore.label: no visible binding for global
     variable ‘SGPstateData’
    getAchievementLevel : getAchievementLevel_INTERNAL: no visible binding
     for global variable ‘SGPstateData’
    getCohortDataInfo: no visible global function definition for ‘tail’
    getHighNeedStatus : my.quantile.function: no visible global function
     definition for ‘quantile’
    getKnotsBoundaries: no visible binding for global variable
     ‘SGPstateData’
    getKnotsBoundaries : <anonymous>: no visible binding for global
     variable ‘SGPstateData’
    getKnotsBoundaries: no visible global function definition for ‘tail’
    getMaxOrderForProgression: no visible binding for global variable
     ‘SGPstateData’
    getMaxOrderForProgression: no visible global function definition for
     ‘tail’
    getPanelData: no visible global function definition for ‘tail’
    getPanelData: no visible global function definition for ‘head’
    getPanelData: no visible global function definition for ‘reshape’
    getPanelDataVnames: no visible global function definition for ‘tail’
    getPanelDataVnames: no visible global function definition for ‘head’
    getPercentileTableNames: no visible binding for global variable
     ‘SGPstateData’
    getPreferredSGP: no visible binding for global variable ‘SGPstateData’
    getSGPBaselineConfig: no visible global function definition for ‘head’
    getSGPBaselineConfig: no visible global function definition for
     ‘type.convert’
    getSGPBaselineConfig : <anonymous>: no visible global function
     definition for ‘tail’
    getSGPConfig: no visible global function definition for ‘type.convert’
    getSGPConfig : get.config : <anonymous>: no visible global function
     definition for ‘type.convert’
    getSGPConfig : get.config: no visible global function definition for
     ‘type.convert’
    getSGPConfig : get.config: no visible global function definition for
     ‘tail’
    getSGPConfig : get.config : <anonymous>: no visible global function
     definition for ‘tail’
    getSGPConfig : get.par.sgp.config: no visible global function
     definition for ‘type.convert’
    getSGPConfig : get.par.sgp.config: no visible global function
     definition for ‘tail’
    getSGPConfig : get.par.sgp.config: no visible global function
     definition for ‘head’
    getSGPConfig: no visible global function definition for ‘tail’
    getStateAbbreviation: no visible binding for global variable
     ‘state.abb’
    getStateAbbreviation: no visible binding for global variable
     ‘state.name’
    getTargetInitialStatus: no visible binding for global variable
     ‘SGPstateData’
    getTargetSGP: no visible binding for global variable ‘SGPstateData’
    getTargetSGP: no visible binding for global variable ‘tail’
    getTargetSGP: no visible binding for global variable ‘head’
    getTargetSGPContentArea: no visible binding for global variable
     ‘SGPstateData’
    getTargetScaleScore: no visible global function definition for ‘tail’
    getTargetScaleScore: no visible binding for global variable
     ‘SGPstateData’
    getTargetScaleScore: no visible global function definition for
     ‘clusterApplyLB’
    getTargetScaleScore : <anonymous>: no visible global function
     definition for ‘tail’
    getTargetScaleScore : <anonymous>: no visible binding for global
     variable ‘SGPstateData’
    getTargetScaleScore: no visible global function definition for
     ‘mclapply’
    getTargetScaleScore: no visible global function definition for ‘head’
    getYearsContentAreasGrades: no visible binding for global variable
     ‘SGPstateData’
    getYearsContentAreasGrades: no visible global function definition for
     ‘tail’
    getsplineMatrices : splineMatrix_equality: no visible global function
     definition for ‘tail’
    getsplineMatrices: no visible global function definition for ‘tail’
    gofSGP : gof.draw: no visible global function definition for ‘pdf’
    gofSGP : gof.draw: no visible global function definition for ‘dev.off’
    gofSGP : .goodness.of.fit : .quantcut: no visible global function
     definition for ‘quantile’
    gofSGP : .goodness.of.fit: no visible global function definition for
     ‘quantile’
    gofSGP : .goodness.of.fit: no visible global function definition for
     ‘ppoints’
    gofSGP : .goodness.of.fit: no visible binding for global variable
     ‘SGPstateData’
    gofSGP : .goodness.of.fit: no visible binding for global variable
     ‘quantile’
    growthAchievementPlot: no visible binding for global variable
     ‘SGPstateData’
    growthAchievementPlot: no visible binding for global variable
     ‘state.abb’
    growthAchievementPlot: no visible binding for global variable
     ‘state.name’
    growthAchievementPlot : get.my.label: no visible binding for global
     variable ‘SGPstateData’
    growthAchievementPlot : create.long.cutscores: no visible binding for
     global variable ‘SGPstateData’
    growthAchievementPlot : create.long.cutscores: no visible global
     function definition for ‘extendrange’
    growthAchievementPlot : piecewise.transform: no visible binding for
     global variable ‘SGPstateData’
    growthAchievementPlot : smoothPercentileTrajectory: no visible global
     function definition for ‘tail’
    growthAchievementPlot : smoothPercentileTrajectory: no visible binding
     for global variable ‘tail’
    growthAchievementPlot : smoothPercentileTrajectory: no visible binding
     for global variable ‘head’
    growthAchievementPlot : smoothPercentileTrajectory: no visible binding
     for global variable ‘SGPstateData’
    growthAchievementPlot : smoothPercentileTrajectory: no visible global
     function definition for ‘splinefun’
    growthAchievementPlot: no visible global function definition for
     ‘quantile’
    growthAchievementPlot: no visible global function definition for
     ‘splinefun’
    growthAchievementPlot: no visible global function definition for ‘rgb’
    growthAchievementPlot: no visible global function definition for ‘tail’
    growthAchievementPlot: no visible global function definition for ‘pdf’
    growthAchievementPlot: no visible global function definition for
     ‘median’
    growthAchievementPlot: no visible global function definition for
     ‘dev.off’
    outputSGP: no visible binding for global variable ‘state.abb’
    outputSGP: no visible binding for global variable ‘state.name’
    outputSGP: no visible global function definition for ‘write.table’
    outputSGP: no visible global function definition for ‘zip’
    outputSGP: no visible global function definition for ‘tail’
    outputSGP: no visible global function definition for ‘reshape’
    outputSGP : get.my.label: no visible binding for global variable
     ‘SGPstateData’
    outputSGP : piecewise.transform: no visible binding for global variable
     ‘SGPstateData’
    outputSGP: no visible global function definition for ‘runif’
    outputSGP: no visible global function definition for ‘randomNames’
    outputSGP: no visible global function definition for ‘type.convert’
    outputSGP: no visible global function definition for ‘head’
    prepareSGP : my.quantile.function: no visible global function
     definition for ‘quantile’
    prepareSGP : getVersion: no visible global function definition for
     ‘packageVersion’
    prepareSGP: no visible binding for global variable ‘sgpData_LONG’
    sqliteSGP: no visible binding for global variable ‘SGPstateData’
    sqliteSGP: no visible binding for global variable ‘state.abb’
    sqliteSGP: no visible binding for global variable ‘state.name’
    sqliteSGP : get.grade: no visible binding for global variable
     ‘SGPstateData’
    sqliteSGP : get.year: no visible binding for global variable
     ‘SGPstateData’
    sqliteSGP : <anonymous>: no visible global function definition for
     ‘head’
    sqliteSGP: no visible global function definition for ‘write.table’
    startParallel: no visible global function definition for ‘clusterEvalQ’
    startParallel: no visible global function definition for
     ‘clusterExport’
    startParallel: no visible global function definition for ‘makeCluster’
    stopParallel: no visible global function definition for ‘stopCluster’
    studentGrowthPercentiles : .smooth.isotonize.row: no visible global
     function definition for ‘approx’
    studentGrowthPercentiles : .smooth.bound.iso.row: no visible global
     function definition for ‘approx’
    studentGrowthPercentiles : .get.knots.boundaries: no visible global
     function definition for ‘head’
    studentGrowthPercentiles : .create.coefficient.matrices: no visible
     global function definition for ‘mclapply’
    studentGrowthPercentiles : .create.coefficient.matrices: no visible
     global function definition for ‘parLapplyLB’
    studentGrowthPercentiles : .create.coefficient.matrices: no visible
     global function definition for ‘packageVersion’
    studentGrowthPercentiles : .simex.sgp: no visible binding for global
     variable ‘SGPstateData’
    studentGrowthPercentiles : .simex.sgp : rq.mtx: no visible global
     function definition for ‘packageVersion’
    studentGrowthPercentiles : .simex.sgp: no visible global function
     definition for ‘splinefun’
    studentGrowthPercentiles : .simex.sgp: no visible global function
     definition for ‘tail’
    studentGrowthPercentiles : .simex.sgp: no visible global function
     definition for ‘quantile’
    studentGrowthPercentiles : .simex.sgp: no visible global function
     definition for ‘extendrange’
    studentGrowthPercentiles : .simex.sgp: no visible global function
     definition for ‘mclapply’
    studentGrowthPercentiles : .simex.sgp: no visible global function
     definition for ‘parLapply’
    studentGrowthPercentiles : .simex.sgp : <anonymous>: no visible global
     function definition for ‘tail’
    studentGrowthPercentiles : .simex.sgp: no visible global function
     definition for ‘lm’
    studentGrowthPercentiles : .simex.sgp: no visible global function
     definition for ‘predict’
    studentGrowthPercentiles : .simex.sgp: no visible global function
     definition for ‘reshape’
    studentGrowthPercentiles: no visible binding for global variable
     ‘SGPstateData’
    studentGrowthPercentiles: no visible global function definition for
     ‘tail’
    studentGrowthPercentiles: no visible global function definition for
     ‘type.convert’
    studentGrowthPercentiles: no visible global function definition for
     ‘head’
    studentGrowthPercentiles: no visible global function definition for
     ‘reshape’
    studentGrowthPercentiles: no visible binding for global variable ‘sd’
    studentGrowthPercentiles: no visible binding for global variable
     ‘quantile’
    studentGrowthPercentiles : <anonymous>: no visible global function
     definition for ‘tail’
    studentGrowthPlot: no visible binding for global variable
     ‘SGPstateData’
    studentGrowthPlot: no visible global function definition for ‘tail’
    studentGrowthPlot: no visible global function definition for ‘rgb’
    studentGrowthPlot : get.my.cutscore.year: no visible binding for global
     variable ‘SGPstateData’
    studentGrowthPlot : get.my.cutscore.year: no visible global function
     definition for ‘tail’
    studentGrowthPlot : interpolate.grades : extend.grades: no visible
     global function definition for ‘tail’
    studentGrowthPlot : interpolate.grades: no visible global function
     definition for ‘head’
    studentGrowthPlot : interpolate.grades: no visible global function
     definition for ‘approx’
    studentGrowthPlot: no visible global function definition for ‘head’
    studentGrowthPlot: no visible global function definition for
     ‘extendrange’
    studentGrowthPlot: no visible global function definition for ‘approx’
    studentGrowthPlot: no visible global function definition for
     ‘splinefun’
    studentGrowthPlot_Styles : create.long.cutscores.sgPlot: no visible
     binding for global variable ‘SGPstateData’
    studentGrowthPlot_Styles : create.long.cutscores.sgPlot: no visible
     global function definition for ‘tail’
    studentGrowthPlot_Styles : create.long.cutscores.sgPlot: no visible
     global function definition for ‘extendrange’
    studentGrowthPlot_Styles: no visible binding for global variable
     ‘SGPstateData’
    studentGrowthPlot_Styles: no visible binding for global variable
     ‘state.name’
    studentGrowthPlot_Styles: no visible binding for global variable
     ‘state.abb’
    studentGrowthPlot_Styles: no visible global function definition for
     ‘type.convert’
    studentGrowthPlot_Styles: no visible global function definition for
     ‘pdf’
    studentGrowthPlot_Styles: no visible global function definition for
     ‘dev.off’
    studentGrowthPlot_Styles: no visible global function definition for
     ‘head’
    studentGrowthPlot_Styles: no visible global function definition for
     ‘zip’
    studentGrowthProjections : .smooth.bound.iso.row: no visible global
     function definition for ‘approx’
    studentGrowthProjections : get.grade.projection.sequence.matrices: no
     visible global function definition for ‘tail’
    studentGrowthProjections : get.grade.projection.sequence.matrices: no
     visible global function definition for ‘head’
    studentGrowthProjections : .get.percentile.trajectories: no visible
     global function definition for ‘head’
    studentGrowthProjections : .get.trajectories.and.cuts: no visible
     binding for global variable ‘type.convert’
    studentGrowthProjections : .get.trajectories.and.cuts: no visible
     global function definition for ‘tail’
    studentGrowthProjections : .get.trajectories.and.cuts: no visible
     binding for global variable ‘SGPstateData’
    studentGrowthProjections : .get.trajectories.and.cuts: no visible
     global function definition for ‘reshape’
    studentGrowthProjections: no visible binding for global variable
     ‘SGPstateData’
    studentGrowthProjections: no visible global function definition for
     ‘tail’
    studentGrowthProjections: no visible global function definition for
     ‘type.convert’
    studentGrowthProjections : <anonymous>: no visible global function
     definition for ‘tail’
    studentGrowthProjections : <anonymous>: no visible global function
     definition for ‘type.convert’
    studentGrowthProjections: no visible global function definition for
     ‘head’
    summarizeSGP: no visible binding for global variable ‘SGPstateData’
    summarizeSGP: no visible global function definition for ‘tail’
    summarizeSGP : weighted.median: no visible global function definition
     for ‘quantile’
    summarizeSGP : weighted.median: no visible global function definition
     for ‘approx’
    summarizeSGP : median_na: no visible global function definition for
     ‘median’
    summarizeSGP : boot.median: no visible global function definition for
     ‘median’
    summarizeSGP : mean_na: no visible global function definition for
     ‘weighted.mean’
    summarizeSGP : sd_na: no visible global function definition for ‘sd’
    summarizeSGP : sgp_standard_error: no visible global function
     definition for ‘sd’
    summarizeSGP : boot.sgp: no visible global function definition for
     ‘quantile’
    summarizeSGP : boot.sgp: no visible global function definition for ‘sd’
    summarizeSGP : sgpSummary: no visible global function definition for
     ‘reshape’
    summarizeSGP : sgpSummary: no visible global function definition for
     ‘var’
    summarizeSGP : summarizeSGP.config: no visible binding for global
     variable ‘SGPstateData’
    summarizeSGP : summarizeSGP_INTERNAL: no visible global function
     definition for ‘parLapply’
    summarizeSGP : summarizeSGP_INTERNAL: no visible global function
     definition for ‘mclapply’
    testSGP: no visible binding for global variable ‘recover’
    testSGP: no visible global function definition for ‘detectCores’
    testSGP: no visible global function definition for ‘Rprof’
    visualizeSGP : get.max.order.for.progression: no visible binding for
     global variable ‘SGPstateData’
    visualizeSGP : get.max.order.for.progression: no visible global
     function definition for ‘tail’
    visualizeSGP : get.gaPlot.iter: no visible global function definition
     for ‘tail’
    visualizeSGP : get.gaPlot.iter: no visible binding for global variable
     ‘SGPstateData’
    visualizeSGP: no visible binding for global variable ‘SGPstateData’
    visualizeSGP: no visible global function definition for
     ‘clusterApplyLB’
    visualizeSGP: no visible global function definition for ‘mclapply’
    visualizeSGP : get.next.grade: no visible binding for global variable
     ‘SGPstateData’
    visualizeSGP : get.my.label: no visible binding for global variable
     ‘SGPstateData’
    visualizeSGP : piecewise.transform: no visible binding for global
     variable ‘SGPstateData’
    visualizeSGP: no visible global function definition for ‘tail’
    visualizeSGP: no visible global function definition for ‘runif’
    visualizeSGP: no visible global function definition for ‘randomNames’
    visualizeSGP: no visible global function definition for ‘reshape’
    visualizeSGP: no visible binding for global variable ‘state.name’
    visualizeSGP: no visible binding for global variable ‘state.abb’
Flavors: r-devel-linux-x86_64-debian-clang, r-devel-linux-x86_64-debian-gcc, r-devel-linux-x86_64-fedora-gcc, r-devel-windows-ix86+x86_64

Version: 1.2-0.0
Check: R code for possible problems
Result: NOTE
    .Valid.splineMatrix: no visible global function definition for ‘head’
    .onAttach: no visible global function definition for ‘packageVersion’
    abcSGP: no visible binding for global variable ‘SGPstateData’
    analyzeSGP: no visible binding for global variable ‘SGPstateData’
    analyzeSGP : gof.print: no visible global function definition for ‘pdf’
    analyzeSGP : gof.print: no visible global function definition for
     ‘dev.off’
    analyzeSGP: no visible global function definition for ‘clusterApplyLB’
    analyzeSGP: no visible global function definition for ‘mclapply’
    analyzeSGP : <anonymous>: no visible global function definition for
     ‘tail’
    analyzeSGP: no visible global function definition for ‘tail’
    analyzeSGP : <anonymous>: no visible binding for global variable
     ‘SGPstateData’
    analyzeSGP: no visible global function definition for ‘head’
    analyzeSGP : <anonymous>: no visible global function definition for
     ‘head’
    analyzeSGP: no visible global function definition for ‘packageVersion’
    as.splineMatrix: no visible global function definition for
     ‘type.convert’
    as.splineMatrix: no visible global function definition for
     ‘packageVersion’
    baselineSGP: no visible binding for global variable ‘SGPstateData’
    baselineSGP : baselineSGP_Internal : test.year.sequence: no visible
     global function definition for ‘type.convert’
    baselineSGP : baselineSGP_Internal: no visible global function
     definition for ‘tail’
    baselineSGP : gof.print: no visible global function definition for
     ‘pdf’
    baselineSGP : gof.print: no visible global function definition for
     ‘dev.off’
    baselineSGP: no visible global function definition for ‘tail’
    baselineSGP : <anonymous>: no visible global function definition for
     ‘tail’
    bubblePlot: no visible global function definition for ‘rgb2hsv’
    bubblePlot: no visible global function definition for ‘col2rgb’
    bubblePlot: no visible global function definition for ‘hsv’
    bubblePlot: no visible global function definition for ‘rgb’
    bubblePlot: no visible global function definition for ‘extendrange’
    bubblePlot: no visible global function definition for ‘pdf’
    bubblePlot: no visible global function definition for ‘par’
    bubblePlot: no visible global function definition for ‘plot’
    bubblePlot: no visible global function definition for ‘head’
    bubblePlot: no visible global function definition for ‘text’
    bubblePlot: no visible global function definition for ‘dev.off’
    bubblePlot_Styles: no visible binding for global variable ‘state.abb’
    bubblePlot_Styles: no visible binding for global variable ‘state.name’
    bubblePlot_Styles: no visible binding for global variable
     ‘SGPstateData’
    bubblePlot_Styles : get.my.iters: no visible global function definition
     for ‘tail’
    bubblePlot_Styles: no visible global function definition for ‘head’
    bubblePlot_Styles : get.my.cutscore.year: no visible binding for global
     variable ‘SGPstateData’
    bubblePlot_Styles : <anonymous>: no visible global function definition
     for ‘head’
    bubblePlot_Styles: no visible global function definition for
     ‘extendrange’
    bubblePlot_Styles: no visible global function definition for ‘median’
    checkConfig: no visible global function definition for ‘tail’
    checkSGP: no visible binding for global variable ‘SGPstateData’
    checksplineMatrix: no visible binding for global variable
     ‘SGPstateData’
    combineSGP: no visible binding for global variable ‘state.name’
    combineSGP: no visible binding for global variable ‘state.abb’
    combineSGP: no visible binding for global variable ‘SGPstateData’
    combineSGP : get.target.arguments: no visible binding for global
     variable ‘SGPstateData’
    combineSGP: no visible binding for global variable ‘tail’
    combineSGP: no visible global function definition for ‘type.convert’
    createKnotsBoundaries: no visible global function definition for
     ‘quantile’
    createKnotsBoundaries: no visible global function definition for
     ‘extendrange’
    csemScoreSimulator: no visible binding for global variable
     ‘SGPstateData’
    csemScoreSimulator: no visible global function definition for
     ‘splinefun’
    csemScoreSimulator: no visible global function definition for ‘rnorm’
    getAchievementLevel : get.cutscore.label: no visible binding for global
     variable ‘SGPstateData’
    getAchievementLevel : getAchievementLevel_INTERNAL: no visible binding
     for global variable ‘SGPstateData’
    getCohortDataInfo: no visible global function definition for ‘tail’
    getHighNeedStatus : my.quantile.function: no visible global function
     definition for ‘quantile’
    getKnotsBoundaries: no visible binding for global variable
     ‘SGPstateData’
    getKnotsBoundaries : <anonymous>: no visible binding for global
     variable ‘SGPstateData’
    getKnotsBoundaries: no visible global function definition for ‘tail’
    getMaxOrderForProgression: no visible binding for global variable
     ‘SGPstateData’
    getMaxOrderForProgression: no visible global function definition for
     ‘tail’
    getPanelData: no visible global function definition for ‘tail’
    getPanelData: no visible global function definition for ‘head’
    getPanelData: no visible global function definition for ‘reshape’
    getPanelDataVnames: no visible global function definition for ‘tail’
    getPanelDataVnames: no visible global function definition for ‘head’
    getPercentileTableNames: no visible binding for global variable
     ‘SGPstateData’
    getPreferredSGP: no visible binding for global variable ‘SGPstateData’
    getSGPBaselineConfig: no visible global function definition for ‘head’
    getSGPBaselineConfig: no visible global function definition for
     ‘type.convert’
    getSGPBaselineConfig : <anonymous>: no visible global function
     definition for ‘tail’
    getSGPConfig: no visible global function definition for ‘type.convert’
    getSGPConfig : get.config : <anonymous>: no visible global function
     definition for ‘type.convert’
    getSGPConfig : get.config: no visible global function definition for
     ‘type.convert’
    getSGPConfig : get.config: no visible global function definition for
     ‘tail’
    getSGPConfig : get.config : <anonymous>: no visible global function
     definition for ‘tail’
    getSGPConfig : get.par.sgp.config: no visible global function
     definition for ‘type.convert’
    getSGPConfig : get.par.sgp.config: no visible global function
     definition for ‘tail’
    getSGPConfig : get.par.sgp.config: no visible global function
     definition for ‘head’
    getSGPConfig: no visible global function definition for ‘tail’
    getStateAbbreviation: no visible binding for global variable
     ‘state.abb’
    getStateAbbreviation: no visible binding for global variable
     ‘state.name’
    getTargetInitialStatus: no visible binding for global variable
     ‘SGPstateData’
    getTargetSGP: no visible binding for global variable ‘SGPstateData’
    getTargetSGP: no visible binding for global variable ‘tail’
    getTargetSGP: no visible binding for global variable ‘head’
    getTargetSGPContentArea: no visible binding for global variable
     ‘SGPstateData’
    getTargetScaleScore: no visible global function definition for ‘tail’
    getTargetScaleScore: no visible binding for global variable
     ‘SGPstateData’
    getTargetScaleScore: no visible global function definition for
     ‘clusterApplyLB’
    getTargetScaleScore : <anonymous>: no visible global function
     definition for ‘tail’
    getTargetScaleScore : <anonymous>: no visible binding for global
     variable ‘SGPstateData’
    getTargetScaleScore: no visible global function definition for
     ‘mclapply’
    getTargetScaleScore: no visible global function definition for ‘head’
    getYearsContentAreasGrades: no visible binding for global variable
     ‘SGPstateData’
    getYearsContentAreasGrades: no visible global function definition for
     ‘tail’
    getsplineMatrices : splineMatrix_equality: no visible global function
     definition for ‘tail’
    getsplineMatrices: no visible global function definition for ‘tail’
    gofSGP : gof.draw: no visible global function definition for ‘pdf’
    gofSGP : gof.draw: no visible global function definition for ‘dev.off’
    gofSGP : .goodness.of.fit : .quantcut: no visible global function
     definition for ‘quantile’
    gofSGP : .goodness.of.fit: no visible global function definition for
     ‘quantile’
    gofSGP : .goodness.of.fit: no visible global function definition for
     ‘ppoints’
    gofSGP : .goodness.of.fit: no visible binding for global variable
     ‘SGPstateData’
    gofSGP : .goodness.of.fit: no visible binding for global variable
     ‘quantile’
    growthAchievementPlot: no visible binding for global variable
     ‘SGPstateData’
    growthAchievementPlot: no visible binding for global variable
     ‘state.abb’
    growthAchievementPlot: no visible binding for global variable
     ‘state.name’
    growthAchievementPlot : get.my.label: no visible binding for global
     variable ‘SGPstateData’
    growthAchievementPlot : create.long.cutscores: no visible binding for
     global variable ‘SGPstateData’
    growthAchievementPlot : create.long.cutscores: no visible global
     function definition for ‘extendrange’
    growthAchievementPlot : piecewise.transform: no visible binding for
     global variable ‘SGPstateData’
    growthAchievementPlot : smoothPercentileTrajectory: no visible global
     function definition for ‘tail’
    growthAchievementPlot : smoothPercentileTrajectory: no visible binding
     for global variable ‘tail’
    growthAchievementPlot : smoothPercentileTrajectory: no visible binding
     for global variable ‘head’
    growthAchievementPlot : smoothPercentileTrajectory: no visible binding
     for global variable ‘SGPstateData’
    growthAchievementPlot : smoothPercentileTrajectory: no visible global
     function definition for ‘splinefun’
    growthAchievementPlot: no visible global function definition for
     ‘quantile’
    growthAchievementPlot: no visible global function definition for
     ‘splinefun’
    growthAchievementPlot: no visible global function definition for ‘rgb’
    growthAchievementPlot: no visible global function definition for ‘tail’
    growthAchievementPlot: no visible global function definition for ‘pdf’
    growthAchievementPlot: no visible global function definition for
     ‘median’
    growthAchievementPlot: no visible global function definition for
     ‘dev.off’
    outputSGP: no visible binding for global variable ‘state.abb’
    outputSGP: no visible binding for global variable ‘state.name’
    outputSGP: no visible global function definition for ‘write.table’
    outputSGP: no visible global function definition for ‘zip’
    outputSGP: no visible global function definition for ‘tail’
    outputSGP: no visible global function definition for ‘reshape’
    outputSGP : get.my.label: no visible binding for global variable
     ‘SGPstateData’
    outputSGP : piecewise.transform: no visible binding for global variable
     ‘SGPstateData’
    outputSGP: no visible global function definition for ‘runif’
    outputSGP: no visible global function definition for ‘randomNames’
    outputSGP: no visible global function definition for ‘type.convert’
    outputSGP: no visible global function definition for ‘head’
    prepareSGP : my.quantile.function: no visible global function
     definition for ‘quantile’
    prepareSGP : getVersion: no visible global function definition for
     ‘packageVersion’
    prepareSGP: no visible binding for global variable ‘sgpData_LONG’
    sqliteSGP: no visible binding for global variable ‘SGPstateData’
    sqliteSGP: no visible binding for global variable ‘state.abb’
    sqliteSGP: no visible binding for global variable ‘state.name’
    sqliteSGP : get.grade: no visible binding for global variable
     ‘SGPstateData’
    sqliteSGP : get.year: no visible binding for global variable
     ‘SGPstateData’
    sqliteSGP : <anonymous>: no visible global function definition for
     ‘head’
    sqliteSGP: no visible global function definition for ‘write.table’
    startParallel: no visible global function definition for ‘clusterEvalQ’
    startParallel: no visible global function definition for
     ‘clusterExport’
    startParallel: no visible global function definition for ‘makeCluster’
    stopParallel: no visible global function definition for ‘stopCluster’
    studentGrowthPercentiles : .smooth.isotonize.row: no visible global
     function definition for ‘approx’
    studentGrowthPercentiles : .smooth.bound.iso.row: no visible global
     function definition for ‘approx’
    studentGrowthPercentiles : .get.knots.boundaries: no visible global
     function definition for ‘head’
    studentGrowthPercentiles : .create.coefficient.matrices: no visible
     global function definition for ‘mclapply’
    studentGrowthPercentiles : .create.coefficient.matrices: no visible
     global function definition for ‘parLapplyLB’
    studentGrowthPercentiles : .create.coefficient.matrices: no visible
     global function definition for ‘packageVersion’
    studentGrowthPercentiles : .simex.sgp: no visible binding for global
     variable ‘SGPstateData’
    studentGrowthPercentiles : .simex.sgp : rq.mtx: no visible global
     function definition for ‘packageVersion’
    studentGrowthPercentiles : .simex.sgp: no visible global function
     definition for ‘splinefun’
    studentGrowthPercentiles : .simex.sgp: no visible global function
     definition for ‘tail’
    studentGrowthPercentiles : .simex.sgp: no visible global function
     definition for ‘quantile’
    studentGrowthPercentiles : .simex.sgp: no visible global function
     definition for ‘extendrange’
    studentGrowthPercentiles : .simex.sgp: no visible global function
     definition for ‘mclapply’
    studentGrowthPercentiles : .simex.sgp: no visible global function
     definition for ‘parLapply’
    studentGrowthPercentiles : .simex.sgp : <anonymous>: no visible global
     function definition for ‘tail’
    studentGrowthPercentiles : .simex.sgp: no visible global function
     definition for ‘lm’
    studentGrowthPercentiles : .simex.sgp: no visible global function
     definition for ‘predict’
    studentGrowthPercentiles : .simex.sgp: no visible global function
     definition for ‘reshape’
    studentGrowthPercentiles: no visible binding for global variable
     ‘SGPstateData’
    studentGrowthPercentiles: no visible global function definition for
     ‘tail’
    studentGrowthPercentiles: no visible global function definition for
     ‘type.convert’
    studentGrowthPercentiles: no visible global function definition for
     ‘head’
    studentGrowthPercentiles: no visible global function definition for
     ‘reshape’
    studentGrowthPercentiles: no visible binding for global variable ‘sd’
    studentGrowthPercentiles: no visible binding for global variable
     ‘quantile’
    studentGrowthPercentiles : <anonymous>: no visible global function
     definition for ‘tail’
    studentGrowthPlot: no visible binding for global variable
     ‘SGPstateData’
    studentGrowthPlot: no visible global function definition for ‘tail’
    studentGrowthPlot: no visible global function definition for ‘rgb’
    studentGrowthPlot : get.my.cutscore.year: no visible binding for global
     variable ‘SGPstateData’
    studentGrowthPlot : get.my.cutscore.year: no visible global function
     definition for ‘tail’
    studentGrowthPlot : interpolate.grades : extend.grades: no visible
     global function definition for ‘tail’
    studentGrowthPlot : interpolate.grades: no visible global function
     definition for ‘head’
    studentGrowthPlot : interpolate.grades: no visible global function
     definition for ‘approx’
    studentGrowthPlot: no visible global function definition for ‘head’
    studentGrowthPlot: no visible global function definition for
     ‘extendrange’
    studentGrowthPlot: no visible global function definition for ‘approx’
    studentGrowthPlot: no visible global function definition for
     ‘splinefun’
    studentGrowthPlot_Styles : create.long.cutscores.sgPlot: no visible
     binding for global variable ‘SGPstateData’
    studentGrowthPlot_Styles : create.long.cutscores.sgPlot: no visible
     global function definition for ‘tail’
    studentGrowthPlot_Styles : create.long.cutscores.sgPlot: no visible
     global function definition for ‘extendrange’
    studentGrowthPlot_Styles: no visible binding for global variable
     ‘SGPstateData’
    studentGrowthPlot_Styles: no visible binding for global variable
     ‘state.name’
    studentGrowthPlot_Styles: no visible binding for global variable
     ‘state.abb’
    studentGrowthPlot_Styles: no visible global function definition for
     ‘type.convert’
    studentGrowthPlot_Styles: no visible global function definition for
     ‘pdf’
    studentGrowthPlot_Styles: no visible global function definition for
     ‘dev.off’
    studentGrowthPlot_Styles: no visible global function definition for
     ‘head’
    studentGrowthPlot_Styles: no visible global function definition for
     ‘zip’
    studentGrowthProjections : .smooth.bound.iso.row: no visible global
     function definition for ‘approx’
    studentGrowthProjections : get.grade.projection.sequence.matrices: no
     visible global function definition for ‘tail’
    studentGrowthProjections : get.grade.projection.sequence.matrices: no
     visible global function definition for ‘head’
    studentGrowthProjections : .get.percentile.trajectories: no visible
     global function definition for ‘head’
    studentGrowthProjections : .get.trajectories.and.cuts: no visible
     binding for global variable ‘type.convert’
    studentGrowthProjections : .get.trajectories.and.cuts: no visible
     global function definition for ‘tail’
    studentGrowthProjections : .get.trajectories.and.cuts: no visible
     binding for global variable ‘SGPstateData’
    studentGrowthProjections : .get.trajectories.and.cuts: no visible
     global function definition for ‘reshape’
    studentGrowthProjections: no visible binding for global variable
     ‘SGPstateData’
    studentGrowthProjections: no visible global function definition for
     ‘tail’
    studentGrowthProjections: no visible global function definition for
     ‘type.convert’
    studentGrowthProjections : <anonymous>: no visible global function
     definition for ‘tail’
    studentGrowthProjections : <anonymous>: no visible global function
     definition for ‘type.convert’
    studentGrowthProjections: no visible global function definition for
     ‘head’
    summarizeSGP: no visible binding for global variable ‘SGPstateData’
    summarizeSGP: no visible global function definition for ‘tail’
    summarizeSGP : weighted.median: no visible global function definition
     for ‘quantile’
    summarizeSGP : weighted.median: no visible global function definition
     for ‘approx’
    summarizeSGP : median_na: no visible global function definition for
     ‘median’
    summarizeSGP : boot.median: no visible global function definition for
     ‘median’
    summarizeSGP : mean_na: no visible global function definition for
     ‘weighted.mean’
    summarizeSGP : sd_na: no visible global function definition for ‘sd’
    summarizeSGP : sgp_standard_error: no visible global function
     definition for ‘sd’
    summarizeSGP : boot.sgp: no visible global function definition for
     ‘quantile’
    summarizeSGP : boot.sgp: no visible global function definition for ‘sd’
    summarizeSGP : sgpSummary: no visible global function definition for
     ‘reshape’
    summarizeSGP : sgpSummary: no visible global function definition for
     ‘var’
    summarizeSGP : summarizeSGP.config: no visible binding for global
     variable ‘SGPstateData’
    summarizeSGP : summarizeSGP_INTERNAL: no visible global function
     definition for ‘parLapply’
    summarizeSGP : summarizeSGP_INTERNAL: no visible global function
     definition for ‘mclapply’
    testSGP: no visible binding for global variable ‘recover’
    testSGP: no visible global function definition for ‘detectCores’
    testSGP: no visible global function definition for ‘Rprof’
    visualizeSGP : get.max.order.for.progression: no visible binding for
     global variable ‘SGPstateData’
    visualizeSGP : get.max.order.for.progression: no visible global
     function definition for ‘tail’
    visualizeSGP : get.gaPlot.iter: no visible global function definition
     for ‘tail’
    visualizeSGP : get.gaPlot.iter: no visible binding for global variable
     ‘SGPstateData’
    visualizeSGP: no visible binding for global variable ‘SGPstateData’
    visualizeSGP: no visible global function definition for
     ‘clusterApplyLB’
    visualizeSGP: no visible global function definition for ‘mclapply’
    visualizeSGP : get.next.grade: no visible binding for global variable
     ‘SGPstateData’
    visualizeSGP : get.my.label: no visible binding for global variable
     ‘SGPstateData’
    visualizeSGP : piecewise.transform: no visible binding for global
     variable ‘SGPstateData’
    visualizeSGP: no visible global function definition for ‘tail’
    visualizeSGP: no visible global function definition for ‘runif’
    visualizeSGP: no visible global function definition for ‘randomNames’
    visualizeSGP: no visible global function definition for ‘reshape’
    visualizeSGP: no visible binding for global variable ‘state.name’
    visualizeSGP: no visible binding for global variable ‘state.abb’
    Undefined global functions or variables:
     Rprof SGPstateData approx clusterApplyLB clusterEvalQ clusterExport
     col2rgb detectCores dev.off extendrange head hsv lm makeCluster
     mclapply median packageVersion par parLapply parLapplyLB pdf plot
     ppoints predict quantile randomNames recover reshape rgb rgb2hsv
     rnorm runif sd sgpData_LONG splinefun state.abb state.name
     stopCluster tail text type.convert var weighted.mean write.table zip
Flavor: r-devel-linux-x86_64-fedora-clang

Version: 1.2-0.0
Check: R code for possible problems
Result: NOTE
    abcSGP: no visible binding for global variable ‘SGPstateData’
    analyzeSGP: no visible binding for global variable ‘SGPstateData’
    analyzeSGP: no visible global function definition for ‘clusterApplyLB’
    analyzeSGP: no visible global function definition for ‘mclapply’
    analyzeSGP : <anonymous>: no visible binding for global variable
     ‘SGPstateData’
    baselineSGP: no visible binding for global variable ‘SGPstateData’
    bubblePlot_Styles: no visible binding for global variable
     ‘SGPstateData’
    bubblePlot_Styles : get.my.cutscore.year: no visible binding for global
     variable ‘SGPstateData’
    checkSGP: no visible binding for global variable ‘SGPstateData’
    checksplineMatrix: no visible binding for global variable
     ‘SGPstateData’
    combineSGP: no visible binding for global variable ‘SGPstateData’
    combineSGP : get.target.arguments: no visible binding for global
     variable ‘SGPstateData’
    csemScoreSimulator: no visible binding for global variable
     ‘SGPstateData’
    getAchievementLevel : get.cutscore.label: no visible binding for global
     variable ‘SGPstateData’
    getAchievementLevel : getAchievementLevel_INTERNAL: no visible binding
     for global variable ‘SGPstateData’
    getKnotsBoundaries: no visible binding for global variable
     ‘SGPstateData’
    getKnotsBoundaries : <anonymous>: no visible binding for global
     variable ‘SGPstateData’
    getMaxOrderForProgression: no visible binding for global variable
     ‘SGPstateData’
    getPercentileTableNames: no visible binding for global variable
     ‘SGPstateData’
    getPreferredSGP: no visible binding for global variable ‘SGPstateData’
    getTargetInitialStatus: no visible binding for global variable
     ‘SGPstateData’
    getTargetSGP: no visible binding for global variable ‘SGPstateData’
    getTargetSGPContentArea: no visible binding for global variable
     ‘SGPstateData’
    getTargetScaleScore: no visible binding for global variable
     ‘SGPstateData’
    getTargetScaleScore: no visible global function definition for
     ‘clusterApplyLB’
    getTargetScaleScore : <anonymous>: no visible binding for global
     variable ‘SGPstateData’
    getTargetScaleScore: no visible global function definition for
     ‘mclapply’
    getYearsContentAreasGrades: no visible binding for global variable
     ‘SGPstateData’
    gofSGP : .goodness.of.fit: no visible binding for global variable
     ‘SGPstateData’
    growthAchievementPlot: no visible binding for global variable
     ‘SGPstateData’
    growthAchievementPlot : get.my.label: no visible binding for global
     variable ‘SGPstateData’
    growthAchievementPlot : create.long.cutscores: no visible binding for
     global variable ‘SGPstateData’
    growthAchievementPlot : piecewise.transform: no visible binding for
     global variable ‘SGPstateData’
    growthAchievementPlot : smoothPercentileTrajectory: no visible binding
     for global variable ‘SGPstateData’
    outputSGP : get.my.label: no visible binding for global variable
     ‘SGPstateData’
    outputSGP : piecewise.transform: no visible binding for global variable
     ‘SGPstateData’
    outputSGP: no visible global function definition for ‘randomNames’
    prepareSGP: no visible binding for global variable ‘sgpData_LONG’
    sqliteSGP: no visible binding for global variable ‘SGPstateData’
    sqliteSGP : get.grade: no visible binding for global variable
     ‘SGPstateData’
    sqliteSGP : get.year: no visible binding for global variable
     ‘SGPstateData’
    startParallel: no visible global function definition for ‘clusterEvalQ’
    startParallel: no visible global function definition for
     ‘clusterExport’
    startParallel: no visible global function definition for ‘makeCluster’
    stopParallel: no visible global function definition for ‘stopCluster’
    studentGrowthPercentiles : .create.coefficient.matrices: no visible
     global function definition for ‘mclapply’
    studentGrowthPercentiles : .create.coefficient.matrices: no visible
     global function definition for ‘parLapplyLB’
    studentGrowthPercentiles : .simex.sgp: no visible binding for global
     variable ‘SGPstateData’
    studentGrowthPercentiles : .simex.sgp: no visible global function
     definition for ‘mclapply’
    studentGrowthPercentiles : .simex.sgp: no visible global function
     definition for ‘parLapply’
    studentGrowthPercentiles: no visible binding for global variable
     ‘SGPstateData’
    studentGrowthPlot: no visible binding for global variable
     ‘SGPstateData’
    studentGrowthPlot : get.my.cutscore.year: no visible binding for global
     variable ‘SGPstateData’
    studentGrowthPlot_Styles : create.long.cutscores.sgPlot: no visible
     binding for global variable ‘SGPstateData’
    studentGrowthPlot_Styles: no visible binding for global variable
     ‘SGPstateData’
    studentGrowthProjections : .get.trajectories.and.cuts: no visible
     binding for global variable ‘SGPstateData’
    studentGrowthProjections: no visible binding for global variable
     ‘SGPstateData’
    summarizeSGP: no visible binding for global variable ‘SGPstateData’
    summarizeSGP : summarizeSGP.config: no visible binding for global
     variable ‘SGPstateData’
    summarizeSGP : summarizeSGP_INTERNAL: no visible global function
     definition for ‘parLapply’
    summarizeSGP : summarizeSGP_INTERNAL: no visible global function
     definition for ‘mclapply’
    testSGP: no visible global function definition for ‘detectCores’
    visualizeSGP : get.max.order.for.progression: no visible binding for
     global variable ‘SGPstateData’
    visualizeSGP : get.gaPlot.iter: no visible binding for global variable
     ‘SGPstateData’
    visualizeSGP: no visible binding for global variable ‘SGPstateData’
    visualizeSGP: no visible global function definition for
     ‘clusterApplyLB’
    visualizeSGP: no visible global function definition for ‘mclapply’
    visualizeSGP : get.next.grade: no visible binding for global variable
     ‘SGPstateData’
    visualizeSGP : get.my.label: no visible binding for global variable
     ‘SGPstateData’
    visualizeSGP : piecewise.transform: no visible binding for global
     variable ‘SGPstateData’
    visualizeSGP: no visible global function definition for ‘randomNames’
Flavors: r-devel-osx-x86_64-clang, r-patched-linux-x86_64, r-patched-solaris-sparc, r-patched-solaris-x86, r-release-linux-x86_64, r-release-osx-x86_64-mavericks, r-release-windows-ix86+x86_64, r-oldrel-windows-ix86+x86_64