CRAN Package Check Results for Package SGP

Last updated on 2020-06-01 04:47:09 CEST.

Flavor Version Tinstall Tcheck Ttotal Status Flags
r-devel-linux-x86_64-debian-clang 1.9-5.0 57.91 254.09 312.00 OK
r-devel-linux-x86_64-debian-gcc 1.9-5.0 46.18 191.47 237.65 OK
r-devel-linux-x86_64-fedora-clang 1.9-5.0 381.30 NOTE
r-devel-linux-x86_64-fedora-gcc 1.9-5.0 381.17 OK
r-devel-windows-ix86+x86_64 1.9-5.0 110.00 363.00 473.00 NOTE
r-patched-linux-x86_64 1.9-5.0 53.76 253.64 307.40 OK
r-patched-solaris-x86 1.9-5.0 503.20 WARN
r-release-linux-x86_64 1.9-5.0 56.07 254.89 310.96 OK
r-release-osx-x86_64 1.9-5.0 NOTE
r-release-windows-ix86+x86_64 1.9-5.0 86.00 266.00 352.00 NOTE
r-oldrel-osx-x86_64 1.9-5.0 WARN
r-oldrel-windows-ix86+x86_64 1.9-5.0 80.00 240.00 320.00 NOTE

Check Details

Version: 1.9-5.0
Check: package dependencies
Result: NOTE
    Imports includes 22 non-default packages.
    Importing from so many packages makes the package vulnerable to any of
    them becoming unavailable. Move as many as possible to Suggests and
    use conditionally.
Flavor: r-devel-linux-x86_64-fedora-clang

Version: 1.9-5.0
Check: installed package size
Result: NOTE
     installed size is 5.8Mb
     sub-directories of 1Mb or more:
     R 1.3Mb
     doc 3.4Mb
Flavors: r-devel-linux-x86_64-fedora-clang, r-devel-windows-ix86+x86_64, r-patched-solaris-x86, r-release-osx-x86_64, r-release-windows-ix86+x86_64, r-oldrel-osx-x86_64, r-oldrel-windows-ix86+x86_64

Version: 1.9-5.0
Check: re-building of vignette outputs
Result: WARN
    Error(s) in re-building vignettes:
     ...
    --- re-building ‘SGP.Rmd’ using rmarkdown
    Warning in engine$weave(file, quiet = quiet, encoding = enc) :
     Pandoc (>= 1.12.3) and/or pandoc-citeproc not available. Falling back to R Markdown v1.
    Quitting from lines 13-29 (SGP.Rmd)
    Error: processing vignette 'SGP.Rmd' failed with diagnostics:
    argument is of length zero
    --- failed re-building ‘SGP.Rmd’
    
    --- re-building ‘SGP_Data_Analysis.Rmd’ using rmarkdown
    Warning in engine$weave(file, quiet = quiet, encoding = enc) :
     Pandoc (>= 1.12.3) and/or pandoc-citeproc not available. Falling back to R Markdown v1.
    Quitting from lines 13-29 (SGP_Data_Analysis.Rmd)
    Error: processing vignette 'SGP_Data_Analysis.Rmd' failed with diagnostics:
    argument is of length zero
    --- failed re-building ‘SGP_Data_Analysis.Rmd’
    
    --- re-building ‘SGP_Data_Preparation.Rmd’ using rmarkdown
    Warning in engine$weave(file, quiet = quiet, encoding = enc) :
     Pandoc (>= 1.12.3) and/or pandoc-citeproc not available. Falling back to R Markdown v1.
    Quitting from lines 13-29 (SGP_Data_Preparation.Rmd)
    Error: processing vignette 'SGP_Data_Preparation.Rmd' failed with diagnostics:
    argument is of length zero
    --- failed re-building ‘SGP_Data_Preparation.Rmd’
    
    SUMMARY: processing the following files failed:
     ‘SGP.Rmd’ ‘SGP_Data_Analysis.Rmd’ ‘SGP_Data_Preparation.Rmd’
    
    Error: Vignette re-building failed.
    Execution halted
Flavor: r-patched-solaris-x86

Version: 1.9-5.0
Check: re-building of vignette outputs
Result: WARN
    Error(s) in re-building vignettes:
    --- re-building ‘SGP.Rmd’ using rmarkdown
    Warning in engine$weave(file, quiet = quiet, encoding = enc) :
     Pandoc (>= 1.12.3) and/or pandoc-citeproc not available. Falling back to R Markdown v1.
    Quitting from lines 13-29 (SGP.Rmd)
    Error: processing vignette 'SGP.Rmd' failed with diagnostics:
    argument is of length zero
    --- failed re-building ‘SGP.Rmd’
    
    --- re-building ‘SGP_Data_Analysis.Rmd’ using rmarkdown
    Warning in engine$weave(file, quiet = quiet, encoding = enc) :
     Pandoc (>= 1.12.3) and/or pandoc-citeproc not available. Falling back to R Markdown v1.
    Quitting from lines 13-29 (SGP_Data_Analysis.Rmd)
    Error: processing vignette 'SGP_Data_Analysis.Rmd' failed with diagnostics:
    argument is of length zero
    --- failed re-building ‘SGP_Data_Analysis.Rmd’
    
    --- re-building ‘SGP_Data_Preparation.Rmd’ using rmarkdown
    Warning in engine$weave(file, quiet = quiet, encoding = enc) :
     Pandoc (>= 1.12.3) and/or pandoc-citeproc not available. Falling back to R Markdown v1.
    Quitting from lines 13-29 (SGP_Data_Preparation.Rmd)
    Error: processing vignette 'SGP_Data_Preparation.Rmd' failed with diagnostics:
    argument is of length zero
    --- failed re-building ‘SGP_Data_Preparation.Rmd’
    
    SUMMARY: processing the following files failed:
     ‘SGP.Rmd’ ‘SGP_Data_Analysis.Rmd’ ‘SGP_Data_Preparation.Rmd’
    
    Error: Vignette re-building failed.
    Execution halted
Flavor: r-oldrel-osx-x86_64