CRAN Package Check Results for Package SGP

Last updated on 2014-04-23 07:55:09.

Flavor Version Tinstall Tcheck Ttotal Status Flags
r-devel-linux-x86_64-debian-clang 1.2-0.0 24.12 101.16 125.29 NOTE
r-devel-linux-x86_64-debian-gcc 1.2-0.0 24.26 101.03 125.29 NOTE
r-devel-linux-x86_64-fedora-clang 1.2-0.0 242.84 NOTE
r-devel-linux-x86_64-fedora-gcc 1.2-0.0 236.68 NOTE
r-devel-osx-x86_64-clang 1.2-0.0 181.26 NOTE
r-devel-osx-x86_64-gcc 1.2-0.0 ERROR
r-devel-windows-ix86+x86_64 1.2-0.0 41.00 130.00 171.00 NOTE
r-patched-linux-x86_64 1.2-0.0 24.05 100.53 124.58 NOTE
r-patched-solaris-sparc 1.2-0.0 1491.40 NOTE
r-patched-solaris-x86 1.2-0.0 267.20 NOTE
r-release-linux-ix86 1.2-0.0 34.00 144.00 178.00 NOTE
r-release-linux-x86_64 1.2-0.0 24.01 101.79 125.80 NOTE
r-release-osx-x86_64-mavericks 1.2-0.0 NOTE
r-release-osx-x86_64-snowleopard 1.2-0.0 NOTE
r-release-windows-ix86+x86_64 1.2-0.0 44.00 145.00 189.00 NOTE
r-oldrel-windows-ix86+x86_64 1.2-0.0 44.00 136.00 180.00 NOTE

Check Details

Version: 1.2-0.0
Check: installed package size
Result: NOTE
     installed size is 7.8Mb
     sub-directories of 1Mb or more:
     data 6.9Mb
Flavors: r-devel-linux-x86_64-debian-clang, r-devel-linux-x86_64-debian-gcc, r-devel-linux-x86_64-fedora-clang, r-devel-linux-x86_64-fedora-gcc, r-devel-osx-x86_64-clang, r-devel-windows-ix86+x86_64, r-patched-linux-x86_64, r-patched-solaris-sparc, r-patched-solaris-x86, r-release-linux-ix86, r-release-linux-x86_64, r-release-osx-x86_64-mavericks, r-release-osx-x86_64-snowleopard, r-release-windows-ix86+x86_64, r-oldrel-windows-ix86+x86_64

Version: 1.2-0.0
Check: package dependencies
Result: ERROR
    Package required but not available: ‘quantreg’
    
    See the information on DESCRIPTION files in the chapter ‘Creating R
    packages’ of the ‘Writing R Extensions’ manual.
Flavor: r-devel-osx-x86_64-gcc