CRAN Package Check Results for Package SGP

Last updated on 2018-08-19 11:48:08 CEST.

Flavor Version Tinstall Tcheck Ttotal Status Flags
r-devel-linux-x86_64-debian-clang 1.8-0.0 39.66 221.16 260.82 OK
r-devel-linux-x86_64-debian-gcc 1.8-0.0 37.46 170.97 208.43 OK
r-devel-linux-x86_64-fedora-clang 1.8-0.0 311.01 NOTE
r-devel-linux-x86_64-fedora-gcc 1.8-0.0 304.71 OK
r-devel-windows-ix86+x86_64 1.8-0.0 83.00 211.00 294.00 NOTE
r-patched-linux-x86_64 1.8-0.0 42.08 197.47 239.55 OK
r-patched-solaris-x86 1.8-0.0 378.80 WARN
r-release-linux-x86_64 1.8-0.0 38.76 197.62 236.38 OK
r-release-windows-ix86+x86_64 1.8-0.0 80.00 253.00 333.00 NOTE
r-release-osx-x86_64 1.8-0.0 WARN
r-oldrel-windows-ix86+x86_64 1.8-0.0 63.00 211.00 274.00 NOTE
r-oldrel-osx-x86_64 1.8-0.0 WARN

Check Details

Version: 1.8-0.0
Check: installed package size
Result: NOTE
     installed size is 5.6Mb
     sub-directories of 1Mb or more:
     R 1.2Mb
     doc 3.3Mb
Flavors: r-devel-linux-x86_64-fedora-clang, r-devel-windows-ix86+x86_64, r-patched-solaris-x86, r-release-windows-ix86+x86_64, r-release-osx-x86_64, r-oldrel-windows-ix86+x86_64, r-oldrel-osx-x86_64

Version: 1.8-0.0
Check: re-building of vignette outputs
Result: WARN
    Error in re-building vignettes:
     ...
    Warning in engine$weave(file, quiet = quiet, encoding = enc) :
     Pandoc (>= 1.12.3) and/or pandoc-citeproc not available. Falling back to R Markdown v1.
    Quitting from lines 13-29 (SGP.Rmd)
    Error: processing vignette 'SGP.Rmd' failed with diagnostics:
    argument is of length zero
    Execution halted
Flavors: r-patched-solaris-x86, r-release-osx-x86_64, r-oldrel-osx-x86_64