CRAN Package Check Results for Package SGP

Last updated on 2019-07-16 07:51:04 CEST.

Flavor Version Tinstall Tcheck Ttotal Status Flags
r-devel-linux-x86_64-debian-clang 1.9-0.0 48.90 220.80 269.70 OK
r-devel-linux-x86_64-debian-gcc 1.9-0.0 42.87 172.34 215.21 OK
r-devel-linux-x86_64-fedora-clang 1.9-0.0 347.26 NOTE
r-devel-linux-x86_64-fedora-gcc 1.9-0.0 340.91 OK
r-devel-windows-ix86+x86_64 1.9-0.0 99.00 311.00 410.00 NOTE
r-patched-linux-x86_64 1.9-0.0 51.09 222.40 273.49 OK
r-patched-solaris-x86 1.9-0.0 448.20 WARN
r-release-linux-x86_64 1.9-0.0 50.37 222.34 272.71 OK
r-release-windows-ix86+x86_64 1.9-0.0 78.00 296.00 374.00 NOTE
r-release-osx-x86_64 1.9-0.0 WARN
r-oldrel-windows-ix86+x86_64 1.9-0.0 81.00 266.00 347.00 NOTE
r-oldrel-osx-x86_64 1.9-0.0 WARN

Check Details

Version: 1.9-0.0
Check: installed package size
Result: NOTE
     installed size is 5.4Mb
     sub-directories of 1Mb or more:
     R 1.3Mb
     doc 3.0Mb
Flavors: r-devel-linux-x86_64-fedora-clang, r-devel-windows-ix86+x86_64, r-patched-solaris-x86, r-release-windows-ix86+x86_64, r-release-osx-x86_64, r-oldrel-windows-ix86+x86_64, r-oldrel-osx-x86_64

Version: 1.9-0.0
Check: re-building of vignette outputs
Result: WARN
    Error(s) in re-building vignettes:
     ...
    --- re-building ‘SGP.Rmd’ using rmarkdown
    Warning in engine$weave(file, quiet = quiet, encoding = enc) :
     Pandoc (>= 1.12.3) and/or pandoc-citeproc not available. Falling back to R Markdown v1.
    Quitting from lines 13-29 (SGP.Rmd)
    Error: processing vignette 'SGP.Rmd' failed with diagnostics:
    argument is of length zero
    --- failed re-building ‘SGP.Rmd’
    
    --- re-building ‘SGP_Data_Analysis.Rmd’ using rmarkdown
    Warning in engine$weave(file, quiet = quiet, encoding = enc) :
     Pandoc (>= 1.12.3) and/or pandoc-citeproc not available. Falling back to R Markdown v1.
    Quitting from lines 13-29 (SGP_Data_Analysis.Rmd)
    Error: processing vignette 'SGP_Data_Analysis.Rmd' failed with diagnostics:
    argument is of length zero
    --- failed re-building ‘SGP_Data_Analysis.Rmd’
    
    --- re-building ‘SGP_Data_Preparation.Rmd’ using rmarkdown
    Warning in engine$weave(file, quiet = quiet, encoding = enc) :
     Pandoc (>= 1.12.3) and/or pandoc-citeproc not available. Falling back to R Markdown v1.
    Quitting from lines 13-29 (SGP_Data_Preparation.Rmd)
    Error: processing vignette 'SGP_Data_Preparation.Rmd' failed with diagnostics:
    argument is of length zero
    --- failed re-building ‘SGP_Data_Preparation.Rmd’
    
    SUMMARY: processing the following files failed:
     ‘SGP.Rmd’ ‘SGP_Data_Analysis.Rmd’ ‘SGP_Data_Preparation.Rmd’
    
    Error: Vignette re-building failed.
    Execution halted
Flavor: r-patched-solaris-x86

Version: 1.9-0.0
Check: re-building of vignette outputs
Result: WARN
    Error(s) in re-building vignettes:
    --- re-building ‘SGP.Rmd’ using rmarkdown
    Warning in engine$weave(file, quiet = quiet, encoding = enc) :
     Pandoc (>= 1.12.3) and/or pandoc-citeproc not available. Falling back to R Markdown v1.
    Quitting from lines 13-29 (SGP.Rmd)
    Error: processing vignette 'SGP.Rmd' failed with diagnostics:
    argument is of length zero
    --- failed re-building ‘SGP.Rmd’
    
    --- re-building ‘SGP_Data_Analysis.Rmd’ using rmarkdown
    Warning in engine$weave(file, quiet = quiet, encoding = enc) :
     Pandoc (>= 1.12.3) and/or pandoc-citeproc not available. Falling back to R Markdown v1.
    Quitting from lines 13-29 (SGP_Data_Analysis.Rmd)
    Error: processing vignette 'SGP_Data_Analysis.Rmd' failed with diagnostics:
    argument is of length zero
    --- failed re-building ‘SGP_Data_Analysis.Rmd’
    
    --- re-building ‘SGP_Data_Preparation.Rmd’ using rmarkdown
    Warning in engine$weave(file, quiet = quiet, encoding = enc) :
     Pandoc (>= 1.12.3) and/or pandoc-citeproc not available. Falling back to R Markdown v1.
    Quitting from lines 13-29 (SGP_Data_Preparation.Rmd)
    Error: processing vignette 'SGP_Data_Preparation.Rmd' failed with diagnostics:
    argument is of length zero
    --- failed re-building ‘SGP_Data_Preparation.Rmd’
    
    SUMMARY: processing the following files failed:
     ‘SGP.Rmd’ ‘SGP_Data_Analysis.Rmd’ ‘SGP_Data_Preparation.Rmd’
    
    Error: Vignette re-building failed.
    Execution halted
Flavor: r-release-osx-x86_64

Version: 1.9-0.0
Check: re-building of vignette outputs
Result: WARN
    Error in re-building vignettes:
     ...
    Warning in engine$weave(file, quiet = quiet, encoding = enc) :
     Pandoc (>= 1.12.3) and/or pandoc-citeproc not available. Falling back to R Markdown v1.
    Quitting from lines 13-29 (SGP.Rmd)
    Error: processing vignette 'SGP.Rmd' failed with diagnostics:
    argument is of length zero
    Execution halted
Flavor: r-oldrel-osx-x86_64