CRAN Package Check Results for Package SGPdata

Last updated on 2015-07-03 07:48:18.

Flavor Version Tinstall Tcheck Ttotal Status Flags
r-devel-linux-x86_64-debian-clang 8.0-0.0 7.91 15.26 23.16 NOTE
r-devel-linux-x86_64-debian-gcc 8.0-0.0 8.99 14.39 23.38 NOTE
r-devel-linux-x86_64-fedora-clang 8.0-0.0 44.67 NOTE
r-devel-linux-x86_64-fedora-gcc 8.0-0.0 44.47 NOTE
r-devel-osx-x86_64-clang 8.0-0.0 45.76 NOTE
r-devel-windows-ix86+x86_64 8.0-0.0 15.00 26.00 41.00 NOTE
r-patched-linux-x86_64 8.0-0.0 7.90 15.26 23.16 NOTE
r-patched-solaris-sparc 8.0-0.0 378.50 NOTE
r-patched-solaris-x86 8.0-0.0 76.70 NOTE
r-release-linux-x86_64 8.0-0.0 8.18 14.80 22.99 NOTE
r-release-osx-x86_64-mavericks 8.0-0.0 NOTE
r-release-windows-ix86+x86_64 8.0-0.0 15.00 26.00 41.00 NOTE
r-oldrel-windows-ix86+x86_64 8.0-0.0 16.00 25.00 41.00 NOTE

Check Details

Version: 8.0-0.0
Check: installed package size
Result: NOTE
     installed size is 7.5Mb
     sub-directories of 1Mb or more:
     data 7.4Mb
Flavors: r-devel-linux-x86_64-debian-clang, r-devel-linux-x86_64-debian-gcc, r-devel-linux-x86_64-fedora-clang, r-devel-linux-x86_64-fedora-gcc, r-devel-osx-x86_64-clang, r-devel-windows-ix86+x86_64, r-patched-linux-x86_64, r-patched-solaris-sparc, r-patched-solaris-x86, r-release-linux-x86_64, r-release-osx-x86_64-mavericks, r-release-windows-ix86+x86_64, r-oldrel-windows-ix86+x86_64