CRAN Package Check Results for Package SGPdata

Last updated on 2016-02-11 23:47:42.

Flavor Version Tinstall Tcheck Ttotal Status Flags
r-devel-linux-x86_64-debian-gcc 12.0-0.0 8.95 14.82 23.76 NOTE
r-devel-linux-x86_64-fedora-clang 12.0-0.0 45.68 NOTE
r-devel-linux-x86_64-fedora-gcc 12.0-0.0 43.77 NOTE
r-devel-osx-x86_64-clang 12.0-0.0 53.77 NOTE
r-devel-windows-ix86+x86_64 12.0-0.0 20.00 39.00 59.00 NOTE
r-patched-linux-x86_64 12.0-0.0 8.76 15.68 24.44 NOTE
r-patched-solaris-sparc 12.0-0.0 402.50 NOTE
r-patched-solaris-x86 12.0-0.0 76.50 NOTE
r-release-linux-x86_64 12.0-0.0 8.73 16.60 25.33 NOTE
r-release-osx-x86_64-mavericks 12.0-0.0 NOTE
r-release-windows-ix86+x86_64 12.0-0.0 19.00 36.00 55.00 NOTE
r-oldrel-windows-ix86+x86_64 12.0-0.0 22.00 32.00 54.00 NOTE

Check Details

Version: 12.0-0.0
Check: installed package size
Result: NOTE
     installed size is 7.8Mb
     sub-directories of 1Mb or more:
     data 7.7Mb
Flavors: r-devel-linux-x86_64-debian-gcc, r-devel-linux-x86_64-fedora-clang, r-devel-linux-x86_64-fedora-gcc, r-devel-osx-x86_64-clang, r-devel-windows-ix86+x86_64, r-patched-linux-x86_64, r-patched-solaris-sparc, r-patched-solaris-x86, r-release-linux-x86_64, r-release-osx-x86_64-mavericks, r-release-windows-ix86+x86_64, r-oldrel-windows-ix86+x86_64