CRAN Package Check Results for Package SGPdata

Last updated on 2014-04-19 05:47:52.

Flavor Version Tinstall Tcheck Ttotal Status Flags
r-devel-linux-x86_64-debian-clang 8.0-0.0 8.74 17.28 26.02 NOTE
r-devel-linux-x86_64-debian-gcc 8.0-0.0 8.87 17.22 26.09 NOTE
r-devel-linux-x86_64-fedora-clang 8.0-0.0 57.21 NOTE
r-devel-linux-x86_64-fedora-gcc 8.0-0.0 49.80 NOTE
r-devel-macosx-x86_64-clang 8.0-0.0 46.37 NOTE
r-devel-macosx-x86_64-gcc 8.0-0.0 NOTE
r-devel-windows-ix86+x86_64 8.0-0.0 15.00 29.00 44.00 NOTE
r-patched-linux-x86_64 8.0-0.0 8.62 17.10 25.71 NOTE
r-patched-solaris-sparc 8.0-0.0 386.00 NOTE
r-patched-solaris-x86 8.0-0.0 77.40 NOTE
r-release-linux-ix86 8.0-0.0 22.00 35.00 57.00 NOTE
r-release-linux-x86_64 8.0-0.0 8.81 16.91 25.72 NOTE
r-release-macosx-x86_64 8.0-0.0 NOTE
r-release-windows-ix86+x86_64 8.0-0.0 15.00 29.00 44.00 NOTE
r-oldrel-windows-ix86+x86_64 8.0-0.0 17.00 27.00 44.00 NOTE

Check Details

Version: 8.0-0.0
Check: installed package size
Result: NOTE
     installed size is 7.5Mb
     sub-directories of 1Mb or more:
     data 7.4Mb
Flavors: r-devel-linux-x86_64-debian-clang, r-devel-linux-x86_64-debian-gcc, r-devel-linux-x86_64-fedora-clang, r-devel-linux-x86_64-fedora-gcc, r-devel-macosx-x86_64-clang, r-devel-macosx-x86_64-gcc, r-devel-windows-ix86+x86_64, r-patched-linux-x86_64, r-patched-solaris-sparc, r-patched-solaris-x86, r-release-linux-ix86, r-release-linux-x86_64, r-release-macosx-x86_64, r-release-windows-ix86+x86_64, r-oldrel-windows-ix86+x86_64

Version: 8.0-0.0
Check: package dependencies
Result: NOTE
    Package suggested but not available for checking: ‘SGP’
Flavor: r-devel-macosx-x86_64-gcc