CRAN Package Check Results for Package SGPdata

Last updated on 2017-10-18 08:48:33.

Flavor Version Tinstall Tcheck Ttotal Status Flags
r-devel-linux-x86_64-debian-clang 17.0-0.0 9.35 22.44 31.79 OK
r-devel-linux-x86_64-debian-gcc 17.0-0.0 10.34 22.72 33.06 OK
r-devel-linux-x86_64-fedora-clang 17.0-0.0 60.58 NOTE
r-devel-linux-x86_64-fedora-gcc 17.0-0.0 58.49 NOTE
r-devel-windows-ix86+x86_64 17.0-0.0 17.00 41.00 58.00 NOTE
r-patched-linux-x86_64 17.0-0.0 9.38 22.06 31.44 OK
r-patched-solaris-x86 17.0-0.0 95.60 NOTE
r-release-linux-x86_64 17.0-0.0 9.11 21.98 31.09 OK
r-release-windows-ix86+x86_64 17.0-0.0 21.00 55.00 76.00 NOTE
r-release-osx-x86_64 17.0-0.0 NOTE
r-oldrel-windows-ix86+x86_64 17.0-0.0 21.00 52.00 73.00 NOTE
r-oldrel-osx-x86_64 17.0-0.0 NOTE

Check Details

Version: 17.0-0.0
Check: installed package size
Result: NOTE
     installed size is 7.9Mb
     sub-directories of 1Mb or more:
     data 7.8Mb
Flavors: r-devel-linux-x86_64-fedora-clang, r-devel-linux-x86_64-fedora-gcc, r-devel-windows-ix86+x86_64, r-patched-solaris-x86, r-release-windows-ix86+x86_64, r-release-osx-x86_64, r-oldrel-windows-ix86+x86_64, r-oldrel-osx-x86_64

Version: 17.0-0.0
Check: package dependencies
Result: NOTE
    Package suggested but not available for checking: ‘SGP’
Flavor: r-release-osx-x86_64