CRAN Package Check Results for Package SGPdata

Last updated on 2016-12-05 12:51:53.

Flavor Version Tinstall Tcheck Ttotal Status Flags
r-devel-linux-x86_64-debian-clang 14.0-0.0 9.33 21.26 30.59 OK
r-devel-linux-x86_64-debian-gcc 14.0-0.0 9.17 21.04 30.22 OK
r-devel-linux-x86_64-fedora-clang 14.0-0.0 60.73 NOTE --no-stop-on-test-error
r-devel-linux-x86_64-fedora-gcc 14.0-0.0 59.84 NOTE --no-stop-on-test-error
r-devel-macos-x86_64-clang 14.0-0.0 49.43 NOTE --no-stop-on-test-error
r-devel-windows-ix86+x86_64 14.0-0.0 17.00 42.00 59.00 NOTE
r-patched-linux-x86_64 14.0-0.0 9.15 18.73 27.88 OK
r-patched-solaris-sparc 14.0-0.0 441.50 NOTE
r-patched-solaris-x86 14.0-0.0 86.40 NOTE
r-release-linux-x86_64 14.0-0.0 9.19 18.93 28.12 OK
r-release-osx-x86_64-mavericks 14.0-0.0 NOTE
r-release-windows-ix86+x86_64 14.0-0.0 20.00 42.00 62.00 NOTE
r-oldrel-windows-ix86+x86_64 14.0-0.0 21.00 40.00 61.00 NOTE

Check Details

Version: 14.0-0.0
Flags: --no-stop-on-test-error
Check: installed package size
Result: NOTE
     installed size is 7.8Mb
     sub-directories of 1Mb or more:
     data 7.7Mb
Flavors: r-devel-linux-x86_64-fedora-clang, r-devel-linux-x86_64-fedora-gcc, r-devel-macos-x86_64-clang

Version: 14.0-0.0
Check: installed package size
Result: NOTE
     installed size is 7.7Mb
     sub-directories of 1Mb or more:
     data 7.7Mb
Flavors: r-devel-windows-ix86+x86_64, r-patched-solaris-sparc, r-patched-solaris-x86, r-release-osx-x86_64-mavericks, r-release-windows-ix86+x86_64, r-oldrel-windows-ix86+x86_64