CRAN Package Check Results for Package SGPdata

Last updated on 2014-08-30 04:48:24.

Flavor Version Tinstall Tcheck Ttotal Status Flags
r-devel-linux-x86_64-debian-clang 8.0-0.0 9.28 15.02 24.30 NOTE
r-devel-linux-x86_64-debian-gcc 8.0-0.0 8.72 15.16 23.89 NOTE
r-devel-linux-x86_64-fedora-clang 8.0-0.0 53.81 NOTE
r-devel-linux-x86_64-fedora-gcc 8.0-0.0 47.43 NOTE
r-devel-osx-x86_64-clang 8.0-0.0 46.85 NOTE
r-devel-windows-ix86+x86_64 8.0-0.0 19.00 24.00 43.00 NOTE
r-patched-linux-x86_64 8.0-0.0 8.70 16.75 25.45 NOTE
r-patched-solaris-sparc 8.0-0.0 380.90 NOTE
r-patched-solaris-x86 8.0-0.0 90.30 NOTE
r-release-linux-ix86 8.0-0.0 14.00 25.73 39.74 NOTE
r-release-linux-x86_64 8.0-0.0 8.96 16.91 25.87 NOTE
r-release-osx-x86_64-mavericks 8.0-0.0 NOTE
r-release-osx-x86_64-snowleopard 8.0-0.0 NOTE
r-release-windows-ix86+x86_64 8.0-0.0 14.00 28.00 42.00 NOTE
r-oldrel-windows-ix86+x86_64 8.0-0.0 20.00 29.00 49.00 NOTE

Check Details

Version: 8.0-0.0
Check: installed package size
Result: NOTE
     installed size is 7.5Mb
     sub-directories of 1Mb or more:
     data 7.4Mb
Flavors: r-devel-linux-x86_64-debian-clang, r-devel-linux-x86_64-debian-gcc, r-devel-linux-x86_64-fedora-clang, r-devel-linux-x86_64-fedora-gcc, r-devel-osx-x86_64-clang, r-devel-windows-ix86+x86_64, r-patched-linux-x86_64, r-patched-solaris-sparc, r-patched-solaris-x86, r-release-linux-ix86, r-release-linux-x86_64, r-release-osx-x86_64-mavericks, r-release-osx-x86_64-snowleopard, r-release-windows-ix86+x86_64, r-oldrel-windows-ix86+x86_64