CRAN Package Check Results for Package SGPdata

Last updated on 2015-09-02 23:47:10.

Flavor Version Tinstall Tcheck Ttotal Status Flags
r-devel-linux-x86_64-debian-clang 8.0-0.0 8.19 13.72 21.91 NOTE
r-devel-linux-x86_64-debian-gcc 8.0-0.0 7.90 13.93 21.83 NOTE
r-devel-linux-x86_64-fedora-clang 8.0-0.0 44.88 NOTE
r-devel-linux-x86_64-fedora-gcc 8.0-0.0 42.53 NOTE
r-devel-osx-x86_64-clang 8.0-0.0 37.63 NOTE
r-devel-windows-ix86+x86_64 8.0-0.0 20.00 34.00 54.00 NOTE
r-patched-linux-x86_64 8.0-0.0 7.99 14.78 22.78 NOTE
r-patched-solaris-sparc 8.0-0.0 384.60 NOTE
r-patched-solaris-x86 8.0-0.0 75.50 NOTE
r-release-linux-x86_64 8.0-0.0 8.05 14.71 22.76 NOTE
r-release-osx-x86_64-mavericks 8.0-0.0 NOTE
r-release-windows-ix86+x86_64 8.0-0.0 19.00 29.00 48.00 NOTE
r-oldrel-windows-ix86+x86_64 8.0-0.0 20.00 30.00 50.00 NOTE

Check Details

Version: 8.0-0.0
Check: installed package size
Result: NOTE
     installed size is 7.5Mb
     sub-directories of 1Mb or more:
     data 7.4Mb
Flavors: r-devel-linux-x86_64-debian-clang, r-devel-linux-x86_64-debian-gcc, r-devel-linux-x86_64-fedora-clang, r-devel-linux-x86_64-fedora-gcc, r-devel-osx-x86_64-clang, r-devel-windows-ix86+x86_64, r-patched-linux-x86_64, r-patched-solaris-sparc, r-patched-solaris-x86, r-release-linux-x86_64, r-release-osx-x86_64-mavericks, r-release-windows-ix86+x86_64, r-oldrel-windows-ix86+x86_64