CRAN Package Check Results for Package SGPdata

Last updated on 2014-09-23 12:47:08.

Flavor Version Tinstall Tcheck Ttotal Status Flags
r-devel-linux-x86_64-debian-clang 8.0-0.0 8.63 15.35 23.98 NOTE
r-devel-linux-x86_64-debian-gcc 8.0-0.0 12.22 15.64 27.86 NOTE
r-devel-linux-x86_64-fedora-clang 8.0-0.0 49.64 NOTE
r-devel-linux-x86_64-fedora-gcc 8.0-0.0 49.15 NOTE
r-devel-osx-x86_64-clang 8.0-0.0 48.68 NOTE
r-devel-windows-ix86+x86_64 8.0-0.0 15.00 27.00 42.00 NOTE
r-patched-linux-x86_64 8.0-0.0 9.29 17.27 26.56 NOTE
r-patched-solaris-sparc 8.0-0.0 380.90 NOTE
r-patched-solaris-x86 8.0-0.0 87.00 NOTE
r-release-linux-ix86 8.0-0.0 14.03 26.07 40.10 NOTE
r-release-linux-x86_64 8.0-0.0 8.90 17.62 26.52 NOTE
r-release-osx-x86_64-mavericks 8.0-0.0 NOTE
r-release-osx-x86_64-snowleopard 8.0-0.0 NOTE
r-release-windows-ix86+x86_64 8.0-0.0 14.00 28.00 42.00 NOTE
r-oldrel-windows-ix86+x86_64 8.0-0.0 16.00 31.00 47.00 NOTE

Check Details

Version: 8.0-0.0
Check: installed package size
Result: NOTE
     installed size is 7.5Mb
     sub-directories of 1Mb or more:
     data 7.4Mb
Flavors: r-devel-linux-x86_64-debian-clang, r-devel-linux-x86_64-debian-gcc, r-devel-linux-x86_64-fedora-clang, r-devel-linux-x86_64-fedora-gcc, r-devel-osx-x86_64-clang, r-devel-windows-ix86+x86_64, r-patched-linux-x86_64, r-patched-solaris-sparc, r-patched-solaris-x86, r-release-linux-ix86, r-release-linux-x86_64, r-release-osx-x86_64-mavericks, r-release-osx-x86_64-snowleopard, r-release-windows-ix86+x86_64, r-oldrel-windows-ix86+x86_64