CRAN Package Check Results for Package SGPdata

Last updated on 2018-05-21 09:48:06 CEST.

Flavor Version Tinstall Tcheck Ttotal Status Flags
r-devel-linux-x86_64-debian-clang 20.0-0.0 10.91 36.73 47.64 OK
r-devel-linux-x86_64-debian-gcc 20.0-0.0 11.33 32.79 44.12 OK
r-devel-linux-x86_64-fedora-clang 20.0-0.0 65.57 NOTE
r-devel-linux-x86_64-fedora-gcc 20.0-0.0 63.33 NOTE
r-devel-windows-ix86+x86_64 20.0-0.0 22.00 48.00 70.00 NOTE
r-patched-linux-x86_64 20.0-0.0 11.88 38.08 49.96 OK
r-patched-solaris-x86 20.0-0.0 105.70 WARN
r-release-linux-x86_64 20.0-0.0 10.96 37.79 48.75 OK
r-release-windows-ix86+x86_64 20.0-0.0 21.00 74.00 95.00 NOTE
r-release-osx-x86_64 20.0-0.0 WARN
r-oldrel-windows-ix86+x86_64 20.0-0.0 15.00 47.00 62.00 NOTE
r-oldrel-osx-x86_64 20.0-0.0 WARN

Check Details

Version: 20.0-0.0
Check: installed package size
Result: NOTE
     installed size is 7.9Mb
     sub-directories of 1Mb or more:
     data 7.8Mb
Flavors: r-devel-linux-x86_64-fedora-clang, r-devel-linux-x86_64-fedora-gcc, r-devel-windows-ix86+x86_64, r-patched-solaris-x86, r-release-windows-ix86+x86_64, r-release-osx-x86_64, r-oldrel-windows-ix86+x86_64, r-oldrel-osx-x86_64

Version: 20.0-0.0
Check: re-building of vignette outputs
Result: WARN
    Error in re-building vignettes:
     ...
    Warning in engine$weave(file, quiet = quiet, encoding = enc) :
     Pandoc (>= 1.12.3) and/or pandoc-citeproc not available. Falling back to R Markdown v1.
    Quitting from lines 13-28 (SGPdata.Rmd)
    Error: processing vignette 'SGPdata.Rmd' failed with diagnostics:
    argument is of length zero
    Execution halted
Flavors: r-patched-solaris-x86, r-release-osx-x86_64, r-oldrel-osx-x86_64