CRAN Package Check Results for Package SGPdata

Last updated on 2017-01-20 23:50:50.

Flavor Version Tinstall Tcheck Ttotal Status Flags
r-devel-linux-x86_64-debian-clang 14.0-0.0 9.31 21.14 30.45 OK
r-devel-linux-x86_64-debian-gcc 14.0-0.0 9.11 20.89 30.00 OK
r-devel-linux-x86_64-fedora-clang 14.0-0.0 57.82 NOTE --no-stop-on-test-error
r-devel-linux-x86_64-fedora-gcc 14.0-0.0 58.98 NOTE --no-stop-on-test-error
r-devel-macos-x86_64-clang 14.0-0.0 48.96 NOTE --no-stop-on-test-error
r-devel-windows-ix86+x86_64 14.0-0.0 23.00 43.00 66.00 NOTE
r-patched-linux-x86_64 14.0-0.0 9.25 19.31 28.56 OK
r-patched-solaris-sparc 14.0-0.0 455.70 NOTE
r-patched-solaris-x86 14.0-0.0 85.30 NOTE
r-release-linux-x86_64 14.0-0.0 9.16 19.33 28.49 OK
r-release-osx-x86_64-mavericks 14.0-0.0 NOTE
r-release-windows-ix86+x86_64 14.0-0.0 17.00 41.00 58.00 NOTE
r-oldrel-windows-ix86+x86_64 14.0-0.0 22.00 52.00 74.00 NOTE

Check Details

Version: 14.0-0.0
Flags: --no-stop-on-test-error
Check: installed package size
Result: NOTE
     installed size is 7.8Mb
     sub-directories of 1Mb or more:
     data 7.7Mb
Flavors: r-devel-linux-x86_64-fedora-clang, r-devel-linux-x86_64-fedora-gcc, r-devel-macos-x86_64-clang

Version: 14.0-0.0
Check: installed package size
Result: NOTE
     installed size is 7.7Mb
     sub-directories of 1Mb or more:
     data 7.7Mb
Flavors: r-devel-windows-ix86+x86_64, r-patched-solaris-sparc, r-patched-solaris-x86, r-release-osx-x86_64-mavericks, r-release-windows-ix86+x86_64, r-oldrel-windows-ix86+x86_64