CRAN Package Check Results for Package SGPdata

Last updated on 2014-11-29 07:51:21.

Flavor Version Tinstall Tcheck Ttotal Status Flags
r-devel-linux-x86_64-debian-clang 8.0-0.0 8.14 15.83 23.98 NOTE
r-devel-linux-x86_64-debian-gcc 8.0-0.0 8.72 15.88 24.59 NOTE
r-devel-linux-x86_64-fedora-clang 8.0-0.0 53.67 NOTE
r-devel-linux-x86_64-fedora-gcc 8.0-0.0 52.88 NOTE
r-devel-osx-x86_64-clang 8.0-0.0 48.30 NOTE
r-devel-windows-ix86+x86_64 8.0-0.0 16.00 26.00 42.00 NOTE
r-patched-linux-x86_64 8.0-0.0 8.99 16.36 25.35 NOTE
r-patched-solaris-sparc 8.0-0.0 380.90 NOTE
r-patched-solaris-x86 8.0-0.0 81.90 NOTE
r-release-linux-ix86 8.0-0.0 13.26 23.59 36.85 NOTE
r-release-linux-x86_64 8.0-0.0 8.59 15.88 24.47 NOTE
r-release-osx-x86_64-mavericks 8.0-0.0 NOTE
r-release-osx-x86_64-snowleopard 8.0-0.0 NOTE
r-release-windows-ix86+x86_64 8.0-0.0 16.00 26.00 42.00 NOTE
r-oldrel-windows-ix86+x86_64 8.0-0.0 18.00 28.00 46.00 NOTE

Check Details

Version: 8.0-0.0
Check: installed package size
Result: NOTE
     installed size is 7.5Mb
     sub-directories of 1Mb or more:
     data 7.4Mb
Flavors: r-devel-linux-x86_64-debian-clang, r-devel-linux-x86_64-debian-gcc, r-devel-linux-x86_64-fedora-clang, r-devel-linux-x86_64-fedora-gcc, r-devel-osx-x86_64-clang, r-devel-windows-ix86+x86_64, r-patched-linux-x86_64, r-patched-solaris-sparc, r-patched-solaris-x86, r-release-linux-ix86, r-release-linux-x86_64, r-release-osx-x86_64-mavericks, r-release-osx-x86_64-snowleopard, r-release-windows-ix86+x86_64, r-oldrel-windows-ix86+x86_64