CRAN Package Check Results for Package SGPdata

Last updated on 2014-07-23 08:49:55.

Flavor Version Tinstall Tcheck Ttotal Status Flags
r-devel-linux-x86_64-debian-clang 8.0-0.0 8.69 17.34 26.03 NOTE
r-devel-linux-x86_64-debian-gcc 8.0-0.0 9.08 16.84 25.92 NOTE
r-devel-linux-x86_64-fedora-clang 8.0-0.0 52.21 NOTE
r-devel-linux-x86_64-fedora-gcc 8.0-0.0 52.19 NOTE
r-devel-osx-x86_64-clang 8.0-0.0 49.59 NOTE
r-devel-windows-ix86+x86_64 8.0-0.0 15.00 26.00 41.00 NOTE
r-patched-linux-x86_64 8.0-0.0 9.26 16.75 26.01 NOTE
r-patched-solaris-sparc 8.0-0.0 386.00 NOTE
r-patched-solaris-x86 8.0-0.0 84.10 NOTE
r-release-linux-ix86 8.0-0.0 13.95 25.90 39.85 NOTE
r-release-linux-x86_64 8.0-0.0 8.68 16.96 25.63 NOTE
r-release-osx-x86_64-mavericks 8.0-0.0 NOTE
r-release-osx-x86_64-snowleopard 8.0-0.0 NOTE
r-release-windows-ix86+x86_64 8.0-0.0 13.00 29.00 42.00 NOTE
r-oldrel-windows-ix86+x86_64 8.0-0.0 19.00 29.00 48.00 NOTE

Check Details

Version: 8.0-0.0
Check: installed package size
Result: NOTE
     installed size is 7.5Mb
     sub-directories of 1Mb or more:
     data 7.4Mb
Flavors: r-devel-linux-x86_64-debian-clang, r-devel-linux-x86_64-debian-gcc, r-devel-linux-x86_64-fedora-clang, r-devel-linux-x86_64-fedora-gcc, r-devel-osx-x86_64-clang, r-devel-windows-ix86+x86_64, r-patched-linux-x86_64, r-patched-solaris-sparc, r-patched-solaris-x86, r-release-linux-ix86, r-release-linux-x86_64, r-release-osx-x86_64-mavericks, r-release-osx-x86_64-snowleopard, r-release-windows-ix86+x86_64, r-oldrel-windows-ix86+x86_64