CRAN Package Check Results for Package SGPdata

Last updated on 2016-08-30 10:49:27.

Flavor Version Tinstall Tcheck Ttotal Status Flags
r-devel-linux-x86_64-debian-clang 13.0-0.0 8.75 15.27 24.02 NOTE
r-devel-linux-x86_64-debian-gcc 13.0-0.0 8.89 15.33 24.22 NOTE
r-devel-linux-x86_64-fedora-clang 13.0-0.0 45.89 NOTE
r-devel-linux-x86_64-fedora-gcc 13.0-0.0 44.67 NOTE
r-devel-osx-x86_64-clang 13.0-0.0 38.57 NOTE
r-devel-windows-ix86+x86_64 13.0-0.0 20.00 57.00 77.00 NOTE
r-patched-linux-x86_64 13.0-0.0 8.81 15.22 24.03 NOTE
r-patched-solaris-sparc 13.0-0.0 405.50 NOTE
r-patched-solaris-x86 13.0-0.0 76.70 NOTE
r-release-linux-x86_64 13.0-0.0 8.80 15.64 24.44 NOTE
r-release-osx-x86_64-mavericks 13.0-0.0 NOTE
r-release-windows-ix86+x86_64 13.0-0.0 17.00 34.00 51.00 NOTE
r-oldrel-windows-ix86+x86_64 13.0-0.0 20.00 69.00 89.00 NOTE

Check Details

Version: 13.0-0.0
Check: installed package size
Result: NOTE
     installed size is 7.8Mb
     sub-directories of 1Mb or more:
     data 7.7Mb
Flavors: r-devel-linux-x86_64-debian-clang, r-devel-linux-x86_64-debian-gcc, r-devel-linux-x86_64-fedora-clang, r-devel-linux-x86_64-fedora-gcc, r-devel-osx-x86_64-clang, r-devel-windows-ix86+x86_64, r-patched-linux-x86_64, r-patched-solaris-sparc, r-patched-solaris-x86, r-release-linux-x86_64, r-release-osx-x86_64-mavericks, r-release-windows-ix86+x86_64, r-oldrel-windows-ix86+x86_64