CRAN Package Check Results for Package SGPdata

Last updated on 2016-05-04 11:39:08.

Flavor Version Tinstall Tcheck Ttotal Status Flags
r-devel-linux-x86_64-debian-gcc 13.0-0.0 9.87 15.53 25.40 NOTE
r-devel-linux-x86_64-fedora-clang 13.0-0.0 46.00 NOTE
r-devel-linux-x86_64-fedora-gcc 13.0-0.0 44.70 NOTE
r-devel-osx-x86_64-clang 13.0-0.0 53.64 NOTE
r-devel-windows-ix86+x86_64 13.0-0.0 19.00 35.00 54.00 NOTE
r-patched-linux-x86_64 13.0-0.0 8.97 15.49 24.46 NOTE
r-patched-solaris-sparc 13.0-0.0 392.00 NOTE
r-patched-solaris-x86 13.0-0.0 76.50 NOTE
r-release-linux-x86_64 13.0-0.0 9.09 15.44 24.53 NOTE
r-release-osx-x86_64-mavericks 13.0-0.0 NOTE
r-release-windows-ix86+x86_64 13.0-0.0 17.00 45.00 62.00 NOTE
r-oldrel-windows-ix86+x86_64 13.0-0.0 15.00 31.00 46.00 NOTE

Check Details

Version: 13.0-0.0
Check: installed package size
Result: NOTE
     installed size is 7.8Mb
     sub-directories of 1Mb or more:
     data 7.7Mb
Flavors: r-devel-linux-x86_64-debian-gcc, r-devel-linux-x86_64-fedora-clang, r-devel-linux-x86_64-fedora-gcc, r-devel-osx-x86_64-clang, r-devel-windows-ix86+x86_64, r-patched-linux-x86_64, r-patched-solaris-sparc, r-patched-solaris-x86, r-release-linux-x86_64, r-release-osx-x86_64-mavericks, r-release-windows-ix86+x86_64, r-oldrel-windows-ix86+x86_64