CRAN Package Check Results for Package SGPdata

Last updated on 2015-01-27 19:50:31.

Flavor Version Tinstall Tcheck Ttotal Status Flags
r-devel-linux-x86_64-debian-clang 8.0-0.0 8.11 15.44 23.55 NOTE
r-devel-linux-x86_64-debian-gcc 8.0-0.0 8.11 15.08 23.19 NOTE
r-devel-linux-x86_64-fedora-clang 8.0-0.0 50.42 NOTE
r-devel-linux-x86_64-fedora-gcc 8.0-0.0 49.69 NOTE
r-devel-osx-x86_64-clang 8.0-0.0 49.20 NOTE
r-devel-windows-ix86+x86_64 8.0-0.0 15.00 26.00 41.00 NOTE
r-patched-linux-x86_64 8.0-0.0 8.91 15.86 24.77 NOTE
r-patched-solaris-sparc 8.0-0.0 389.00 NOTE
r-patched-solaris-x86 8.0-0.0 84.90 NOTE
r-release-linux-ix86 8.0-0.0 13.28 23.56 36.83 NOTE
r-release-linux-x86_64 8.0-0.0 9.07 15.92 25.00 NOTE
r-release-osx-x86_64-mavericks 8.0-0.0 NOTE
r-release-osx-x86_64-snowleopard 8.0-0.0 NOTE
r-release-windows-ix86+x86_64 8.0-0.0 16.00 24.00 40.00 NOTE
r-oldrel-windows-ix86+x86_64 8.0-0.0 19.00 30.00 49.00 NOTE

Check Details

Version: 8.0-0.0
Check: installed package size
Result: NOTE
     installed size is 7.5Mb
     sub-directories of 1Mb or more:
     data 7.4Mb
Flavors: r-devel-linux-x86_64-debian-clang, r-devel-linux-x86_64-debian-gcc, r-devel-linux-x86_64-fedora-clang, r-devel-linux-x86_64-fedora-gcc, r-devel-osx-x86_64-clang, r-devel-windows-ix86+x86_64, r-patched-linux-x86_64, r-patched-solaris-sparc, r-patched-solaris-x86, r-release-linux-ix86, r-release-linux-x86_64, r-release-osx-x86_64-mavericks, r-release-osx-x86_64-snowleopard, r-release-windows-ix86+x86_64, r-oldrel-windows-ix86+x86_64