CRAN Package Check Results for Package SGPdata

Last updated on 2017-06-28 01:55:17.

Flavor Version Tinstall Tcheck Ttotal Status Flags
r-devel-linux-x86_64-debian-clang 17.0-0.0 10.28 21.86 32.14 OK
r-devel-linux-x86_64-debian-gcc 17.0-0.0 9.83 22.02 31.85 OK
r-devel-linux-x86_64-fedora-clang 17.0-0.0 58.55 NOTE
r-devel-linux-x86_64-fedora-gcc 17.0-0.0 57.62 NOTE
r-devel-windows-ix86+x86_64 17.0-0.0 22.00 41.00 63.00 NOTE
r-patched-linux-x86_64 17.0-0.0 10.58 21.60 32.18 OK
r-patched-solaris-sparc 17.0-0.0 447.80 NOTE
r-patched-solaris-x86 17.0-0.0 93.30 NOTE
r-release-linux-x86_64 17.0-0.0 10.06 21.54 31.60 OK
r-release-windows-ix86+x86_64 17.0-0.0 18.00 57.00 75.00 NOTE
r-release-osx-x86_64 17.0-0.0 NOTE
r-oldrel-windows-ix86+x86_64 17.0-0.0 22.00 52.00 74.00 NOTE
r-oldrel-osx-x86_64 17.0-0.0 NOTE

Check Details

Version: 17.0-0.0
Check: installed package size
Result: NOTE
     installed size is 7.9Mb
     sub-directories of 1Mb or more:
     data 7.8Mb
Flavors: r-devel-linux-x86_64-fedora-clang, r-devel-linux-x86_64-fedora-gcc, r-devel-windows-ix86+x86_64, r-patched-solaris-sparc, r-patched-solaris-x86, r-release-windows-ix86+x86_64, r-release-osx-x86_64, r-oldrel-windows-ix86+x86_64, r-oldrel-osx-x86_64

Version: 17.0-0.0
Check: package dependencies
Result: NOTE
    Package suggested but not available for checking: ‘SGP’
Flavor: r-release-osx-x86_64