CRAN Package Check Results for Package SGPdata

Last updated on 2017-08-17 18:47:03.

Flavor Version Tinstall Tcheck Ttotal Status Flags
r-devel-linux-x86_64-debian-clang 17.0-0.0 9.59 22.77 32.37 OK
r-devel-linux-x86_64-debian-gcc 17.0-0.0 10.01 21.78 31.80 OK
r-devel-linux-x86_64-fedora-clang 17.0-0.0 59.52 NOTE
r-devel-linux-x86_64-fedora-gcc 17.0-0.0 58.02 NOTE
r-devel-windows-ix86+x86_64 17.0-0.0 18.00 42.00 60.00 NOTE
r-patched-linux-x86_64 17.0-0.0 9.74 21.57 31.31 OK
r-patched-solaris-x86 17.0-0.0 93.50 NOTE
r-release-linux-x86_64 17.0-0.0 9.56 21.57 31.14 OK
r-release-windows-ix86+x86_64 17.0-0.0 19.00 44.00 63.00 NOTE
r-release-osx-x86_64 17.0-0.0 NOTE
r-oldrel-windows-ix86+x86_64 17.0-0.0 21.00 39.00 60.00 NOTE
r-oldrel-osx-x86_64 17.0-0.0 NOTE

Check Details

Version: 17.0-0.0
Check: installed package size
Result: NOTE
     installed size is 7.9Mb
     sub-directories of 1Mb or more:
     data 7.8Mb
Flavors: r-devel-linux-x86_64-fedora-clang, r-devel-linux-x86_64-fedora-gcc, r-devel-windows-ix86+x86_64, r-patched-solaris-x86, r-release-windows-ix86+x86_64, r-release-osx-x86_64, r-oldrel-windows-ix86+x86_64, r-oldrel-osx-x86_64

Version: 17.0-0.0
Check: package dependencies
Result: NOTE
    Package suggested but not available for checking: ‘SGP’
Flavor: r-release-osx-x86_64