CRAN Package Check Results for Package SGPdata

Last updated on 2015-04-01 19:48:36.

Flavor Version Tinstall Tcheck Ttotal Status Flags
r-devel-linux-x86_64-debian-clang 8.0-0.0 7.96 15.03 22.99 NOTE
r-devel-linux-x86_64-debian-gcc 8.0-0.0 8.28 14.65 22.93 NOTE
r-devel-linux-x86_64-fedora-clang 8.0-0.0 46.06 NOTE
r-devel-linux-x86_64-fedora-gcc 8.0-0.0 44.19 NOTE
r-devel-osx-x86_64-clang 8.0-0.0 48.19 NOTE
r-prerel-windows-ix86+x86_64 8.0-0.0 18.00 24.00 42.00 NOTE
r-prerel-linux-x86_64 8.0-0.0 11.91 15.31 27.22 NOTE
r-prerel-solaris-sparc 8.0-0.0 395.50 NOTE
r-prerel-solaris-x86 8.0-0.0 75.60 NOTE
r-release-linux-x86_64 8.0-0.0 8.92 16.62 25.54 NOTE
r-release-osx-x86_64-mavericks 8.0-0.0 NOTE
r-release-osx-x86_64-snowleopard 8.0-0.0 NOTE
r-release-windows-ix86+x86_64 8.0-0.0 17.00 23.00 40.00 NOTE
r-oldrel-windows-ix86+x86_64 8.0-0.0 16.00 29.00 45.00 NOTE

Check Details

Version: 8.0-0.0
Check: installed package size
Result: NOTE
     installed size is 7.5Mb
     sub-directories of 1Mb or more:
     data 7.4Mb
Flavors: r-devel-linux-x86_64-debian-clang, r-devel-linux-x86_64-debian-gcc, r-devel-linux-x86_64-fedora-clang, r-devel-linux-x86_64-fedora-gcc, r-devel-osx-x86_64-clang, r-prerel-windows-ix86+x86_64, r-prerel-linux-x86_64, r-prerel-solaris-sparc, r-prerel-solaris-x86, r-release-linux-x86_64, r-release-osx-x86_64-mavericks, r-release-osx-x86_64-snowleopard, r-release-windows-ix86+x86_64, r-oldrel-windows-ix86+x86_64