CRAN Package Check Results for Package SGPdata

Last updated on 2015-05-27 06:46:59.

Flavor Version Tinstall Tcheck Ttotal Status Flags
r-devel-linux-x86_64-debian-clang 8.0-0.0 8.87 14.79 23.66 NOTE
r-devel-linux-x86_64-debian-gcc 8.0-0.0 7.90 14.90 22.80 NOTE
r-devel-linux-x86_64-fedora-clang 8.0-0.0 45.14 NOTE
r-devel-linux-x86_64-fedora-gcc 8.0-0.0 43.28 NOTE
r-devel-osx-x86_64-clang 8.0-0.0 45.75 NOTE
r-devel-windows-ix86+x86_64 8.0-0.0 15.00 24.00 39.00 NOTE
r-patched-linux-x86_64 8.0-0.0 8.73 14.92 23.65 NOTE
r-patched-solaris-sparc 8.0-0.0 378.50 NOTE
r-patched-solaris-x86 8.0-0.0 75.90 NOTE
r-release-linux-x86_64 8.0-0.0 8.10 15.38 23.48 NOTE
r-release-osx-x86_64-mavericks 8.0-0.0 NOTE
r-release-osx-x86_64-snowleopard 8.0-0.0 NOTE
r-release-windows-ix86+x86_64 8.0-0.0 16.00 26.00 42.00 NOTE
r-oldrel-windows-ix86+x86_64 8.0-0.0 18.00 27.00 45.00 NOTE

Check Details

Version: 8.0-0.0
Check: installed package size
Result: NOTE
     installed size is 7.5Mb
     sub-directories of 1Mb or more:
     data 7.4Mb
Flavors: r-devel-linux-x86_64-debian-clang, r-devel-linux-x86_64-debian-gcc, r-devel-linux-x86_64-fedora-clang, r-devel-linux-x86_64-fedora-gcc, r-devel-osx-x86_64-clang, r-devel-windows-ix86+x86_64, r-patched-linux-x86_64, r-patched-solaris-sparc, r-patched-solaris-x86, r-release-linux-x86_64, r-release-osx-x86_64-mavericks, r-release-osx-x86_64-snowleopard, r-release-windows-ix86+x86_64, r-oldrel-windows-ix86+x86_64

Version: 8.0-0.0
Check: package dependencies
Result: NOTE
    Package suggested but not available for checking: ‘SGP’
Flavor: r-release-osx-x86_64-snowleopard