CRAN Package Check Results for Package SGPdata

Last updated on 2016-10-01 10:47:54.

Flavor Version Tinstall Tcheck Ttotal Status Flags
r-devel-linux-x86_64-debian-clang 14.0-0.0 9.29 21.48 30.78 NOTE
r-devel-linux-x86_64-debian-gcc 14.0-0.0 9.23 20.86 30.09 NOTE
r-devel-linux-x86_64-fedora-clang 14.0-0.0 58.15 NOTE
r-devel-linux-x86_64-fedora-gcc 14.0-0.0 53.18 NOTE
r-devel-macos-x86_64-clang 14.0-0.0 45.09 NOTE
r-devel-windows-ix86+x86_64 14.0-0.0 19.00 54.00 73.00 NOTE
r-patched-linux-x86_64 14.0-0.0 9.23 19.99 29.23 NOTE
r-patched-solaris-sparc 14.0-0.0 441.50 NOTE
r-patched-solaris-x86 14.0-0.0 87.20 NOTE
r-release-linux-x86_64 14.0-0.0 9.02 19.51 28.53 NOTE
r-release-osx-x86_64-mavericks 14.0-0.0 NOTE
r-release-windows-ix86+x86_64 14.0-0.0 16.00 40.00 56.00 NOTE
r-oldrel-windows-ix86+x86_64 14.0-0.0 22.00 52.00 74.00 NOTE

Check Details

Version: 14.0-0.0
Check: installed package size
Result: NOTE
     installed size is 7.8Mb
     sub-directories of 1Mb or more:
     data 7.7Mb
Flavors: r-devel-linux-x86_64-debian-clang, r-devel-linux-x86_64-debian-gcc, r-devel-linux-x86_64-fedora-clang, r-devel-linux-x86_64-fedora-gcc, r-devel-macos-x86_64-clang, r-devel-windows-ix86+x86_64, r-patched-linux-x86_64, r-patched-solaris-sparc, r-patched-solaris-x86, r-release-linux-x86_64, r-release-osx-x86_64-mavericks, r-release-windows-ix86+x86_64, r-oldrel-windows-ix86+x86_64