CRAN Package Check Results for Package SGPdata

Last updated on 2015-02-28 19:51:19.

Flavor Version Tinstall Tcheck Ttotal Status Flags
r-devel-linux-x86_64-debian-clang 8.0-0.0 7.98 14.96 22.94 NOTE
r-devel-linux-x86_64-debian-gcc 8.0-0.0 8.34 14.64 22.98 NOTE
r-devel-linux-x86_64-fedora-clang 8.0-0.0 46.58 NOTE
r-devel-linux-x86_64-fedora-gcc 8.0-0.0 45.66 NOTE
r-devel-osx-x86_64-clang 8.0-0.0 46.17 NOTE
r-devel-windows-ix86+x86_64 8.0-0.0 19.00 25.00 44.00 NOTE
r-patched-linux-x86_64 8.0-0.0 8.96 16.75 25.71 NOTE
r-patched-solaris-sparc 8.0-0.0 389.00 NOTE
r-patched-solaris-x86 8.0-0.0 84.10 NOTE
r-release-linux-ix86 8.0-0.0 13.31 24.26 37.57 NOTE
r-release-linux-x86_64 8.0-0.0 9.52 16.17 25.69 NOTE
r-release-osx-x86_64-mavericks 8.0-0.0 NOTE
r-release-osx-x86_64-snowleopard 8.0-0.0 NOTE
r-release-windows-ix86+x86_64 8.0-0.0 15.00 27.00 42.00 NOTE
r-oldrel-windows-ix86+x86_64 8.0-0.0 17.00 29.00 46.00 NOTE

Check Details

Version: 8.0-0.0
Check: installed package size
Result: NOTE
     installed size is 7.5Mb
     sub-directories of 1Mb or more:
     data 7.4Mb
Flavors: r-devel-linux-x86_64-debian-clang, r-devel-linux-x86_64-debian-gcc, r-devel-linux-x86_64-fedora-clang, r-devel-linux-x86_64-fedora-gcc, r-devel-osx-x86_64-clang, r-devel-windows-ix86+x86_64, r-patched-linux-x86_64, r-patched-solaris-sparc, r-patched-solaris-x86, r-release-linux-ix86, r-release-linux-x86_64, r-release-osx-x86_64-mavericks, r-release-osx-x86_64-snowleopard, r-release-windows-ix86+x86_64, r-oldrel-windows-ix86+x86_64