CRAN Package Check Results for Package SGPdata

Last updated on 2016-07-26 07:47:22.

Flavor Version Tinstall Tcheck Ttotal Status Flags
r-devel-linux-x86_64-debian-clang 13.0-0.0 11.25 18.08 29.33 NOTE
r-devel-linux-x86_64-debian-gcc 13.0-0.0 9.81 17.92 27.74 NOTE
r-devel-linux-x86_64-fedora-clang 13.0-0.0 44.67 NOTE
r-devel-linux-x86_64-fedora-gcc 13.0-0.0 42.46 NOTE
r-devel-osx-x86_64-clang 13.0-0.0 38.85 NOTE
r-devel-windows-ix86+x86_64 13.0-0.0 22.00 50.00 72.00 NOTE
r-patched-linux-x86_64 13.0-0.0 10.06 17.59 27.65 NOTE
r-patched-solaris-sparc 13.0-0.0 405.50 NOTE
r-patched-solaris-x86 13.0-0.0 74.90 NOTE
r-release-linux-x86_64 13.0-0.0 9.83 17.77 27.60 NOTE
r-release-osx-x86_64-mavericks 13.0-0.0 NOTE
r-release-windows-ix86+x86_64 13.0-0.0 20.00 51.00 71.00 NOTE
r-oldrel-windows-ix86+x86_64 13.0-0.0 22.00 49.00 71.00 NOTE

Check Details

Version: 13.0-0.0
Check: installed package size
Result: NOTE
     installed size is 7.8Mb
     sub-directories of 1Mb or more:
     data 7.7Mb
Flavors: r-devel-linux-x86_64-debian-clang, r-devel-linux-x86_64-debian-gcc, r-devel-linux-x86_64-fedora-clang, r-devel-linux-x86_64-fedora-gcc, r-devel-osx-x86_64-clang, r-devel-windows-ix86+x86_64, r-patched-linux-x86_64, r-patched-solaris-sparc, r-patched-solaris-x86, r-release-linux-x86_64, r-release-osx-x86_64-mavericks, r-release-windows-ix86+x86_64, r-oldrel-windows-ix86+x86_64