CRAN Package Check Results for Package SGPdata

Last updated on 2017-04-27 10:48:47.

Flavor Version Tinstall Tcheck Ttotal Status Flags
r-devel-linux-x86_64-debian-clang 17.0-0.0 8.89 21.65 30.54 OK
r-devel-linux-x86_64-debian-gcc 17.0-0.0 9.22 21.51 30.74 OK
r-devel-linux-x86_64-fedora-clang 17.0-0.0 58.56 NOTE --no-stop-on-test-error
r-devel-linux-x86_64-fedora-gcc 17.0-0.0 57.27 NOTE --no-stop-on-test-error
r-devel-windows-ix86+x86_64 17.0-0.0 17.00 43.00 60.00 NOTE
r-patched-linux-x86_64 17.0-0.0 9.07 21.49 30.56 OK
r-patched-solaris-sparc 17.0-0.0 447.80 NOTE
r-patched-solaris-x86 17.0-0.0 93.10 NOTE
r-release-linux-x86_64 17.0-0.0 9.43 21.68 31.12 OK
r-release-windows-ix86+x86_64 17.0-0.0 17.00 44.00 61.00 NOTE
r-release-osx-x86_64 17.0-0.0 NOTE
r-oldrel-windows-ix86+x86_64 17.0-0.0 19.00 60.00 79.00 NOTE
r-oldrel-osx-x86_64 17.0-0.0 NOTE

Check Details

Version: 17.0-0.0
Flags: --no-stop-on-test-error
Check: installed package size
Result: NOTE
     installed size is 7.9Mb
     sub-directories of 1Mb or more:
     data 7.8Mb
Flavors: r-devel-linux-x86_64-fedora-clang, r-devel-linux-x86_64-fedora-gcc

Version: 17.0-0.0
Check: installed package size
Result: NOTE
     installed size is 7.8Mb
     sub-directories of 1Mb or more:
     data 7.8Mb
Flavors: r-devel-windows-ix86+x86_64, r-patched-solaris-sparc, r-patched-solaris-x86, r-release-windows-ix86+x86_64, r-release-osx-x86_64, r-oldrel-windows-ix86+x86_64, r-oldrel-osx-x86_64

Version: 17.0-0.0
Check: package dependencies
Result: NOTE
    Package suggested but not available for checking: ‘SGP’
Flavor: r-release-osx-x86_64