CRAN Package Check Results for Package SIBERG

Last updated on 2022-01-26 15:08:32 CET.

Flavor Version Tinstall Tcheck Ttotal Status Flags
r-devel-linux-x86_64-debian-clang 2.0.2 2.35 39.20 41.55 OK
r-devel-linux-x86_64-debian-gcc 2.0.2 2.08 30.99 33.07 OK
r-devel-linux-x86_64-fedora-clang 2.0.2 53.21 OK
r-devel-linux-x86_64-fedora-gcc 2.0.2 42.72 OK
r-devel-windows-x86_64-new-UL 2.0.2 22.00 80.00 102.00 OK
r-devel-windows-x86_64-new-TK 2.0.2 OK
r-patched-linux-x86_64 2.0.2 1.99 38.39 40.38 OK
r-release-linux-x86_64 2.0.2 2.25 37.28 39.53 OK
r-release-macos-arm64 2.0.2 NOTE
r-release-macos-x86_64 2.0.2 OK
r-release-windows-ix86+x86_64 2.0.2 6.00 54.00 60.00 OK
r-oldrel-macos-x86_64 2.0.2 OK
r-oldrel-windows-ix86+x86_64 2.0.2 6.00 54.00 60.00 OK

Check Details

Version: 2.0.2
Check: package dependencies
Result: NOTE
    Package suggested but not available for checking: ‘edgeR’
Flavor: r-release-macos-arm64