CRAN Package Check Results for Package SIGN

Last updated on 2024-06-21 03:58:01 CEST.

Flavor Version Tinstall Tcheck Ttotal Status Flags
r-devel-linux-x86_64-debian-clang 0.1.0 48.32 447.29 495.61 NOTE
r-devel-linux-x86_64-debian-gcc 0.1.0 42.59 322.55 365.14 NOTE
r-devel-linux-x86_64-fedora-clang 0.1.0 643.47 NOTE
r-devel-linux-x86_64-fedora-gcc 0.1.0 612.96 NOTE
r-devel-windows-x86_64 0.1.0 46.00 283.00 329.00 NOTE
r-patched-linux-x86_64 0.1.0 46.67 422.90 469.57 NOTE
r-release-linux-x86_64 0.1.0 34.61 418.00 452.61 NOTE
r-release-macos-arm64 0.1.0 153.00 NOTE
r-release-macos-x86_64 0.1.0 255.00 NOTE
r-release-windows-x86_64 0.1.0 23.00 5.00 28.00 ERROR
r-oldrel-macos-arm64 0.1.0 10.00 ERROR
r-oldrel-macos-x86_64 0.1.0 11.00 ERROR
r-oldrel-windows-x86_64 0.1.0 56.00 375.00 431.00 NOTE

Check Details

Version: 0.1.0
Check: LazyData
Result: NOTE 'LazyData' is specified without a 'data' directory Flavors: r-devel-linux-x86_64-debian-clang, r-devel-linux-x86_64-debian-gcc, r-devel-linux-x86_64-fedora-clang, r-devel-linux-x86_64-fedora-gcc, r-devel-windows-x86_64, r-patched-linux-x86_64, r-release-linux-x86_64, r-release-macos-arm64, r-release-macos-x86_64, r-oldrel-windows-x86_64

Version: 0.1.0
Check: dependencies in R code
Result: NOTE Namespace in Imports field not imported from: ‘utils’ All declared Imports should be used. Flavors: r-devel-linux-x86_64-fedora-clang, r-devel-linux-x86_64-fedora-gcc

Version: 0.1.0
Check: whether package can be installed
Result: ERROR Installation failed. Flavor: r-release-windows-x86_64

Version: 0.1.0
Check: package dependencies
Result: ERROR Package required but not available: ‘GSVA’ See section ‘The DESCRIPTION file’ in the ‘Writing R Extensions’ manual. Flavors: r-oldrel-macos-arm64, r-oldrel-macos-x86_64