CRAN Package Check Results for Package SII

Last updated on 2014-04-24 09:49:11.

Flavor Version Tinstall Tcheck Ttotal Status Flags
r-devel-linux-x86_64-debian-clang 1.0.3 0.68 14.38 15.06 OK
r-devel-linux-x86_64-debian-gcc 1.0.3 0.69 14.38 15.07 OK
r-devel-linux-x86_64-fedora-clang 1.0.3 32.65 OK
r-devel-linux-x86_64-fedora-gcc 1.0.3 31.26 OK
r-devel-osx-x86_64-clang 1.0.3 30.41 OK
r-devel-osx-x86_64-gcc 1.0.3 NOTE
r-devel-windows-ix86+x86_64 1.0.3 3.00 27.00 30.00 OK
r-patched-linux-x86_64 1.0.3 0.68 14.02 14.70 OK
r-patched-solaris-sparc 1.0.3 165.60 OK
r-patched-solaris-x86 1.0.3 42.60 OK
r-release-linux-ix86 1.0.3 2.00 30.00 32.00 OK
r-release-linux-x86_64 1.0.3 0.68 14.27 14.94 OK
r-release-osx-x86_64-mavericks 1.0.3 WARN
r-release-osx-x86_64-snowleopard 1.0.3 OK
r-release-windows-ix86+x86_64 1.0.3 3.00 28.00 31.00 OK
r-oldrel-windows-ix86+x86_64 1.0.3 3.00 29.00 32.00 OK

Check Details

Version: 1.0.3
Check: package dependencies
Result: NOTE
    Package suggested but not available for checking: ‘gdata’
Flavor: r-devel-osx-x86_64-gcc

Version: 1.0.3
Check: PDF version of manual
Result: WARNING
    LaTeX errors when creating PDF version.
    This typically indicates Rd problems.
    LaTeX errors found:
    ! LaTeX Error: File `upquote.sty' not found.
    
    Type X to quit or <RETURN> to proceed,
    or enter new name. (Default extension: sty)
    
    41860bbf/Rd2.tex:8: ==> Fatal error occurred, no output PDF file produced!
Flavor: r-release-osx-x86_64-mavericks