CRAN Package Check Results for Package SII

Last updated on 2016-05-27 11:50:23.

Flavor Version Tinstall Tcheck Ttotal Status Flags
r-devel-linux-x86_64-debian-gcc 1.0.3 0.68 13.72 14.39 NOTE
r-devel-linux-x86_64-fedora-clang 1.0.3 24.31 NOTE
r-devel-linux-x86_64-fedora-gcc 1.0.3 22.62 NOTE
r-devel-osx-x86_64-clang 1.0.3 28.22 NOTE
r-devel-windows-ix86+x86_64 1.0.3 2.00 38.00 40.00 NOTE
r-patched-linux-x86_64 1.0.3 0.63 13.81 14.44 NOTE
r-patched-solaris-sparc 1.0.3 138.30 NOTE
r-patched-solaris-x86 1.0.3 32.20 NOTE
r-release-linux-x86_64 1.0.3 0.59 13.70 14.29 NOTE
r-release-osx-x86_64-mavericks 1.0.3 NOTE
r-release-windows-ix86+x86_64 1.0.3 4.00 37.00 41.00 NOTE
r-oldrel-windows-ix86+x86_64 1.0.3 3.00 52.00 55.00 NOTE

Check Details

Version: 1.0.3
Check: dependencies in R code
Result: NOTE
    'library' or 'require' calls in package code:
     ‘gdata’ ‘splines’
     Please use :: or requireNamespace() instead.
     See section 'Suggested packages' in the 'Writing R Extensions' manual.
Flavors: r-devel-linux-x86_64-debian-gcc, r-devel-linux-x86_64-fedora-clang, r-devel-linux-x86_64-fedora-gcc, r-devel-osx-x86_64-clang, r-devel-windows-ix86+x86_64, r-patched-linux-x86_64, r-patched-solaris-sparc, r-patched-solaris-x86, r-release-linux-x86_64, r-release-osx-x86_64-mavericks, r-release-windows-ix86+x86_64, r-oldrel-windows-ix86+x86_64

Version: 1.0.3
Check: R code for possible problems
Result: NOTE
    plot.SII: no visible global function definition for ‘plot’
    plot.SII: no visible global function definition for ‘lines’
    plot.SII: no visible global function definition for ‘abline’
    plot.SII: no visible global function definition for ‘legend’
    sii : approx.l: no visible global function definition for ‘approx’
    sii.excel: no visible global function definition for ‘predict’
    sii.excel : approx.l: no visible global function definition for
     ‘approx’
    Undefined global functions or variables:
     abline approx legend lines plot predict
    Consider adding
     importFrom("graphics", "abline", "legend", "lines", "plot")
     importFrom("stats", "approx", "predict")
    to your NAMESPACE file.
Flavors: r-devel-linux-x86_64-debian-gcc, r-devel-linux-x86_64-fedora-clang, r-devel-linux-x86_64-fedora-gcc, r-devel-osx-x86_64-clang, r-devel-windows-ix86+x86_64, r-patched-linux-x86_64, r-patched-solaris-sparc, r-patched-solaris-x86, r-release-linux-x86_64, r-release-osx-x86_64-mavericks, r-release-windows-ix86+x86_64