CRAN Package Check Results for Package SII

Last updated on 2019-08-18 00:46:23 CEST.

Flavor Version Tinstall Tcheck Ttotal Status Flags
r-devel-linux-x86_64-debian-clang 1.0.3.1 2.08 28.80 30.88 NOTE
r-devel-linux-x86_64-debian-gcc 1.0.3.1 1.87 23.37 25.24 NOTE
r-devel-linux-x86_64-fedora-clang 1.0.3.1 40.87 NOTE
r-devel-linux-x86_64-fedora-gcc 1.0.3.1 37.36 NOTE
r-devel-windows-ix86+x86_64 1.0.3.1 7.00 63.00 70.00 NOTE
r-patched-linux-x86_64 1.0.3.1 1.87 28.78 30.65 NOTE
r-patched-solaris-x86 1.0.3.1 60.10 NOTE
r-release-linux-x86_64 1.0.3.1 2.00 28.89 30.89 NOTE
r-release-windows-ix86+x86_64 1.0.3.1 5.00 60.00 65.00 NOTE
r-release-osx-x86_64 1.0.3.1 NOTE
r-oldrel-windows-ix86+x86_64 1.0.3.1 4.00 61.00 65.00 NOTE
r-oldrel-osx-x86_64 1.0.3.1 NOTE

Check Details

Version: 1.0.3.1
Check: dependencies in R code
Result: NOTE
    'library' or 'require' calls in package code:
     'gdata' 'splines'
     Please use :: or requireNamespace() instead.
     See section 'Suggested packages' in the 'Writing R Extensions' manual.
Flavors: r-devel-linux-x86_64-debian-clang, r-devel-linux-x86_64-debian-gcc, r-devel-linux-x86_64-fedora-clang, r-devel-linux-x86_64-fedora-gcc, r-devel-windows-ix86+x86_64, r-patched-linux-x86_64, r-patched-solaris-x86, r-release-linux-x86_64, r-release-windows-ix86+x86_64, r-release-osx-x86_64, r-oldrel-windows-ix86+x86_64, r-oldrel-osx-x86_64

Version: 1.0.3.1
Check: R code for possible problems
Result: NOTE
    plot.SII: no visible global function definition for 'plot'
    plot.SII: no visible global function definition for 'lines'
    plot.SII: no visible global function definition for 'abline'
    plot.SII: no visible global function definition for 'legend'
    sii : approx.l: no visible global function definition for 'approx'
    sii.excel: no visible global function definition for 'predict'
    sii.excel : approx.l: no visible global function definition for
     'approx'
    Undefined global functions or variables:
     abline approx legend lines plot predict
    Consider adding
     importFrom("graphics", "abline", "legend", "lines", "plot")
     importFrom("stats", "approx", "predict")
    to your NAMESPACE file.
Flavors: r-devel-linux-x86_64-debian-clang, r-devel-linux-x86_64-debian-gcc, r-devel-linux-x86_64-fedora-clang, r-devel-linux-x86_64-fedora-gcc, r-devel-windows-ix86+x86_64, r-patched-linux-x86_64, r-patched-solaris-x86, r-release-linux-x86_64, r-release-windows-ix86+x86_64, r-release-osx-x86_64, r-oldrel-windows-ix86+x86_64, r-oldrel-osx-x86_64