CRAN Package Check Results for Package SII

Last updated on 2015-05-27 03:48:24.

Flavor Version Tinstall Tcheck Ttotal Status Flags
r-devel-linux-x86_64-debian-clang 1.0.3 0.58 14.76 15.34 NOTE
r-devel-linux-x86_64-debian-gcc 1.0.3 0.71 13.90 14.61 NOTE
r-devel-linux-x86_64-fedora-clang 1.0.3 28.32 NOTE
r-devel-linux-x86_64-fedora-gcc 1.0.3 27.17 NOTE
r-devel-osx-x86_64-clang 1.0.3 32.28 NOTE
r-devel-windows-ix86+x86_64 1.0.3 2.00 27.00 29.00 NOTE
r-patched-linux-x86_64 1.0.3 0.61 14.28 14.89 NOTE
r-patched-solaris-sparc 1.0.3 172.40 NOTE
r-patched-solaris-x86 1.0.3 38.00 NOTE
r-release-linux-x86_64 1.0.3 0.62 14.36 14.98 NOTE
r-release-osx-x86_64-mavericks 1.0.3 NOTE
r-release-osx-x86_64-snowleopard 1.0.3 NOTE
r-release-windows-ix86+x86_64 1.0.3 3.00 26.00 29.00 NOTE
r-oldrel-windows-ix86+x86_64 1.0.3 4.00 29.00 33.00 NOTE

Check Details

Version: 1.0.3
Check: dependencies in R code
Result: NOTE
    'library' or 'require' calls in package code:
     ‘gdata’ ‘splines’
     Please use :: or requireNamespace() instead.
     See section 'Suggested packages' in the 'Writing R Extensions' manual.
Flavors: r-devel-linux-x86_64-debian-clang, r-devel-linux-x86_64-debian-gcc, r-devel-linux-x86_64-fedora-clang, r-devel-linux-x86_64-fedora-gcc, r-devel-osx-x86_64-clang, r-devel-windows-ix86+x86_64, r-patched-linux-x86_64, r-patched-solaris-sparc, r-patched-solaris-x86, r-release-linux-x86_64, r-release-osx-x86_64-mavericks, r-release-osx-x86_64-snowleopard, r-release-windows-ix86+x86_64, r-oldrel-windows-ix86+x86_64