CRAN Package Check Results for Package SII

Last updated on 2015-07-05 17:47:47.

Flavor Version Tinstall Tcheck Ttotal Status Flags
r-devel-linux-x86_64-debian-clang 1.0.3 0.59 13.42 14.00 NOTE
r-devel-linux-x86_64-debian-gcc 1.0.3 0.54 13.53 14.07 NOTE
r-devel-linux-x86_64-fedora-clang 1.0.3 27.05 NOTE
r-devel-linux-x86_64-fedora-gcc 1.0.3 25.53 NOTE
r-devel-osx-x86_64-clang 1.0.3 27.24 NOTE
r-devel-windows-ix86+x86_64 1.0.3 3.00 27.00 30.00 NOTE
r-patched-linux-x86_64 1.0.3 0.61 14.38 14.99 NOTE
r-patched-solaris-sparc 1.0.3 172.40 NOTE
r-patched-solaris-x86 1.0.3 38.20 NOTE
r-release-linux-x86_64 1.0.3 0.58 14.57 15.16 NOTE
r-release-osx-x86_64-mavericks 1.0.3 NOTE
r-release-windows-ix86+x86_64 1.0.3 4.00 24.00 28.00 NOTE
r-oldrel-windows-ix86+x86_64 1.0.3 5.00 29.00 34.00 NOTE

Check Details

Version: 1.0.3
Check: dependencies in R code
Result: NOTE
    'library' or 'require' calls in package code:
     ‘gdata’ ‘splines’
     Please use :: or requireNamespace() instead.
     See section 'Suggested packages' in the 'Writing R Extensions' manual.
Flavors: r-devel-linux-x86_64-debian-clang, r-devel-linux-x86_64-debian-gcc, r-devel-linux-x86_64-fedora-clang, r-devel-linux-x86_64-fedora-gcc, r-devel-osx-x86_64-clang, r-devel-windows-ix86+x86_64, r-patched-linux-x86_64, r-patched-solaris-sparc, r-patched-solaris-x86, r-release-linux-x86_64, r-release-osx-x86_64-mavericks, r-release-windows-ix86+x86_64, r-oldrel-windows-ix86+x86_64

Version: 1.0.3
Check: R code for possible problems
Result: NOTE
    plot.SII: no visible global function definition for ‘plot’
    plot.SII: no visible global function definition for ‘lines’
    plot.SII: no visible global function definition for ‘abline’
    plot.SII: no visible global function definition for ‘legend’
    sii : approx.l: no visible global function definition for ‘approx’
    sii.excel: no visible global function definition for ‘predict’
    sii.excel : approx.l: no visible global function definition for
     ‘approx’
    Undefined global functions or variables:
     abline approx legend lines plot predict
Flavors: r-devel-linux-x86_64-debian-clang, r-devel-linux-x86_64-debian-gcc, r-devel-linux-x86_64-fedora-clang, r-devel-linux-x86_64-fedora-gcc, r-devel-windows-ix86+x86_64