CRAN Package Check Results for Package SII

Last updated on 2016-07-26 07:47:22.

Flavor Version Tinstall Tcheck Ttotal Status Flags
r-devel-linux-x86_64-debian-clang 1.0.3 0.86 16.56 17.42 NOTE
r-devel-linux-x86_64-debian-gcc 1.0.3 0.84 16.09 16.93 NOTE
r-devel-linux-x86_64-fedora-clang 1.0.3 23.75 NOTE
r-devel-linux-x86_64-fedora-gcc 1.0.3 21.63 NOTE
r-devel-osx-x86_64-clang 1.0.3 21.33 NOTE
r-devel-windows-ix86+x86_64 1.0.3 3.00 54.00 57.00 NOTE
r-patched-linux-x86_64 1.0.3 0.93 15.76 16.69 NOTE
r-patched-solaris-sparc 1.0.3 140.20 NOTE
r-patched-solaris-x86 1.0.3 30.80 NOTE
r-release-linux-x86_64 1.0.3 0.78 16.18 16.97 NOTE
r-release-osx-x86_64-mavericks 1.0.3 NOTE
r-release-windows-ix86+x86_64 1.0.3 4.00 56.00 60.00 NOTE
r-oldrel-windows-ix86+x86_64 1.0.3 3.00 56.00 59.00 NOTE

Check Details

Version: 1.0.3
Check: dependencies in R code
Result: NOTE
    'library' or 'require' calls in package code:
     ‘gdata’ ‘splines’
     Please use :: or requireNamespace() instead.
     See section 'Suggested packages' in the 'Writing R Extensions' manual.
Flavors: r-devel-linux-x86_64-debian-clang, r-devel-linux-x86_64-debian-gcc, r-devel-linux-x86_64-fedora-clang, r-devel-linux-x86_64-fedora-gcc, r-devel-osx-x86_64-clang, r-devel-windows-ix86+x86_64, r-patched-linux-x86_64, r-patched-solaris-sparc, r-patched-solaris-x86, r-release-linux-x86_64, r-release-osx-x86_64-mavericks, r-release-windows-ix86+x86_64, r-oldrel-windows-ix86+x86_64

Version: 1.0.3
Check: R code for possible problems
Result: NOTE
    plot.SII: no visible global function definition for ‘plot’
    plot.SII: no visible global function definition for ‘lines’
    plot.SII: no visible global function definition for ‘abline’
    plot.SII: no visible global function definition for ‘legend’
    sii : approx.l: no visible global function definition for ‘approx’
    sii.excel: no visible global function definition for ‘predict’
    sii.excel : approx.l: no visible global function definition for
     ‘approx’
    Undefined global functions or variables:
     abline approx legend lines plot predict
    Consider adding
     importFrom("graphics", "abline", "legend", "lines", "plot")
     importFrom("stats", "approx", "predict")
    to your NAMESPACE file.
Flavors: r-devel-linux-x86_64-debian-clang, r-devel-linux-x86_64-debian-gcc, r-devel-linux-x86_64-fedora-clang, r-devel-linux-x86_64-fedora-gcc, r-devel-osx-x86_64-clang, r-devel-windows-ix86+x86_64, r-patched-linux-x86_64, r-patched-solaris-sparc, r-patched-solaris-x86, r-release-linux-x86_64, r-release-osx-x86_64-mavericks, r-release-windows-ix86+x86_64