CRAN Package Check Results for Package SII

Last updated on 2017-04-28 23:52:45.

Flavor Version Tinstall Tcheck Ttotal Status Flags
r-devel-linux-x86_64-debian-clang 1.0.3 0.61 16.83 17.44 NOTE
r-devel-linux-x86_64-debian-gcc 1.0.3 0.74 16.82 17.56 NOTE
r-devel-linux-x86_64-fedora-clang 1.0.3 30.25 NOTE --no-stop-on-test-error
r-devel-linux-x86_64-fedora-gcc 1.0.3 28.70 NOTE --no-stop-on-test-error
r-devel-windows-ix86+x86_64 1.0.3 3.00 52.00 55.00 NOTE
r-patched-linux-x86_64 1.0.3 0.82 16.63 17.45 NOTE
r-patched-solaris-sparc 1.0.3 175.30 NOTE
r-patched-solaris-x86 1.0.3 39.40 NOTE
r-release-linux-x86_64 1.0.3 0.70 17.05 17.75 NOTE
r-release-windows-ix86+x86_64 1.0.3 7.00 57.00 64.00 NOTE
r-release-osx-x86_64 1.0.3 NOTE
r-oldrel-windows-ix86+x86_64 1.0.3 4.00 53.00 57.00 NOTE
r-oldrel-osx-x86_64 1.0.3 NOTE

Check Details

Version: 1.0.3
Check: dependencies in R code
Result: NOTE
    'library' or 'require' calls in package code:
     ‘gdata’ ‘splines’
     Please use :: or requireNamespace() instead.
     See section 'Suggested packages' in the 'Writing R Extensions' manual.
Flavors: r-devel-linux-x86_64-debian-clang, r-devel-linux-x86_64-debian-gcc, r-devel-windows-ix86+x86_64, r-patched-linux-x86_64, r-patched-solaris-sparc, r-patched-solaris-x86, r-release-linux-x86_64, r-release-windows-ix86+x86_64, r-release-osx-x86_64, r-oldrel-windows-ix86+x86_64, r-oldrel-osx-x86_64

Version: 1.0.3
Check: R code for possible problems
Result: NOTE
    plot.SII: no visible global function definition for ‘plot’
    plot.SII: no visible global function definition for ‘lines’
    plot.SII: no visible global function definition for ‘abline’
    plot.SII: no visible global function definition for ‘legend’
    sii : approx.l: no visible global function definition for ‘approx’
    sii.excel: no visible global function definition for ‘predict’
    sii.excel : approx.l: no visible global function definition for
     ‘approx’
    Undefined global functions or variables:
     abline approx legend lines plot predict
    Consider adding
     importFrom("graphics", "abline", "legend", "lines", "plot")
     importFrom("stats", "approx", "predict")
    to your NAMESPACE file.
Flavors: r-devel-linux-x86_64-debian-clang, r-devel-linux-x86_64-debian-gcc, r-devel-windows-ix86+x86_64, r-patched-linux-x86_64, r-patched-solaris-sparc, r-patched-solaris-x86, r-release-linux-x86_64, r-release-windows-ix86+x86_64, r-release-osx-x86_64, r-oldrel-windows-ix86+x86_64, r-oldrel-osx-x86_64

Version: 1.0.3
Flags: --no-stop-on-test-error
Check: dependencies in R code
Result: NOTE
    'library' or 'require' calls in package code:
     ‘gdata’ ‘splines’
     Please use :: or requireNamespace() instead.
     See section 'Suggested packages' in the 'Writing R Extensions' manual.
Flavors: r-devel-linux-x86_64-fedora-clang, r-devel-linux-x86_64-fedora-gcc

Version: 1.0.3
Flags: --no-stop-on-test-error
Check: R code for possible problems
Result: NOTE
    plot.SII: no visible global function definition for ‘plot’
    plot.SII: no visible global function definition for ‘lines’
    plot.SII: no visible global function definition for ‘abline’
    plot.SII: no visible global function definition for ‘legend’
    sii : approx.l: no visible global function definition for ‘approx’
    sii.excel: no visible global function definition for ‘predict’
    sii.excel : approx.l: no visible global function definition for
     ‘approx’
    Undefined global functions or variables:
     abline approx legend lines plot predict
    Consider adding
     importFrom("graphics", "abline", "legend", "lines", "plot")
     importFrom("stats", "approx", "predict")
    to your NAMESPACE file.
Flavors: r-devel-linux-x86_64-fedora-clang, r-devel-linux-x86_64-fedora-gcc