CRAN Package Check Results for Package SII

Last updated on 2015-01-27 17:53:29.

Flavor Version Tinstall Tcheck Ttotal Status Flags
r-devel-linux-x86_64-debian-clang 1.0.3 0.60 13.94 14.55 NOTE
r-devel-linux-x86_64-debian-gcc 1.0.3 0.63 13.53 14.16 NOTE
r-devel-linux-x86_64-fedora-clang 1.0.3 31.71 NOTE
r-devel-linux-x86_64-fedora-gcc 1.0.3 30.32 NOTE
r-devel-osx-x86_64-clang 1.0.3 34.38 NOTE
r-devel-windows-ix86+x86_64 1.0.3 3.00 29.00 32.00 NOTE
r-patched-linux-x86_64 1.0.3 0.68 14.65 15.33 OK
r-patched-solaris-sparc 1.0.3 184.30 OK
r-patched-solaris-x86 1.0.3 42.60 OK
r-release-linux-ix86 1.0.3 1.00 20.82 21.82 OK
r-release-linux-x86_64 1.0.3 0.68 14.80 15.49 OK
r-release-osx-x86_64-mavericks 1.0.3 OK
r-release-osx-x86_64-snowleopard 1.0.3 OK
r-release-windows-ix86+x86_64 1.0.3 3.00 28.00 31.00 OK
r-oldrel-windows-ix86+x86_64 1.0.3 3.00 26.00 29.00 OK

Check Details

Version: 1.0.3
Check: dependencies in R code
Result: NOTE
    'library' or 'require' calls in package code:
     ‘gdata’ ‘splines’
     Please use :: or requireNamespace() instead.
     See section 'Suggested packages' in the 'Writing R Extensions' manual.
Flavors: r-devel-linux-x86_64-debian-clang, r-devel-linux-x86_64-debian-gcc, r-devel-linux-x86_64-fedora-clang, r-devel-linux-x86_64-fedora-gcc, r-devel-osx-x86_64-clang, r-devel-windows-ix86+x86_64