CRAN Package Check Results for Package SII

Last updated on 2015-03-31 23:49:44.

Flavor Version Tinstall Tcheck Ttotal Status Flags
r-devel-linux-x86_64-debian-clang 1.0.3 0.57 14.09 14.66 NOTE
r-devel-linux-x86_64-debian-gcc 1.0.3 0.57 13.72 14.30 NOTE
r-devel-linux-x86_64-fedora-clang 1.0.3 28.42 NOTE
r-devel-linux-x86_64-fedora-gcc 1.0.3 26.57 NOTE
r-devel-osx-x86_64-clang 1.0.3 36.13 NOTE
r-prerel-windows-ix86+x86_64 1.0.3 4.00 27.00 31.00 NOTE
r-prerel-linux-x86_64 1.0.3 0.56 14.56 15.12 NOTE
r-prerel-solaris-sparc 1.0.3 181.00 NOTE
r-prerel-solaris-x86 1.0.3 38.20 NOTE
r-release-linux-x86_64 1.0.3 0.68 15.04 15.72 NOTE
r-release-osx-x86_64-mavericks 1.0.3 OK
r-release-osx-x86_64-snowleopard 1.0.3 OK
r-release-windows-ix86+x86_64 1.0.3 4.00 30.00 34.00 NOTE
r-oldrel-windows-ix86+x86_64 1.0.3 3.00 26.00 29.00 OK

Check Details

Version: 1.0.3
Check: dependencies in R code
Result: NOTE
    'library' or 'require' calls in package code:
     ‘gdata’ ‘splines’
     Please use :: or requireNamespace() instead.
     See section 'Suggested packages' in the 'Writing R Extensions' manual.
Flavors: r-devel-linux-x86_64-debian-clang, r-devel-linux-x86_64-debian-gcc, r-devel-linux-x86_64-fedora-clang, r-devel-linux-x86_64-fedora-gcc, r-devel-osx-x86_64-clang, r-prerel-windows-ix86+x86_64, r-prerel-linux-x86_64, r-prerel-solaris-sparc, r-prerel-solaris-x86, r-release-linux-x86_64, r-release-windows-ix86+x86_64