CRAN Package Check Results for Package SIMMS

Last updated on 2015-03-29 06:50:01.

Flavor Version Tinstall Tcheck Ttotal Status Flags
r-devel-linux-x86_64-debian-clang 1.0.1 2.83 57.28 60.11 OK
r-devel-linux-x86_64-debian-gcc 1.0.1 2.84 55.49 58.34 OK
r-devel-linux-x86_64-fedora-clang 1.0.1 118.93 OK
r-devel-linux-x86_64-fedora-gcc 1.0.1 111.46 OK
r-devel-osx-x86_64-clang 1.0.1 116.43 OK
r-prerel-windows-ix86+x86_64 1.0.1 13.00 89.00 102.00 OK
r-prerel-linux-x86_64 1.0.1 3.57 55.97 59.54 OK
r-prerel-solaris-sparc 1.0.1 692.00 OK
r-prerel-solaris-x86 1.0.1 155.10 OK
r-release-linux-x86_64 1.0.1 3.88 66.17 70.06 OK
r-release-osx-x86_64-mavericks 1.0.1 OK
r-release-osx-x86_64-snowleopard 1.0.1 OK
r-release-windows-ix86+x86_64 1.0.1 13.00 105.00 118.00 OK
r-oldrel-windows-ix86+x86_64 1.0.1 11.00 110.00 121.00 WARN

Check Details

Version: 1.0.1
Check: package vignettes
Result: WARN
     Non-ASCII package vignette without specified encoding:
     'Using-SIMMS.Rmd'
Flavor: r-oldrel-windows-ix86+x86_64