CRAN Package Check Results for Package SIMMS

Last updated on 2014-04-16 15:49:35.

Flavor Version Tinstall Tcheck Ttotal Status Flags
r-devel-linux-x86_64-debian-clang 0.0.1 0.90 18.89 19.80 NOTE
r-devel-linux-x86_64-debian-gcc 0.0.1 0.92 19.33 20.26 NOTE
r-devel-linux-x86_64-fedora-clang 0.0.1 39.59 NOTE
r-devel-linux-x86_64-fedora-gcc 0.0.1 36.13 NOTE
r-devel-macosx-x86_64-clang 0.0.1 38.02 NOTE
r-devel-macosx-x86_64-gcc 0.0.1 NOTE
r-devel-windows-ix86+x86_64 0.0.1 4.00 34.00 38.00 NOTE
r-patched-linux-x86_64 0.0.1 0.93 18.69 19.62 NOTE
r-patched-solaris-sparc 0.0.1 213.80 NOTE
r-patched-solaris-x86 0.0.1 49.90 NOTE
r-release-linux-ix86 0.0.1 3.00 33.00 36.00 NOTE
r-release-linux-x86_64 0.0.1 0.92 18.86 19.78 NOTE
r-release-macosx-x86_64 0.0.1 OK
r-release-windows-ix86+x86_64 0.0.1 4.00 31.00 35.00 NOTE
r-oldrel-windows-ix86+x86_64 0.0.1 4.00 31.00 35.00 NOTE

Check Details

Version: 0.0.1
Check: dependencies in R code
Result: NOTE
    Packages in Depends field not imported from:
     ‘MASS’ ‘survival’
     These packages need to be imported from (in the NAMESPACE file)
     for when this namespace is loaded but not attached.
    See the information on DESCRIPTION files in the chapter ‘Creating R
    packages’ of the ‘Writing R Extensions’ manual.
Flavors: r-devel-linux-x86_64-debian-clang, r-devel-linux-x86_64-debian-gcc, r-devel-linux-x86_64-fedora-clang, r-devel-linux-x86_64-fedora-gcc, r-devel-macosx-x86_64-clang, r-devel-macosx-x86_64-gcc, r-devel-windows-ix86+x86_64, r-patched-linux-x86_64, r-patched-solaris-sparc, r-patched-solaris-x86, r-release-linux-ix86, r-release-linux-x86_64, r-release-windows-ix86+x86_64, r-oldrel-windows-ix86+x86_64