CRAN Package Check Results for Package SIMMS

Last updated on 2015-05-26 10:49:29.

Flavor Version Tinstall Tcheck Ttotal Status Flags
r-devel-linux-x86_64-debian-clang 1.0.1 3.62 51.13 54.76 OK
r-devel-linux-x86_64-debian-gcc 1.0.1 3.40 52.42 55.82 OK
r-devel-linux-x86_64-fedora-clang 1.0.1 110.05 OK
r-devel-linux-x86_64-fedora-gcc 1.0.1 105.94 OK
r-devel-osx-x86_64-clang 1.0.1 96.10 OK
r-devel-windows-ix86+x86_64 1.0.1 9.00 85.00 94.00 OK
r-patched-linux-x86_64 1.0.1 2.84 51.70 54.54 OK
r-patched-solaris-sparc 1.0.1 637.60 OK
r-patched-solaris-x86 1.0.1 146.20 OK
r-release-linux-x86_64 1.0.1 2.89 51.14 54.03 OK
r-release-osx-x86_64-mavericks 1.0.1 OK
r-release-osx-x86_64-snowleopard 1.0.1 ERROR
r-release-windows-ix86+x86_64 1.0.1 8.00 77.00 85.00 OK
r-oldrel-windows-ix86+x86_64 1.0.1 14.00 96.00 110.00 OK

Check Details

Version: 1.0.1
Check: package dependencies
Result: ERROR
    Package suggested but not available for checking: ‘knitr’
    
    VignetteBuilder package required for checking but not installed: ‘knitr’
    
    See section ‘The DESCRIPTION file’ in the ‘Writing R Extensions’
    manual.
Flavor: r-release-osx-x86_64-snowleopard