CRAN Package Check Results for Package SIMMS

Last updated on 2015-04-27 15:46:46.

Flavor Version Tinstall Tcheck Ttotal Status Flags
r-devel-linux-x86_64-debian-clang 1.0.1 3.04 54.38 57.42 OK
r-devel-linux-x86_64-debian-gcc 1.0.1 2.93 49.92 52.85 OK
r-devel-linux-x86_64-fedora-clang 1.0.1 110.07 OK
r-devel-linux-x86_64-fedora-gcc 1.0.1 103.37 OK
r-devel-osx-x86_64-clang 1.0.1 92.95 OK
r-devel-windows-ix86+x86_64 1.0.1 10.00 85.00 95.00 OK
r-patched-linux-x86_64 1.0.1 2.84 50.89 53.73 OK
r-patched-solaris-sparc 1.0.1 692.00 OK
r-patched-solaris-x86 1.0.1 143.00 OK
r-release-linux-x86_64 1.0.1 2.91 53.32 56.23 OK
r-release-osx-x86_64-mavericks 1.0.1 OK
r-release-osx-x86_64-snowleopard 1.0.1 ERROR
r-release-windows-ix86+x86_64 1.0.1 14.00 104.00 118.00 OK
r-oldrel-windows-ix86+x86_64 1.0.1 12.00 102.00 114.00 OK

Check Details

Version: 1.0.1
Check: package dependencies
Result: ERROR
    Package suggested but not available for checking: ‘knitr’
    
    VignetteBuilder package required for checking but not installed: ‘knitr’
    
    See section ‘The DESCRIPTION file’ in the ‘Writing R Extensions’
    manual.
Flavor: r-release-osx-x86_64-snowleopard