CRAN Package Check Results for Package SIMMS

Last updated on 2014-09-18 19:47:42.

Flavor Version Tinstall Tcheck Ttotal Status Flags
r-devel-linux-x86_64-debian-clang 0.0.1 1.12 17.94 19.06 NOTE
r-devel-linux-x86_64-debian-gcc 0.0.1 1.09 17.56 18.64 NOTE
r-devel-linux-x86_64-fedora-clang 0.0.1 36.45 NOTE
r-devel-linux-x86_64-fedora-gcc 0.0.1 36.46 NOTE
r-devel-osx-x86_64-clang 0.0.1 34.73 NOTE
r-devel-windows-ix86+x86_64 0.0.1 3.00 33.00 36.00 NOTE
r-patched-linux-x86_64 0.0.1 0.86 18.31 19.17 NOTE
r-patched-solaris-sparc 0.0.1 214.30 NOTE
r-patched-solaris-x86 0.0.1 49.40 NOTE
r-release-linux-ix86 0.0.1 1.32 24.33 25.64 NOTE
r-release-linux-x86_64 0.0.1 0.88 18.68 19.57 NOTE
r-release-osx-x86_64-mavericks 0.0.1 NOTE
r-release-osx-x86_64-snowleopard 0.0.1 OK
r-release-windows-ix86+x86_64 0.0.1 4.00 35.00 39.00 NOTE
r-oldrel-windows-ix86+x86_64 0.0.1 4.00 33.00 37.00 NOTE

Check Details

Version: 0.0.1
Check: dependencies in R code
Result: NOTE
    Packages in Depends field not imported from:
     ‘MASS’ ‘survival’
     These packages need to be imported from (in the NAMESPACE file)
     for when this namespace is loaded but not attached.
    See the information on DESCRIPTION files in the chapter ‘Creating R
    packages’ of the ‘Writing R Extensions’ manual.
Flavors: r-devel-linux-x86_64-debian-clang, r-devel-linux-x86_64-debian-gcc, r-devel-linux-x86_64-fedora-clang, r-devel-linux-x86_64-fedora-gcc, r-devel-osx-x86_64-clang, r-devel-windows-ix86+x86_64, r-patched-linux-x86_64, r-patched-solaris-sparc, r-patched-solaris-x86, r-release-linux-ix86, r-release-linux-x86_64, r-release-osx-x86_64-mavericks, r-release-windows-ix86+x86_64, r-oldrel-windows-ix86+x86_64

Version: 0.0.1
Check: R code for possible problems
Result: NOTE
    calculate.meta.survival: no visible global function definition for
     ‘Surv’
    create.KM.plot: no visible global function definition for ‘coxph’
    create.KM.plot: no visible global function definition for ‘survfit’
    create.survobj: no visible global function definition for ‘Surv’
    fit.coxmodel: no visible global function definition for ‘coxph’
    fit.interaction.model: no visible global function definition for ‘Surv’
    fit.interaction.model: no visible global function definition for
     ‘coxph’
    fit.survivalmodel: no visible global function definition for ‘stepAIC’
    fit.survivalmodel: no visible global function definition for ‘coxph’
    get.chisq.stats: no visible global function definition for ‘survdiff’
    pred.survivalmodel: no visible global function definition for ‘Surv’
Flavors: r-devel-linux-x86_64-debian-clang, r-devel-linux-x86_64-debian-gcc, r-devel-linux-x86_64-fedora-clang, r-devel-linux-x86_64-fedora-gcc, r-devel-osx-x86_64-clang, r-devel-windows-ix86+x86_64