CRAN Package Check Results for Package SIN

Last updated on 2017-10-19 11:47:52.

Flavor Version Tinstall Tcheck Ttotal Status Flags
r-devel-linux-x86_64-debian-clang 0.6 0.81 14.28 15.09 NOTE
r-devel-linux-x86_64-debian-gcc 0.6 1.05 14.52 15.57 NOTE
r-devel-linux-x86_64-fedora-clang 0.6 25.80 NOTE
r-devel-linux-x86_64-fedora-gcc 0.6 25.82 NOTE
r-devel-windows-ix86+x86_64 0.6 3.00 31.00 34.00 NOTE
r-patched-linux-x86_64 0.6 0.82 14.46 15.28 NOTE
r-patched-solaris-x86 0.6 36.40 NOTE
r-release-linux-x86_64 0.6 0.89 14.48 15.37 NOTE
r-release-windows-ix86+x86_64 0.6 3.00 33.00 36.00 NOTE
r-release-osx-x86_64 0.6 NOTE
r-oldrel-windows-ix86+x86_64 0.6 4.00 30.00 34.00 NOTE
r-oldrel-osx-x86_64 0.6 NOTE

Check Details

Version: 0.6
Check: R code for possible problems
Result: NOTE
    plotBGpvalues: no visible global function definition for ‘par’
    plotBGpvalues: no visible global function definition for ‘plot’
    plotBGpvalues: no visible global function definition for ‘title’
    plotBGpvalues: no visible global function definition for ‘axis’
    plotBGpvalues: no visible binding for global variable ‘abline’
    plotBGpvalues: no visible global function definition for ‘box’
    plotCGpvalues: no visible global function definition for ‘par’
    plotCGpvalues: no visible global function definition for ‘plot’
    plotCGpvalues: no visible global function definition for ‘title’
    plotCGpvalues: no visible global function definition for ‘axis’
    plotCGpvalues: no visible binding for global variable ‘abline’
    plotCGpvalues: no visible global function definition for ‘box’
    plotDAGpvalues: no visible global function definition for ‘par’
    plotDAGpvalues: no visible global function definition for ‘plot’
    plotDAGpvalues: no visible global function definition for ‘title’
    plotDAGpvalues: no visible global function definition for ‘axis’
    plotDAGpvalues: no visible binding for global variable ‘abline’
    plotDAGpvalues: no visible global function definition for ‘box’
    plotUGpvalues: no visible global function definition for ‘par’
    plotUGpvalues: no visible global function definition for ‘plot’
    plotUGpvalues: no visible global function definition for ‘title’
    plotUGpvalues: no visible global function definition for ‘axis’
    plotUGpvalues: no visible binding for global variable ‘abline’
    plotUGpvalues: no visible global function definition for ‘box’
    simpvalueVec: no visible binding for global variable ‘pnorm’
    sinBG: no visible global function definition for ‘cov2cor’
    sinCG : sinAMP: no visible global function definition for ‘cov2cor’
    sinCG : sinLWF: no visible global function definition for ‘cov2cor’
    sinDAG: no visible global function definition for ‘cov2cor’
    sinUG: no visible global function definition for ‘cov2cor’
    Undefined global functions or variables:
     abline axis box cov2cor par plot pnorm title
    Consider adding
     importFrom("graphics", "abline", "axis", "box", "par", "plot", "title")
     importFrom("stats", "cov2cor", "pnorm")
    to your NAMESPACE file.
Flavors: r-devel-linux-x86_64-debian-clang, r-devel-linux-x86_64-debian-gcc, r-devel-linux-x86_64-fedora-clang, r-devel-linux-x86_64-fedora-gcc, r-devel-windows-ix86+x86_64, r-patched-linux-x86_64, r-patched-solaris-x86, r-release-linux-x86_64, r-release-windows-ix86+x86_64, r-release-osx-x86_64, r-oldrel-windows-ix86+x86_64, r-oldrel-osx-x86_64