CRAN Package Check Results for Package SIN

Last updated on 2015-09-02 05:47:25.

Flavor Version Tinstall Tcheck Ttotal Status Flags
r-devel-linux-x86_64-debian-clang 0.6 0.75 11.26 12.00 NOTE
r-devel-linux-x86_64-debian-gcc 0.6 0.72 11.40 12.12 NOTE
r-devel-linux-x86_64-fedora-clang 0.6 22.85 NOTE
r-devel-linux-x86_64-fedora-gcc 0.6 21.03 NOTE
r-devel-osx-x86_64-clang 0.6 22.07 OK
r-devel-windows-ix86+x86_64 0.6 4.00 23.00 27.00 NOTE
r-patched-linux-x86_64 0.6 1.05 11.78 12.83 OK
r-patched-solaris-sparc 0.6 154.10 OK
r-patched-solaris-x86 0.6 35.40 OK
r-release-linux-x86_64 0.6 0.78 11.98 12.76 OK
r-release-osx-x86_64-mavericks 0.6 OK
r-release-windows-ix86+x86_64 0.6 4.00 32.00 36.00 OK
r-oldrel-windows-ix86+x86_64 0.6 6.00 23.00 29.00 OK

Check Details

Version: 0.6
Check: R code for possible problems
Result: NOTE
    plotBGpvalues: no visible global function definition for ‘par’
    plotBGpvalues: no visible global function definition for ‘plot’
    plotBGpvalues: no visible global function definition for ‘title’
    plotBGpvalues: no visible global function definition for ‘axis’
    plotBGpvalues: no visible binding for global variable ‘abline’
    plotBGpvalues: no visible global function definition for ‘box’
    plotCGpvalues: no visible global function definition for ‘par’
    plotCGpvalues: no visible global function definition for ‘plot’
    plotCGpvalues: no visible global function definition for ‘title’
    plotCGpvalues: no visible global function definition for ‘axis’
    plotCGpvalues: no visible binding for global variable ‘abline’
    plotCGpvalues: no visible global function definition for ‘box’
    plotDAGpvalues: no visible global function definition for ‘par’
    plotDAGpvalues: no visible global function definition for ‘plot’
    plotDAGpvalues: no visible global function definition for ‘title’
    plotDAGpvalues: no visible global function definition for ‘axis’
    plotDAGpvalues: no visible binding for global variable ‘abline’
    plotDAGpvalues: no visible global function definition for ‘box’
    plotUGpvalues: no visible global function definition for ‘par’
    plotUGpvalues: no visible global function definition for ‘plot’
    plotUGpvalues: no visible global function definition for ‘title’
    plotUGpvalues: no visible global function definition for ‘axis’
    plotUGpvalues: no visible binding for global variable ‘abline’
    plotUGpvalues: no visible global function definition for ‘box’
    simpvalueVec: no visible binding for global variable ‘pnorm’
    sinBG: no visible global function definition for ‘cov2cor’
    sinCG : sinAMP: no visible global function definition for ‘cov2cor’
    sinCG : sinLWF: no visible global function definition for ‘cov2cor’
    sinDAG: no visible global function definition for ‘cov2cor’
    sinUG: no visible global function definition for ‘cov2cor’
    Undefined global functions or variables:
     abline axis box cov2cor par plot pnorm title
    Consider adding
     importFrom("graphics", "abline", "axis", "box", "par", "plot", "title")
     importFrom("stats", "cov2cor", "pnorm")
    to your NAMESPACE.
Flavors: r-devel-linux-x86_64-debian-clang, r-devel-linux-x86_64-debian-gcc, r-devel-linux-x86_64-fedora-clang, r-devel-linux-x86_64-fedora-gcc, r-devel-windows-ix86+x86_64