CRAN Package Check Results for Package SINGLE

Last updated on 2015-06-30 14:48:09.

Flavor Version Tinstall Tcheck Ttotal Status Flags
r-devel-linux-x86_64-debian-clang 1.3 2.90 156.02 158.92 WARN
r-devel-linux-x86_64-debian-gcc 1.3 2.93 143.94 146.88 WARN
r-devel-linux-x86_64-fedora-clang 1.3 305.14 WARN
r-devel-linux-x86_64-fedora-gcc 1.3 286.82 WARN
r-devel-osx-x86_64-clang 1.3 264.17 WARN
r-devel-windows-ix86+x86_64 1.3 8.00 237.00 245.00 NOTE
r-patched-linux-x86_64 1.3 2.82 143.85 146.67 WARN
r-patched-solaris-sparc 1.3 1879.70 WARN
r-patched-solaris-x86 1.3 340.70 WARN
r-release-linux-x86_64 1.3 2.84 143.11 145.95 WARN
r-release-osx-x86_64-mavericks 1.3 OK
r-release-windows-ix86+x86_64 1.3 12.00 229.00 241.00 WARN
r-oldrel-windows-ix86+x86_64 1.3 14.00 381.00 395.00 WARN

Check Details

Version: 1.3
Check: whether package can be installed
Result: WARN
    Found the following significant warnings:
     Warning: replacing previous import by ‘dse::permute’ when loading ‘SINGLE’
Flavors: r-devel-linux-x86_64-debian-clang, r-devel-linux-x86_64-debian-gcc, r-devel-linux-x86_64-fedora-clang, r-devel-linux-x86_64-fedora-gcc, r-devel-osx-x86_64-clang, r-patched-linux-x86_64, r-patched-solaris-sparc, r-patched-solaris-x86, r-release-linux-x86_64, r-release-windows-ix86+x86_64, r-oldrel-windows-ix86+x86_64

Version: 1.3
Check: R code for possible problems
Result: NOTE
    SINGLE: no visible global function definition for ‘quantile’
    generate_random_graph: no visible global function definition for
     ‘runif’
    plotSINGLE: no visible global function definition for ‘par’
    plotSINGLE: no visible global function definition for ‘plot’
Flavors: r-devel-linux-x86_64-debian-clang, r-devel-linux-x86_64-debian-gcc, r-devel-linux-x86_64-fedora-clang, r-devel-windows-ix86+x86_64