CRAN Package Check Results for Package SINGLE

Last updated on 2014-11-26 07:47:15.

Flavor Version Tinstall Tcheck Ttotal Status Flags
r-devel-linux-x86_64-debian-clang 1.3 3.54 157.63 161.17 OK
r-devel-linux-x86_64-debian-gcc 1.3 3.41 153.65 157.06 OK
r-devel-linux-x86_64-fedora-clang 1.3 358.37 OK
r-devel-linux-x86_64-fedora-gcc 1.3 340.89 OK
r-devel-osx-x86_64-clang 1.3 278.62 OK
r-devel-windows-ix86+x86_64 1.3 9.00 237.00 246.00 OK
r-patched-linux-x86_64 1.3 3.60 182.07 185.66 OK
r-patched-solaris-sparc 1.3 2441.10 OK
r-patched-solaris-x86 1.3 454.30 OK
r-release-linux-ix86 1.3 4.34 208.09 212.43 OK
r-release-linux-x86_64 1.3 3.64 183.15 186.79 OK
r-release-osx-x86_64-mavericks 1.3 NOTE
r-release-osx-x86_64-snowleopard 1.3 OK
r-release-windows-ix86+x86_64 1.3 10.00 290.00 300.00 OK
r-oldrel-windows-ix86+x86_64 1.3 11.00 280.00 291.00 OK

Check Details

Version: 1.3
Check: re-building of vignette outputs
Result: NOTE
    Error in re-building vignettes:
     ...
    Loading required package: igraph
    Loading required package: dse
    Loading required package: tframe
    Loading required package: setRNG
    Loading required package: tfplot
    
    Attaching package: ‘dse’
    
    The following objects are masked from ‘package:stats’:
    
     acf, simulate
    
    Loading required package: Matrix
    Error in texi2dvi(file = file, pdf = TRUE, clean = clean, quiet = quiet, :
     Running 'texi2dvi' on 'vignette.tex' failed.
    LaTeX errors:
    ! LaTeX Error: File `a4wide.sty' not found.
    
    Type X to quit or <RETURN> to proceed,
    or enter new name. (Default extension: sty)
    
    test/SINGLE/vignettes/vignette.tex:4: ==> Fatal error occurred, no output PDF
    file produced!
    Calls: buildVignettes -> texi2pdf -> texi2dvi
    Execution halted
Flavor: r-release-osx-x86_64-mavericks