CRAN Package Check Results for Package SINGLE

Last updated on 2014-10-31 06:47:29.

Flavor Version Tinstall Tcheck Ttotal Status Flags
r-devel-linux-x86_64-debian-clang 1.3 4.40 158.25 162.64 OK
r-devel-linux-x86_64-debian-gcc 1.3 3.46 154.70 158.17 OK
r-devel-linux-x86_64-fedora-clang 1.3 369.05 OK
r-devel-linux-x86_64-fedora-gcc 1.3 349.22 OK
r-devel-osx-x86_64-clang 1.3 282.92 OK
r-devel-windows-ix86+x86_64 1.3 10.00 244.00 254.00 OK
r-patched-linux-x86_64 1.3 3.69 183.86 187.55 OK
r-patched-solaris-sparc 1.3 2441.10 OK
r-patched-solaris-x86 1.3 463.70 OK
r-release-linux-ix86 1.3 4.60 231.67 236.28 OK
r-release-linux-x86_64 1.3 3.75 174.67 178.42 OK
r-release-osx-x86_64-mavericks 1.3 NOTE
r-release-osx-x86_64-snowleopard 1.3 OK
r-release-windows-ix86+x86_64 1.3 11.00 303.00 314.00 OK
r-oldrel-windows-ix86+x86_64 1.3 10.00 279.00 289.00 OK

Check Details

Version: 1.3
Check: re-building of vignette outputs
Result: NOTE
    Error in re-building vignettes:
     ...
    Loading required package: igraph
    Loading required package: dse
    Loading required package: tframe
    Loading required package: setRNG
    Loading required package: tfplot
    
    Attaching package: ‘dse’
    
    The following objects are masked from ‘package:stats’:
    
     acf, simulate
    
    Loading required package: Matrix
    Error in texi2dvi(file = file, pdf = TRUE, clean = clean, quiet = quiet, :
     Running 'texi2dvi' on 'vignette.tex' failed.
    LaTeX errors:
    ! LaTeX Error: File `a4wide.sty' not found.
    
    Type X to quit or <RETURN> to proceed,
    or enter new name. (Default extension: sty)
    
    test/SINGLE/vignettes/vignette.tex:4: ==> Fatal error occurred, no output PDF
    file produced!
    Calls: buildVignettes -> texi2pdf -> texi2dvi
    Execution halted
Flavor: r-release-osx-x86_64-mavericks