CRAN Package Check Results for Package SINGLE

Last updated on 2014-12-19 05:47:55.

Flavor Version Tinstall Tcheck Ttotal Status Flags
r-devel-linux-x86_64-debian-clang 1.3 3.46 171.20 174.66 OK
r-devel-linux-x86_64-debian-gcc 1.3 3.85 152.94 156.79 OK
r-devel-linux-x86_64-fedora-clang 1.3 366.31 OK
r-devel-linux-x86_64-fedora-gcc 1.3 340.86 OK
r-devel-osx-x86_64-clang 1.3 289.10 OK
r-devel-windows-ix86+x86_64 1.3 11.00 249.00 260.00 OK
r-patched-linux-x86_64 1.3 3.63 183.65 187.28 OK
r-patched-solaris-sparc 1.3 2441.10 OK
r-patched-solaris-x86 1.3 454.40 OK
r-release-linux-ix86 1.3 4.26 208.92 213.18 OK
r-release-linux-x86_64 1.3 3.52 191.03 194.55 OK
r-release-osx-x86_64-mavericks 1.3 NOTE
r-release-osx-x86_64-snowleopard 1.3 OK
r-release-windows-ix86+x86_64 1.3 10.00 297.00 307.00 OK
r-oldrel-windows-ix86+x86_64 1.3 11.00 261.00 272.00 OK

Check Details

Version: 1.3
Check: re-building of vignette outputs
Result: NOTE
    Error in re-building vignettes:
     ...
    Loading required package: igraph
    Loading required package: dse
    Loading required package: tframe
    Loading required package: setRNG
    Loading required package: tfplot
    
    Attaching package: ‘dse’
    
    The following objects are masked from ‘package:stats’:
    
     acf, simulate
    
    Loading required package: Matrix
    Error in texi2dvi(file = file, pdf = TRUE, clean = clean, quiet = quiet, :
     Running 'texi2dvi' on 'vignette.tex' failed.
    LaTeX errors:
    ! LaTeX Error: File `a4wide.sty' not found.
    
    Type X to quit or <RETURN> to proceed,
    or enter new name. (Default extension: sty)
    
    test/SINGLE/vignettes/vignette.tex:4: ==> Fatal error occurred, no output PDF
    file produced!
    Calls: buildVignettes -> texi2pdf -> texi2dvi
    Execution halted
Flavor: r-release-osx-x86_64-mavericks