CRAN Package Check Results for Package SINGLE

Last updated on 2015-05-29 23:48:16.

Flavor Version Tinstall Tcheck Ttotal Status Flags
r-devel-linux-x86_64-debian-clang 1.3 2.80 146.06 148.86 OK
r-devel-linux-x86_64-debian-gcc 1.3 2.77 143.15 145.92 OK
r-devel-linux-x86_64-fedora-clang 1.3 318.51 OK
r-devel-linux-x86_64-fedora-gcc 1.3 290.11 OK
r-devel-osx-x86_64-clang 1.3 264.42 OK
r-devel-windows-ix86+x86_64 1.3 8.00 225.00 233.00 OK
r-patched-linux-x86_64 1.3 2.90 146.64 149.54 OK
r-patched-solaris-sparc 1.3 1976.60 OK
r-patched-solaris-x86 1.3 370.80 OK
r-release-linux-x86_64 1.3 2.69 140.82 143.51 OK
r-release-osx-x86_64-mavericks 1.3 OK
r-release-osx-x86_64-snowleopard 1.3 ERROR
r-release-windows-ix86+x86_64 1.3 9.00 250.00 259.00 OK
r-oldrel-windows-ix86+x86_64 1.3 10.00 243.00 253.00 OK

Check Details

Version: 1.3
Check: package dependencies
Result: ERROR
    Package required but not available: ‘igraph’
    
    See section ‘The DESCRIPTION file’ in the ‘Writing R Extensions’
    manual.
Flavor: r-release-osx-x86_64-snowleopard