CRAN Package Check Results for Package SINGLE

Last updated on 2014-08-23 08:51:44.

Flavor Version Tinstall Tcheck Ttotal Status Flags
r-devel-linux-x86_64-debian-clang 1.3 3.59 163.66 167.26 OK
r-devel-linux-x86_64-debian-gcc 1.3 3.60 158.14 161.74 OK
r-devel-linux-x86_64-fedora-clang 1.3 377.09 OK
r-devel-linux-x86_64-fedora-gcc 1.3 346.70 OK
r-devel-osx-x86_64-clang 1.3 273.31 OK
r-devel-windows-ix86+x86_64 1.3 11.00 250.00 261.00 OK
r-patched-linux-x86_64 1.3 3.64 182.90 186.54 OK
r-patched-solaris-sparc 1.3 2441.10 OK
r-patched-solaris-x86 1.3 454.60 OK
r-release-linux-ix86 1.3 4.62 220.68 225.30 OK
r-release-linux-x86_64 1.3 3.76 184.97 188.73 OK
r-release-osx-x86_64-mavericks 1.3 NOTE
r-release-osx-x86_64-snowleopard 1.3 OK
r-release-windows-ix86+x86_64 1.3 11.00 298.00 309.00 OK
r-oldrel-windows-ix86+x86_64 1.3 10.00 258.00 268.00 OK

Check Details

Version: 1.3
Check: re-building of vignette outputs
Result: NOTE
    Error in re-building vignettes:
     ...
    Loading required package: igraph
    Loading required package: dse
    Loading required package: tframe
    Loading required package: setRNG
    Loading required package: tfplot
    
    Attaching package: ‘dse’
    
    The following objects are masked from ‘package:stats’:
    
     acf, simulate
    
    Loading required package: Matrix
    Error in texi2dvi(file = file, pdf = TRUE, clean = clean, quiet = quiet, :
     Running 'texi2dvi' on 'vignette.tex' failed.
    LaTeX errors:
    ! LaTeX Error: File `a4wide.sty' not found.
    
    Type X to quit or <RETURN> to proceed,
    or enter new name. (Default extension: sty)
    
    test/SINGLE/vignettes/vignette.tex:4: ==> Fatal error occurred, no output PDF
    file produced!
    Calls: buildVignettes -> texi2pdf -> texi2dvi
    Execution halted
Flavor: r-release-osx-x86_64-mavericks