CRAN Package Check Results for Package SINGLE

Last updated on 2015-07-31 22:49:48.

Flavor Version Tinstall Tcheck Ttotal Status Flags
r-devel-linux-x86_64-debian-clang 1.3 2.98 153.48 156.46 WARN
r-devel-linux-x86_64-debian-gcc 1.3 2.78 145.14 147.92 WARN
r-devel-linux-x86_64-fedora-clang 1.3 306.68 WARN
r-devel-linux-x86_64-fedora-gcc 1.3 290.98 WARN
r-devel-osx-x86_64-clang 1.3 262.82 WARN
r-devel-windows-ix86+x86_64 1.3 12.00 231.00 243.00 WARN
r-patched-linux-x86_64 1.3 2.94 152.32 155.26 WARN
r-patched-solaris-sparc 1.3 2041.70 WARN
r-patched-solaris-x86 1.3 367.20 WARN
r-release-linux-x86_64 1.3 3.07 146.16 149.23 WARN
r-release-osx-x86_64-mavericks 1.3 OK
r-release-windows-ix86+x86_64 1.3 11.00 268.00 279.00 WARN
r-oldrel-windows-ix86+x86_64 1.3 13.00 317.00 330.00 WARN

Check Details

Version: 1.3
Check: whether package can be installed
Result: WARN
    Found the following significant warnings:
     Warning: replacing previous import by ‘dse::permute’ when loading ‘SINGLE’
Flavors: r-devel-linux-x86_64-debian-clang, r-devel-linux-x86_64-debian-gcc, r-devel-linux-x86_64-fedora-clang, r-devel-linux-x86_64-fedora-gcc, r-devel-osx-x86_64-clang, r-devel-windows-ix86+x86_64, r-patched-linux-x86_64, r-patched-solaris-sparc, r-patched-solaris-x86, r-release-linux-x86_64, r-release-windows-ix86+x86_64, r-oldrel-windows-ix86+x86_64

Version: 1.3
Check: R code for possible problems
Result: NOTE
    SINGLE: no visible global function definition for ‘quantile’
    generate_random_graph: no visible global function definition for
     ‘runif’
    plotSINGLE: no visible global function definition for ‘par’
    plotSINGLE: no visible global function definition for ‘plot’
    Undefined global functions or variables:
     par plot quantile runif
    Consider adding
     importFrom("graphics", "par", "plot")
     importFrom("stats", "quantile", "runif")
    to your NAMESPACE.
Flavors: r-devel-linux-x86_64-debian-clang, r-devel-linux-x86_64-debian-gcc, r-devel-linux-x86_64-fedora-clang, r-devel-linux-x86_64-fedora-gcc, r-devel-windows-ix86+x86_64