CRAN Package Check Results for Package SIPDIBGE

Last updated on 2021-04-11 20:47:23 CEST.

Flavor Version Tinstall Tcheck Ttotal Status Flags
r-devel-linux-x86_64-debian-clang 0.1.1 17.25 121.28 138.53 NOTE
r-devel-linux-x86_64-debian-gcc 0.1.1 12.77 90.15 102.92 NOTE
r-devel-linux-x86_64-fedora-clang 0.1.1 168.52 NOTE
r-devel-linux-x86_64-fedora-gcc 0.1.1 161.50 NOTE
r-devel-windows-ix86+x86_64 0.1.1 41.00 139.00 180.00 NOTE
r-devel-windows-x86_64-gcc10-UCRT 0.1.1 NOTE
r-patched-linux-x86_64 0.1.1 15.38 110.60 125.98 OK
r-patched-solaris-x86 0.1.1 241.90 OK
r-release-linux-x86_64 0.1.1 14.88 110.73 125.61 OK
r-release-macos-x86_64 0.1.1 OK
r-release-windows-ix86+x86_64 0.1.1 37.00 142.00 179.00 OK
r-oldrel-macos-x86_64 0.1.1 OK
r-oldrel-windows-ix86+x86_64 0.1.1 21.00 93.00 114.00 OK

Check Details

Version: 0.1.1
Check: LazyData
Result: NOTE
     'LazyData' is specified without a 'data' directory
Flavors: r-devel-linux-x86_64-debian-clang, r-devel-linux-x86_64-debian-gcc, r-devel-linux-x86_64-fedora-clang, r-devel-linux-x86_64-fedora-gcc, r-devel-windows-ix86+x86_64, r-devel-windows-x86_64-gcc10-UCRT