CRAN Package Check Results for Package SIS

Last updated on 2019-03-23 16:48:22 CET.

Flavor Version Tinstall Tcheck Ttotal Status Flags
r-devel-linux-x86_64-debian-clang 0.8-6 6.98 56.32 63.30 OK
r-devel-linux-x86_64-debian-gcc 0.8-6 5.75 46.22 51.97 OK
r-devel-linux-x86_64-fedora-clang 0.8-6 77.50 OK
r-devel-linux-x86_64-fedora-gcc 0.8-6 74.03 OK
r-devel-windows-ix86+x86_64 0.8-6 18.00 70.00 88.00 OK
r-patched-linux-x86_64 0.8-6 5.48 52.11 57.59 OK
r-patched-solaris-x86 0.8-6 108.20 OK
r-release-linux-x86_64 0.8-6 0.39 1.90 2.29 ERROR
r-release-windows-ix86+x86_64 0.8-6 8.00 66.00 74.00 OK
r-release-osx-x86_64 0.8-6 OK
r-oldrel-windows-ix86+x86_64 0.8-6 11.00 83.00 94.00 OK
r-oldrel-osx-x86_64 0.8-6 OK

Check Details

Version: 0.8-6
Check: whether package can be installed
Result: ERROR
    Installation failed.
Flavor: r-release-linux-x86_64