CRAN Package Check Results for Package SIS

Last updated on 2015-08-31 23:49:51.

Flavor Version Tinstall Tcheck Ttotal Status Flags
r-devel-linux-x86_64-debian-clang 0.7-5 2.74 41.40 44.14 NOTE
r-devel-linux-x86_64-debian-gcc 0.7-5 2.67 40.60 43.27 NOTE
r-devel-linux-x86_64-fedora-clang 0.7-5 90.60 NOTE
r-devel-linux-x86_64-fedora-gcc 0.7-5 84.40 NOTE
r-devel-osx-x86_64-clang 0.7-5 66.76 OK
r-devel-windows-ix86+x86_64 0.7-5 11.00 92.00 103.00 NOTE
r-patched-linux-x86_64 0.7-5 2.81 42.31 45.12 OK
r-patched-solaris-sparc 0.7-5 615.40 OK
r-patched-solaris-x86 0.7-5 133.40 OK
r-release-linux-x86_64 0.7-5 2.79 42.82 45.60 OK
r-release-osx-x86_64-mavericks 0.7-5 OK
r-release-windows-ix86+x86_64 0.7-5 10.00 115.00 125.00 OK
r-oldrel-windows-ix86+x86_64 0.7-5 15.00 88.00 103.00 OK

Check Details

Version: 0.7-5
Check: R code for possible problems
Result: NOTE
    final.fit: no visible global function definition for ‘deviance’
    margcoef: no visible global function definition for ‘cor’
    mg: no visible global function definition for ‘coef’
    mg: no visible global function definition for ‘glm.fit’
    mg: no visible global function definition for ‘gaussian’
    mg: no visible global function definition for ‘binomial’
    mg: no visible global function definition for ‘poisson’
    obtain.beta: no visible global function definition for ‘coef’
    obtain.beta: no visible global function definition for ‘deviance’
    obtain.ix0: no visible global function definition for ‘quantile’
    obtain.newix: no visible global function definition for ‘quantile’
    sisglm: no visible global function definition for ‘coef’
    tune.fit: no visible global function definition for ‘coef’
    tune.fit: no visible global function definition for ‘deviance’
    Undefined global functions or variables:
     binomial coef cor deviance gaussian glm.fit poisson quantile
    Consider adding
     importFrom("stats", "binomial", "coef", "cor", "deviance", "gaussian",
     "glm.fit", "poisson", "quantile")
    to your NAMESPACE.
Flavors: r-devel-linux-x86_64-debian-clang, r-devel-linux-x86_64-debian-gcc, r-devel-linux-x86_64-fedora-clang, r-devel-linux-x86_64-fedora-gcc, r-devel-windows-ix86+x86_64