CRAN Package Check Results for Package SIS

Last updated on 2015-03-04 19:50:30.

Flavor Version Tinstall Tcheck Ttotal Status Flags
r-devel-linux-x86_64-debian-clang 0.7-4 2.85 42.44 45.29 NOTE
r-devel-linux-x86_64-debian-gcc 0.7-4 2.63 41.56 44.19 NOTE
r-devel-linux-x86_64-fedora-clang 0.7-4 91.30 NOTE
r-devel-linux-x86_64-fedora-gcc 0.7-4 88.36 NOTE
r-devel-osx-x86_64-clang 0.7-4 79.42 NOTE
r-devel-windows-ix86+x86_64 0.7-4 7.00 70.00 77.00 NOTE
r-patched-linux-x86_64 0.7-4 3.99 50.99 54.98 OK
r-patched-solaris-sparc 0.7-4 744.30 OK
r-patched-solaris-x86 0.7-4 164.10 OK
r-release-linux-ix86 0.7-4 4.24 59.40 63.64 OK
r-release-linux-x86_64 0.7-4 3.60 51.79 55.39 OK
r-release-osx-x86_64-mavericks 0.7-4 OK
r-release-osx-x86_64-snowleopard 0.7-4 OK
r-release-windows-ix86+x86_64 0.7-4 9.00 82.00 91.00 OK
r-oldrel-windows-ix86+x86_64 0.7-4 11.00 74.00 85.00 OK

Check Details

Version: 0.7-4
Check: DESCRIPTION meta-information
Result: NOTE
    Malformed Description field: should contain one or more complete sentences.
Flavors: r-devel-linux-x86_64-debian-clang, r-devel-linux-x86_64-debian-gcc, r-devel-linux-x86_64-fedora-clang, r-devel-linux-x86_64-fedora-gcc, r-devel-osx-x86_64-clang, r-devel-windows-ix86+x86_64