CRAN Package Check Results for Package SIS

Last updated on 2014-04-18 11:47:26.

Flavor Version Tinstall Tcheck Ttotal Status Flags
r-devel-linux-x86_64-debian-clang 0.7 3.50 48.67 52.17 OK
r-devel-linux-x86_64-debian-gcc OK
r-devel-linux-x86_64-fedora-clang 0.7 67.40 OK
r-devel-linux-x86_64-fedora-gcc 0.7 67.12 OK
r-devel-macosx-x86_64-clang 0.7 82.83 OK
r-devel-macosx-x86_64-gcc 0.7 OK
r-devel-windows-ix86+x86_64 0.7 10.00 66.00 76.00 OK
r-patched-linux-x86_64 0.7 3.66 48.69 52.35 OK
r-patched-solaris-sparc 0.7 625.60 OK
r-patched-solaris-x86 0.7 155.60 OK
r-release-linux-ix86 0.6 29.00 143.00 172.00 NOTE
r-release-linux-x86_64 0.7 3.52 48.21 51.73 OK
r-release-macosx-x86_64 0.7 OK
r-release-windows-ix86+x86_64 0.7 9.00 69.00 78.00 OK
r-oldrel-windows-ix86+x86_64 0.7 9.00 71.00 80.00 OK

Check Details

Version: 0.6
Check: dependencies in R code
Result: NOTE
    Package in Depends field not imported from: ‘survival’
     These packages need to be imported from (in the NAMESPACE file)
     for when this namespace is loaded but not attached.
    See the information on DESCRIPTION files in the chapter ‘Creating R
    packages’ of the ‘Writing R Extensions’ manual.
Flavor: r-release-linux-ix86

Version: 0.6
Check: compiled code
Result: NOTE
    File ‘/home/hornik/tmp/R.check/r-release-gcc/Work/build/Packages/SIS/libs/SIS.so’:
     Found ‘_gfortran_st_write’, possibly from ‘write’ (Fortran), ‘print’
     (Fortran)
     Objects: ‘mi02lib.o’, ‘mi05funs.o’, ‘mi10unix.o’, ‘mi11sys.o’,
     ‘mi12solv.o’, ‘mi20amat.o’, ‘mi25bfac.o’, ‘mi26bfac.o’,
     ‘mi27lu.o’, ‘mi30spec.o’, ‘mi35mps.o’, ‘mi36mps.o’, ‘mi40bfil.o’,
     ‘mi50lp.o’, ‘mi60srch.o’, ‘mi65rmod.o’, ‘mi70nobj.o’,
     ‘mi80ncon.o’, ‘mi81ncon.o’
    
    Compiled code should not call entry points which might terminate R nor
    write to stdout/stderr instead of to the console.
    
    See ‘Writing portable packages’ in the ‘Writing R Extensions’ manual.
Flavor: r-release-linux-ix86