CRAN Package Check Results for Package SITH

Last updated on 2023-12-03 00:56:58 CET.

Flavor Version Tinstall Tcheck Ttotal Status Flags
r-devel-linux-x86_64-debian-clang 1.1.0 55.54 65.32 120.86 OK
r-devel-linux-x86_64-debian-gcc 1.1.0 39.60 50.22 89.82 OK
r-devel-linux-x86_64-fedora-clang 1.1.0 174.78 OK
r-devel-linux-x86_64-fedora-gcc 1.1.0 206.26 NOTE
r-devel-windows-x86_64 1.1.0 42.00 96.00 138.00 OK
r-patched-linux-x86_64 1.1.0 44.73 62.51 107.24 OK
r-release-linux-x86_64 1.1.0 42.94 63.14 106.08 OK
r-release-macos-arm64 1.1.0 88.00 OK
r-release-macos-x86_64 1.1.0 141.00 OK
r-release-windows-x86_64 1.1.0 41.00 112.00 153.00 OK
r-oldrel-macos-arm64 1.1.0 77.00 OK
r-oldrel-macos-x86_64 1.1.0 63.00 OK
r-oldrel-windows-x86_64 1.1.0 51.00 109.00 160.00 OK

Check Details

Version: 1.1.0
Check: for detritus in the temp directory
Result: NOTE Found the following files/directories: ‘Crashpad’ Flavor: r-devel-linux-x86_64-fedora-gcc