CRAN Package Check Results for Package SLC

Last updated on 2015-05-26 02:47:01.

Flavor Version Tinstall Tcheck Ttotal Status Flags
r-devel-linux-x86_64-debian-clang 0.3 0.45 8.14 8.60 OK
r-devel-linux-x86_64-debian-gcc 0.3 0.44 7.84 8.28 OK
r-devel-linux-x86_64-fedora-clang 0.3 15.96 OK
r-devel-linux-x86_64-fedora-gcc 0.3 15.25 OK
r-devel-osx-x86_64-clang 0.3 20.48 OK
r-devel-windows-ix86+x86_64 0.3 2.00 14.00 16.00 OK
r-patched-linux-x86_64 0.3 0.62 8.08 8.70 OK
r-patched-solaris-sparc 0.3 109.40 OK
r-patched-solaris-x86 0.3 24.10 OK
r-release-linux-x86_64 0.3 0.46 8.24 8.70 OK
r-release-osx-x86_64-mavericks 0.3 OK
r-release-osx-x86_64-snowleopard 0.3 NOTE
r-release-windows-ix86+x86_64 0.3 1.00 15.00 16.00 OK
r-oldrel-windows-ix86+x86_64 0.3 4.00 16.00 20.00 OK

Check Details

Version: 0.3
Check: Rd cross-references
Result: NOTE
    Package unavailable to check Rd xrefs: ‘RcmdrPlugin.SLC’
Flavor: r-release-osx-x86_64-snowleopard