CRAN Package Check Results for Package SLC

Last updated on 2018-05-27 00:46:57 CEST.

Flavor Version Tinstall Tcheck Ttotal Status Flags
r-devel-linux-x86_64-debian-clang 0.3 0.62 16.17 16.79 NOTE
r-devel-linux-x86_64-debian-gcc 0.3 0.63 12.84 13.47 NOTE
r-devel-linux-x86_64-fedora-clang 0.3 20.94 NOTE
r-devel-linux-x86_64-fedora-gcc 0.3 19.17 NOTE
r-devel-windows-ix86+x86_64 0.3 4.00 24.00 28.00 NOTE
r-patched-linux-x86_64 0.3 0.70 15.29 15.99 NOTE
r-patched-solaris-x86 0.3 30.40 NOTE
r-release-linux-x86_64 0.3 0.80 15.01 15.81 NOTE
r-release-windows-ix86+x86_64 0.3 3.00 23.00 26.00 NOTE
r-release-osx-x86_64 0.3 NOTE
r-oldrel-windows-ix86+x86_64 0.3 3.00 23.00 26.00 NOTE
r-oldrel-osx-x86_64 0.3 NOTE

Check Details

Version: 0.3
Check: R code for possible problems
Result: NOTE
    slcestimates: no visible global function definition for ‘par’
    slcestimates: no visible global function definition for ‘plot’
    slcestimates: no visible global function definition for ‘abline’
    slcestimates: no visible global function definition for ‘lines’
    slcestimates: no visible global function definition for ‘axis’
    slcestimates: no visible global function definition for ‘points’
    slcestimates: no visible global function definition for ‘title’
    Undefined global functions or variables:
     abline axis lines par plot points title
    Consider adding
     importFrom("graphics", "abline", "axis", "lines", "par", "plot",
     "points", "title")
    to your NAMESPACE file.
Flavors: r-devel-linux-x86_64-debian-clang, r-devel-linux-x86_64-debian-gcc, r-devel-linux-x86_64-fedora-clang, r-devel-linux-x86_64-fedora-gcc, r-devel-windows-ix86+x86_64, r-patched-linux-x86_64, r-patched-solaris-x86, r-release-linux-x86_64, r-release-windows-ix86+x86_64, r-release-osx-x86_64, r-oldrel-windows-ix86+x86_64, r-oldrel-osx-x86_64