CRAN Package Check Results for Package SLC

Last updated on 2015-06-30 10:48:37.

Flavor Version Tinstall Tcheck Ttotal Status Flags
r-devel-linux-x86_64-debian-clang 0.3 0.44 8.10 8.54 NOTE
r-devel-linux-x86_64-debian-gcc 0.3 0.47 7.55 8.02 NOTE
r-devel-linux-x86_64-fedora-clang 0.3 15.39 OK
r-devel-linux-x86_64-fedora-gcc 0.3 14.42 OK
r-devel-osx-x86_64-clang 0.3 17.31 OK
r-devel-windows-ix86+x86_64 0.3 3.00 14.00 17.00 OK
r-patched-linux-x86_64 0.3 0.44 8.34 8.78 OK
r-patched-solaris-sparc 0.3 109.40 OK
r-patched-solaris-x86 0.3 24.60 OK
r-release-linux-x86_64 0.3 0.44 8.11 8.54 OK
r-release-osx-x86_64-mavericks 0.3 OK
r-release-windows-ix86+x86_64 0.3 1.00 15.00 16.00 OK
r-oldrel-windows-ix86+x86_64 0.3 4.00 16.00 20.00 OK

Check Details

Version: 0.3
Check: R code for possible problems
Result: NOTE
    slcestimates: no visible global function definition for ‘par’
    slcestimates: no visible global function definition for ‘plot’
    slcestimates: no visible global function definition for ‘abline’
    slcestimates: no visible global function definition for ‘lines’
    slcestimates: no visible global function definition for ‘axis’
    slcestimates: no visible global function definition for ‘points’
    slcestimates: no visible global function definition for ‘title’
Flavors: r-devel-linux-x86_64-debian-clang, r-devel-linux-x86_64-debian-gcc