CRAN Package Check Results for Package SLC

Last updated on 2015-07-30 22:50:09.

Flavor Version Tinstall Tcheck Ttotal Status Flags
r-devel-linux-x86_64-debian-clang 0.3 0.48 7.92 8.40 NOTE
r-devel-linux-x86_64-debian-gcc 0.3 0.44 7.84 8.27 NOTE
r-devel-linux-x86_64-fedora-clang 0.3 15.55 NOTE
r-devel-linux-x86_64-fedora-gcc 0.3 14.73 NOTE
r-devel-osx-x86_64-clang 0.3 17.17 OK
r-devel-windows-ix86+x86_64 0.3 2.00 14.00 16.00 NOTE
r-patched-linux-x86_64 0.3 0.52 8.83 9.35 OK
r-patched-solaris-sparc 0.3 106.70 OK
r-patched-solaris-x86 0.3 24.50 OK
r-release-linux-x86_64 0.3 0.46 7.92 8.38 OK
r-release-osx-x86_64-mavericks 0.3 OK
r-release-windows-ix86+x86_64 0.3 2.00 14.00 16.00 OK
r-oldrel-windows-ix86+x86_64 0.3 4.00 16.00 20.00 OK

Check Details

Version: 0.3
Check: R code for possible problems
Result: NOTE
    slcestimates: no visible global function definition for ‘par’
    slcestimates: no visible global function definition for ‘plot’
    slcestimates: no visible global function definition for ‘abline’
    slcestimates: no visible global function definition for ‘lines’
    slcestimates: no visible global function definition for ‘axis’
    slcestimates: no visible global function definition for ‘points’
    slcestimates: no visible global function definition for ‘title’
    Undefined global functions or variables:
     abline axis lines par plot points title
    Consider adding
     importFrom("graphics", "abline", "axis", "lines", "par", "plot",
     "points", "title")
    to your NAMESPACE.
Flavors: r-devel-linux-x86_64-debian-clang, r-devel-linux-x86_64-debian-gcc, r-devel-linux-x86_64-fedora-clang, r-devel-linux-x86_64-fedora-gcc, r-devel-windows-ix86+x86_64