CRAN Package Check Results for Package SLC

Last updated on 2017-03-25 17:49:57.

Flavor Version Tinstall Tcheck Ttotal Status Flags
r-devel-linux-x86_64-debian-clang 0.3 0.60 10.07 10.67 NOTE
r-devel-linux-x86_64-debian-gcc 0.3 0.56 10.14 10.69 NOTE
r-devel-linux-x86_64-fedora-clang 0.3 16.99 NOTE --no-stop-on-test-error
r-devel-linux-x86_64-fedora-gcc 0.3 16.36 NOTE --no-stop-on-test-error
r-devel-macos-x86_64-clang 0.3 15.60 NOTE --no-stop-on-test-error
r-devel-windows-ix86+x86_64 0.3 2.00 23.00 25.00 NOTE
r-patched-linux-x86_64 0.3 0.55 10.15 10.70 NOTE
r-patched-solaris-sparc 0.3 102.80 NOTE
r-patched-solaris-x86 0.3 24.60 NOTE
r-release-linux-x86_64 0.3 0.45 8.91 9.35 NOTE
r-release-osx-x86_64-mavericks 0.3 NOTE
r-release-windows-ix86+x86_64 0.3 2.00 21.00 23.00 NOTE
r-oldrel-windows-ix86+x86_64 0.3 2.00 19.00 21.00 OK

Check Details

Version: 0.3
Check: R code for possible problems
Result: NOTE
    slcestimates: no visible global function definition for ‘par’
    slcestimates: no visible global function definition for ‘plot’
    slcestimates: no visible global function definition for ‘abline’
    slcestimates: no visible global function definition for ‘lines’
    slcestimates: no visible global function definition for ‘axis’
    slcestimates: no visible global function definition for ‘points’
    slcestimates: no visible global function definition for ‘title’
    Undefined global functions or variables:
     abline axis lines par plot points title
    Consider adding
     importFrom("graphics", "abline", "axis", "lines", "par", "plot",
     "points", "title")
    to your NAMESPACE file.
Flavors: r-devel-linux-x86_64-debian-clang, r-devel-linux-x86_64-debian-gcc, r-devel-windows-ix86+x86_64, r-patched-linux-x86_64, r-patched-solaris-sparc, r-patched-solaris-x86, r-release-linux-x86_64, r-release-osx-x86_64-mavericks, r-release-windows-ix86+x86_64

Version: 0.3
Flags: --no-stop-on-test-error
Check: R code for possible problems
Result: NOTE
    slcestimates: no visible global function definition for ‘par’
    slcestimates: no visible global function definition for ‘plot’
    slcestimates: no visible global function definition for ‘abline’
    slcestimates: no visible global function definition for ‘lines’
    slcestimates: no visible global function definition for ‘axis’
    slcestimates: no visible global function definition for ‘points’
    slcestimates: no visible global function definition for ‘title’
    Undefined global functions or variables:
     abline axis lines par plot points title
    Consider adding
     importFrom("graphics", "abline", "axis", "lines", "par", "plot",
     "points", "title")
    to your NAMESPACE file.
Flavors: r-devel-linux-x86_64-fedora-clang, r-devel-linux-x86_64-fedora-gcc, r-devel-macos-x86_64-clang