CRAN Package Check Results for Package SLC

Last updated on 2016-02-13 19:47:23.

Flavor Version Tinstall Tcheck Ttotal Status Flags
r-devel-linux-x86_64-debian-gcc 0.3 2.46 7.06 9.52 NOTE
r-devel-linux-x86_64-fedora-clang 0.3 13.54 NOTE
r-devel-linux-x86_64-fedora-gcc 0.3 12.55 NOTE
r-devel-osx-x86_64-clang 0.3 17.18 NOTE
r-devel-windows-ix86+x86_64 0.3 3.00 28.00 31.00 NOTE
r-patched-linux-x86_64 0.3 0.52 7.69 8.21 OK
r-patched-solaris-sparc 0.3 88.40 OK
r-patched-solaris-x86 0.3 20.60 OK
r-release-linux-x86_64 0.3 0.54 7.54 8.08 OK
r-release-osx-x86_64-mavericks 0.3 OK
r-release-windows-ix86+x86_64 0.3 2.00 13.00 15.00 OK
r-oldrel-windows-ix86+x86_64 0.3 4.00 16.00 20.00 OK

Check Details

Version: 0.3
Check: R code for possible problems
Result: NOTE
    slcestimates: no visible global function definition for ‘par’
    slcestimates: no visible global function definition for ‘plot’
    slcestimates: no visible global function definition for ‘abline’
    slcestimates: no visible global function definition for ‘lines’
    slcestimates: no visible global function definition for ‘axis’
    slcestimates: no visible global function definition for ‘points’
    slcestimates: no visible global function definition for ‘title’
    Undefined global functions or variables:
     abline axis lines par plot points title
    Consider adding
     importFrom("graphics", "abline", "axis", "lines", "par", "plot",
     "points", "title")
    to your NAMESPACE file.
Flavors: r-devel-linux-x86_64-debian-gcc, r-devel-linux-x86_64-fedora-clang, r-devel-linux-x86_64-fedora-gcc, r-devel-osx-x86_64-clang, r-devel-windows-ix86+x86_64