CRAN Package Check Results for Package SLC

Last updated on 2016-12-06 06:48:10.

Flavor Version Tinstall Tcheck Ttotal Status Flags
r-devel-linux-x86_64-debian-clang 0.3 0.54 9.95 10.48 NOTE
r-devel-linux-x86_64-debian-gcc 0.3 0.56 9.59 10.15 NOTE
r-devel-linux-x86_64-fedora-clang 0.3 18.07 NOTE --no-stop-on-test-error
r-devel-linux-x86_64-fedora-gcc 0.3 17.74 NOTE --no-stop-on-test-error
r-devel-macos-x86_64-clang 0.3 15.88 NOTE
r-devel-windows-ix86+x86_64 0.3 6.00 32.00 38.00 NOTE
r-patched-linux-x86_64 0.3 0.46 8.51 8.97 NOTE
r-patched-solaris-sparc 0.3 83.60 NOTE
r-patched-solaris-x86 0.3 19.60 NOTE
r-release-linux-x86_64 0.3 0.47 8.49 8.97 NOTE
r-release-osx-x86_64-mavericks 0.3 NOTE
r-release-windows-ix86+x86_64 0.3 2.00 21.00 23.00 NOTE
r-oldrel-windows-ix86+x86_64 0.3 2.00 19.00 21.00 OK

Check Details

Version: 0.3
Check: R code for possible problems
Result: NOTE
    slcestimates: no visible global function definition for ‘par’
    slcestimates: no visible global function definition for ‘plot’
    slcestimates: no visible global function definition for ‘abline’
    slcestimates: no visible global function definition for ‘lines’
    slcestimates: no visible global function definition for ‘axis’
    slcestimates: no visible global function definition for ‘points’
    slcestimates: no visible global function definition for ‘title’
    Undefined global functions or variables:
     abline axis lines par plot points title
    Consider adding
     importFrom("graphics", "abline", "axis", "lines", "par", "plot",
     "points", "title")
    to your NAMESPACE file.
Flavors: r-devel-linux-x86_64-debian-clang, r-devel-linux-x86_64-debian-gcc, r-devel-macos-x86_64-clang, r-devel-windows-ix86+x86_64, r-patched-linux-x86_64, r-patched-solaris-sparc, r-patched-solaris-x86, r-release-linux-x86_64, r-release-osx-x86_64-mavericks, r-release-windows-ix86+x86_64

Version: 0.3
Flags: --no-stop-on-test-error
Check: R code for possible problems
Result: NOTE
    slcestimates: no visible global function definition for ‘par’
    slcestimates: no visible global function definition for ‘plot’
    slcestimates: no visible global function definition for ‘abline’
    slcestimates: no visible global function definition for ‘lines’
    slcestimates: no visible global function definition for ‘axis’
    slcestimates: no visible global function definition for ‘points’
    slcestimates: no visible global function definition for ‘title’
    Undefined global functions or variables:
     abline axis lines par plot points title
    Consider adding
     importFrom("graphics", "abline", "axis", "lines", "par", "plot",
     "points", "title")
    to your NAMESPACE file.
Flavors: r-devel-linux-x86_64-fedora-clang, r-devel-linux-x86_64-fedora-gcc