CRAN Package Check Results for Package SLC

Last updated on 2015-04-19 09:55:50.

Flavor Version Tinstall Tcheck Ttotal Status Flags
r-devel-linux-x86_64-debian-clang 0.3 0.52 8.03 8.54 OK
r-devel-linux-x86_64-debian-gcc 0.3 0.46 8.39 8.85 OK
r-devel-linux-x86_64-fedora-clang 0.3 15.87 OK
r-devel-linux-x86_64-fedora-gcc 0.3 15.28 OK
r-devel-osx-x86_64-clang 0.3 21.36 OK
r-devel-windows-ix86+x86_64 0.3 2.00 14.00 16.00 OK
r-patched-linux-x86_64 0.3 0.46 8.10 8.56 OK
r-patched-solaris-sparc 0.3 117.40 OK
r-patched-solaris-x86 0.3 23.60 OK
r-release-linux-x86_64 0.3 0.48 8.05 8.53 OK
r-release-osx-x86_64-mavericks 0.3 NOTE
r-release-osx-x86_64-snowleopard 0.3 NOTE
r-release-windows-ix86+x86_64 0.3 1.00 15.00 16.00 OK
r-oldrel-windows-ix86+x86_64 0.3 2.00 16.00 18.00 OK

Check Details

Version: 0.3
Check: Rd cross-references
Result: NOTE
    Package unavailable to check Rd xrefs: ‘RcmdrPlugin.SLC’
Flavors: r-release-osx-x86_64-mavericks, r-release-osx-x86_64-snowleopard