CRAN Package Check Results for Package SLC

Last updated on 2014-10-24 08:49:19.

Flavor Version Tinstall Tcheck Ttotal Status Flags
r-devel-linux-x86_64-debian-clang 0.3 0.53 8.42 8.96 OK
r-devel-linux-x86_64-debian-gcc 0.3 0.54 8.39 8.92 OK
r-devel-linux-x86_64-fedora-clang 0.3 17.88 OK
r-devel-linux-x86_64-fedora-gcc 0.3 16.65 OK
r-devel-osx-x86_64-clang 0.3 21.77 OK
r-devel-windows-ix86+x86_64 0.3 2.00 15.00 17.00 OK
r-patched-linux-x86_64 0.3 0.54 8.85 9.40 OK
r-patched-solaris-sparc 0.3 97.00 OK
r-patched-solaris-x86 0.3 27.30 OK
r-release-linux-ix86 0.3 0.77 15.72 16.49 NOTE
r-release-linux-x86_64 0.3 0.48 8.91 9.38 OK
r-release-osx-x86_64-mavericks 0.3 OK
r-release-windows-ix86+x86_64 0.3 2.00 17.00 19.00 OK
r-oldrel-windows-ix86+x86_64 0.3 2.00 16.00 18.00 OK

Check Details

Version: 0.3
Check: Rd cross-references
Result: NOTE
    Package unavailable to check Rd xrefs: ‘RcmdrPlugin.SLC’
Flavor: r-release-linux-ix86