CRAN Package Check Results for Package SLC

Last updated on 2014-04-19 23:50:02.

Flavor Version Tinstall Tcheck Ttotal Status Flags
r-devel-linux-x86_64-debian-clang 0.3 0.51 8.70 9.21 OK
r-devel-linux-x86_64-debian-gcc 0.3 0.51 8.45 8.96 OK
r-devel-linux-x86_64-fedora-clang 0.3 17.79 OK
r-devel-linux-x86_64-fedora-gcc 0.3 16.93 OK
r-devel-macosx-x86_64-clang 0.3 20.87 OK
r-devel-macosx-x86_64-gcc 0.3 NOTE
r-devel-windows-ix86+x86_64 0.3 2.00 16.00 18.00 OK
r-patched-linux-x86_64 0.3 0.57 8.74 9.31 OK
r-patched-solaris-sparc 0.3 101.90 OK
r-patched-solaris-x86 0.3 26.80 OK
r-release-linux-ix86 OK
r-release-linux-x86_64 0.3 0.49 8.54 9.03 OK
r-release-windows-ix86+x86_64 0.3 4.00 18.00 22.00 OK
r-oldrel-windows-ix86+x86_64 0.3 2.00 16.00 18.00 OK

Check Details

Version: 0.3
Check: Rd cross-references
Result: NOTE
    Package unavailable to check Rd xrefs: ‘RcmdrPlugin.SLC’
Flavor: r-devel-macosx-x86_64-gcc