CRAN Package Check Results for Package SLC

Last updated on 2016-09-30 23:48:12.

Flavor Version Tinstall Tcheck Ttotal Status Flags
r-devel-linux-x86_64-debian-clang 0.3 0.58 9.05 9.63 NOTE
r-devel-linux-x86_64-debian-gcc 0.3 0.53 8.91 9.43 NOTE
r-devel-linux-x86_64-fedora-clang 0.3 16.51 NOTE
r-devel-linux-x86_64-fedora-gcc 0.3 13.31 NOTE
r-devel-macos-x86_64-clang 0.3 13.51 NOTE
r-devel-windows-ix86+x86_64 0.3 4.00 21.00 25.00 NOTE
r-patched-linux-x86_64 0.3 0.47 8.60 9.07 NOTE
r-patched-solaris-sparc 0.3 83.60 NOTE
r-patched-solaris-x86 0.3 19.30 NOTE
r-release-linux-x86_64 0.3 0.55 8.28 8.83 NOTE
r-release-osx-x86_64-mavericks 0.3 NOTE
r-release-windows-ix86+x86_64 0.3 2.00 23.00 25.00 NOTE
r-oldrel-windows-ix86+x86_64 0.3 2.00 13.00 15.00 OK

Check Details

Version: 0.3
Check: R code for possible problems
Result: NOTE
    slcestimates: no visible global function definition for ‘par’
    slcestimates: no visible global function definition for ‘plot’
    slcestimates: no visible global function definition for ‘abline’
    slcestimates: no visible global function definition for ‘lines’
    slcestimates: no visible global function definition for ‘axis’
    slcestimates: no visible global function definition for ‘points’
    slcestimates: no visible global function definition for ‘title’
    Undefined global functions or variables:
     abline axis lines par plot points title
    Consider adding
     importFrom("graphics", "abline", "axis", "lines", "par", "plot",
     "points", "title")
    to your NAMESPACE file.
Flavors: r-devel-linux-x86_64-debian-clang, r-devel-linux-x86_64-debian-gcc, r-devel-linux-x86_64-fedora-clang, r-devel-linux-x86_64-fedora-gcc, r-devel-macos-x86_64-clang, r-devel-windows-ix86+x86_64, r-patched-linux-x86_64, r-patched-solaris-sparc, r-patched-solaris-x86, r-release-linux-x86_64, r-release-osx-x86_64-mavericks, r-release-windows-ix86+x86_64