CRAN Package Check Results for Package SLC

Last updated on 2015-08-28 06:47:35.

Flavor Version Tinstall Tcheck Ttotal Status Flags
r-devel-linux-x86_64-debian-clang 0.3 0.46 7.97 8.43 NOTE
r-devel-linux-x86_64-debian-gcc 0.3 0.40 7.62 8.03 NOTE
r-devel-linux-x86_64-fedora-clang 0.3 15.23 NOTE
r-devel-linux-x86_64-fedora-gcc 0.3 13.82 NOTE
r-devel-osx-x86_64-clang 0.3 16.37 OK
r-devel-windows-ix86+x86_64 0.3 3.00 17.00 20.00 NOTE
r-patched-linux-x86_64 0.3 0.46 7.93 8.40 OK
r-patched-solaris-sparc 0.3 106.70 OK
r-patched-solaris-x86 0.3 25.30 OK
r-release-linux-x86_64 0.3 0.46 7.97 8.43 OK
r-release-osx-x86_64-mavericks 0.3 OK
r-release-windows-ix86+x86_64 0.3 2.00 22.00 24.00 OK
r-oldrel-windows-ix86+x86_64 0.3 4.00 16.00 20.00 OK

Check Details

Version: 0.3
Check: R code for possible problems
Result: NOTE
    slcestimates: no visible global function definition for ‘par’
    slcestimates: no visible global function definition for ‘plot’
    slcestimates: no visible global function definition for ‘abline’
    slcestimates: no visible global function definition for ‘lines’
    slcestimates: no visible global function definition for ‘axis’
    slcestimates: no visible global function definition for ‘points’
    slcestimates: no visible global function definition for ‘title’
    Undefined global functions or variables:
     abline axis lines par plot points title
    Consider adding
     importFrom("graphics", "abline", "axis", "lines", "par", "plot",
     "points", "title")
    to your NAMESPACE.
Flavors: r-devel-linux-x86_64-debian-clang, r-devel-linux-x86_64-debian-gcc, r-devel-linux-x86_64-fedora-clang, r-devel-linux-x86_64-fedora-gcc, r-devel-windows-ix86+x86_64