CRAN Package Check Results for Package SLC

Last updated on 2016-08-25 23:48:31.

Flavor Version Tinstall Tcheck Ttotal Status Flags
r-devel-linux-x86_64-debian-clang 0.3 0.46 8.14 8.60 NOTE
r-devel-linux-x86_64-debian-gcc 0.3 0.45 8.07 8.52 NOTE
r-devel-linux-x86_64-fedora-clang 0.3 14.43 NOTE
r-devel-linux-x86_64-fedora-gcc 0.3 13.32 NOTE
r-devel-osx-x86_64-clang 0.3 13.34 NOTE
r-devel-windows-ix86+x86_64 0.3 4.00 34.00 38.00 NOTE
r-patched-linux-x86_64 0.3 0.52 8.11 8.62 NOTE
r-patched-solaris-sparc 0.3 83.60 NOTE
r-patched-solaris-x86 0.3 19.60 NOTE
r-release-linux-x86_64 0.3 0.47 7.94 8.41 NOTE
r-release-osx-x86_64-mavericks 0.3 NOTE
r-release-windows-ix86+x86_64 0.3 2.00 30.00 32.00 NOTE
r-oldrel-windows-ix86+x86_64 0.3 2.00 13.00 15.00 OK

Check Details

Version: 0.3
Check: R code for possible problems
Result: NOTE
    slcestimates: no visible global function definition for ‘par’
    slcestimates: no visible global function definition for ‘plot’
    slcestimates: no visible global function definition for ‘abline’
    slcestimates: no visible global function definition for ‘lines’
    slcestimates: no visible global function definition for ‘axis’
    slcestimates: no visible global function definition for ‘points’
    slcestimates: no visible global function definition for ‘title’
    Undefined global functions or variables:
     abline axis lines par plot points title
    Consider adding
     importFrom("graphics", "abline", "axis", "lines", "par", "plot",
     "points", "title")
    to your NAMESPACE file.
Flavors: r-devel-linux-x86_64-debian-clang, r-devel-linux-x86_64-debian-gcc, r-devel-linux-x86_64-fedora-clang, r-devel-linux-x86_64-fedora-gcc, r-devel-osx-x86_64-clang, r-devel-windows-ix86+x86_64, r-patched-linux-x86_64, r-patched-solaris-sparc, r-patched-solaris-x86, r-release-linux-x86_64, r-release-osx-x86_64-mavericks, r-release-windows-ix86+x86_64