CRAN Package Check Results for Package SMDIC

Last updated on 2021-02-27 08:50:47 CET.

Flavor Version Tinstall Tcheck Ttotal Status Flags
r-devel-linux-x86_64-debian-clang 0.1.3 36.86 355.43 392.29 OK
r-devel-linux-x86_64-debian-gcc 0.1.3 34.96 265.93 300.89 OK
r-devel-linux-x86_64-fedora-clang 0.1.3 521.14 NOTE
r-devel-linux-x86_64-fedora-gcc 0.1.3 515.58 NOTE
r-devel-windows-ix86+x86_64 0.1.3 61.00 282.00 343.00 OK
r-patched-linux-x86_64 0.1.3 27.39 325.45 352.84 OK
r-patched-solaris-x86 0.1.3 672.70 NOTE
r-release-linux-x86_64 0.1.3 26.99 325.75 352.74 OK
r-release-macos-x86_64 0.1.3 ERROR
r-release-windows-ix86+x86_64 0.1.3 90.00 408.00 498.00 OK
r-oldrel-macos-x86_64 0.1.3 ERROR
r-oldrel-windows-ix86+x86_64 0.1.3 41.00 288.00 329.00 OK

Check Details

Version: 0.1.3
Check: dependencies in R code
Result: NOTE
    Namespace in Imports field not imported from: ‘quadprog’
     All declared Imports should be used.
Flavors: r-devel-linux-x86_64-fedora-clang, r-devel-linux-x86_64-fedora-gcc, r-patched-solaris-x86

Version: 0.1.3
Check: installed package size
Result: NOTE
     installed size is 5.0Mb
     sub-directories of 1Mb or more:
     data 2.1Mb
     extdata 1.6Mb
Flavor: r-patched-solaris-x86

Version: 0.1.3
Check: package dependencies
Result: ERROR
    Package required but not available: ‘maftools’
    
    See section ‘The DESCRIPTION file’ in the ‘Writing R Extensions’
    manual.
Flavors: r-release-macos-x86_64, r-oldrel-macos-x86_64