CRAN Package Check Results for Package SMDIC

Last updated on 2022-07-04 14:51:39 CEST.

Flavor Version Tinstall Tcheck Ttotal Status Flags
r-devel-linux-x86_64-debian-clang 0.1.3 47.92 499.98 547.90 OK
r-devel-linux-x86_64-debian-gcc 0.1.3 43.76 371.97 415.73 OK
r-devel-linux-x86_64-fedora-clang 0.1.3 687.23 NOTE
r-devel-linux-x86_64-fedora-gcc 0.1.3 677.18 NOTE
r-devel-windows-x86_64 0.1.3 53.00 495.00 548.00 OK
r-patched-linux-x86_64 0.1.3 48.43 468.18 516.61 OK
r-release-linux-x86_64 0.1.3 49.14 468.24 517.38 OK
r-release-macos-arm64 0.1.3 173.00 NOTE
r-release-macos-x86_64 0.1.3 302.00 NOTE
r-release-windows-x86_64 0.1.3 53.00 529.00 582.00 OK
r-oldrel-macos-arm64 0.1.3 254.00 NOTE
r-oldrel-macos-x86_64 0.1.3 218.00 NOTE
r-oldrel-windows-ix86+x86_64 0.1.3 114.00 496.00 610.00 OK

Check Details

Version: 0.1.3
Check: dependencies in R code
Result: NOTE
    Namespace in Imports field not imported from: ‘quadprog’
     All declared Imports should be used.
Flavors: r-devel-linux-x86_64-fedora-clang, r-devel-linux-x86_64-fedora-gcc, r-release-macos-arm64, r-release-macos-x86_64, r-oldrel-macos-arm64, r-oldrel-macos-x86_64