CRAN Package Check Results for Package SMIR

Last updated on 2014-10-31 05:47:31.

Flavor Version Tinstall Tcheck Ttotal Status Flags
r-devel-linux-x86_64-debian-clang 0.02 0.98 12.27 13.26 NOTE
r-devel-linux-x86_64-debian-gcc 0.02 1.02 12.01 13.03 NOTE
r-devel-linux-x86_64-fedora-clang 0.02 25.87 NOTE
r-devel-linux-x86_64-fedora-gcc 0.02 24.38 NOTE
r-devel-osx-x86_64-clang 0.02 28.31 NOTE
r-devel-windows-ix86+x86_64 0.02 4.00 21.00 25.00 NOTE
r-patched-linux-x86_64 0.02 1.00 11.95 12.95 NOTE
r-patched-solaris-sparc 0.02 147.90 NOTE
r-patched-solaris-x86 0.02 37.90 NOTE
r-release-linux-ix86 0.02 1.35 20.63 21.98 OK
r-release-linux-x86_64 0.02 1.04 14.92 15.97 OK
r-release-osx-x86_64-mavericks 0.02 OK
r-release-windows-ix86+x86_64 0.02 3.00 28.00 31.00 OK
r-oldrel-windows-ix86+x86_64 0.02 4.00 26.00 30.00 OK

Check Details

Version: 0.02
Check: R code for possible problems
Result: NOTE
    coxph.disparity: no visible global function definition for ‘basehaz’
    disparity.glm : <anonymous>: no visible global function definition for
     ‘gamma.shape’
Flavors: r-devel-linux-x86_64-debian-clang, r-devel-linux-x86_64-debian-gcc, r-devel-linux-x86_64-fedora-clang, r-devel-linux-x86_64-fedora-gcc, r-devel-osx-x86_64-clang, r-devel-windows-ix86+x86_64, r-patched-linux-x86_64, r-patched-solaris-sparc, r-patched-solaris-x86