CRAN Package Check Results for Package SMIR

Last updated on 2015-04-18 19:51:36.

Flavor Version Tinstall Tcheck Ttotal Status Flags
r-devel-linux-x86_64-debian-clang 0.02 0.88 11.28 12.16 NOTE
r-devel-linux-x86_64-debian-gcc 0.02 0.80 10.77 11.58 NOTE
r-devel-linux-x86_64-fedora-clang 0.02 22.77 NOTE
r-devel-linux-x86_64-fedora-gcc 0.02 21.43 NOTE
r-devel-osx-x86_64-clang 0.02 26.43 NOTE
r-patched-linux-x86_64 0.02 0.86 11.70 12.56 NOTE
r-patched-solaris-sparc 0.02 165.20 NOTE
r-patched-solaris-x86 0.02 32.50 NOTE
r-release-linux-x86_64 0.02 0.80 11.02 11.82 NOTE
r-release-osx-x86_64-mavericks 0.02 NOTE
r-release-osx-x86_64-snowleopard 0.02 NOTE
r-release-windows-ix86+x86_64 0.02 2.00 22.00 24.00 NOTE
r-oldrel-windows-ix86+x86_64 0.02 4.00 30.00 34.00 OK

Check Details

Version: 0.02
Check: dependencies in R code
Result: NOTE
    'library' or 'require' calls in package code:
     ‘MASS’ ‘survival’
     Please use :: or requireNamespace() instead.
     See section 'Suggested packages' in the 'Writing R Extensions' manual.
Flavors: r-devel-linux-x86_64-debian-clang, r-devel-linux-x86_64-debian-gcc, r-devel-linux-x86_64-fedora-clang, r-devel-linux-x86_64-fedora-gcc, r-devel-osx-x86_64-clang, r-patched-linux-x86_64, r-patched-solaris-sparc, r-patched-solaris-x86, r-release-linux-x86_64, r-release-osx-x86_64-mavericks, r-release-osx-x86_64-snowleopard, r-release-windows-ix86+x86_64

Version: 0.02
Check: S3 generic/method consistency
Result: NOTE
    Found the following apparent S3 methods exported but not registered:
     disparity.glm disparity.lm summary.treg
    See section ‘Registering S3 methods’ in the ‘Writing R Extensions’
    manual.
Flavors: r-devel-linux-x86_64-debian-clang, r-devel-linux-x86_64-debian-gcc, r-devel-linux-x86_64-fedora-clang, r-devel-linux-x86_64-fedora-gcc, r-devel-osx-x86_64-clang, r-patched-linux-x86_64, r-release-linux-x86_64

Version: 0.02
Check: R code for possible problems
Result: NOTE
    coxph.disparity: no visible global function definition for ‘basehaz’
    disparity.glm : <anonymous>: no visible global function definition for
     ‘gamma.shape’
Flavors: r-devel-linux-x86_64-debian-clang, r-devel-linux-x86_64-debian-gcc, r-devel-linux-x86_64-fedora-clang, r-devel-linux-x86_64-fedora-gcc, r-devel-osx-x86_64-clang, r-patched-linux-x86_64, r-patched-solaris-sparc, r-patched-solaris-x86, r-release-linux-x86_64, r-release-osx-x86_64-mavericks, r-release-osx-x86_64-snowleopard, r-release-windows-ix86+x86_64

Version: 0.02
Check: package dependencies
Result: NOTE
    Package suggested but not available for checking: ‘car’
Flavors: r-release-osx-x86_64-mavericks, r-release-osx-x86_64-snowleopard