CRAN Package Check Results for Package SMIR

Last updated on 2014-09-16 08:49:56.

Flavor Version Tinstall Tcheck Ttotal Status Flags
r-devel-linux-x86_64-debian-clang 0.02 1.30 11.58 12.88 NOTE
r-devel-linux-x86_64-debian-gcc 0.02 0.99 11.44 12.43 NOTE
r-devel-linux-x86_64-fedora-clang 0.02 24.22 NOTE
r-devel-linux-x86_64-fedora-gcc 0.02 24.84 NOTE
r-devel-osx-x86_64-clang 0.02 26.44 NOTE
r-devel-windows-ix86+x86_64 0.02 4.00 23.00 27.00 NOTE
r-patched-linux-x86_64 0.02 0.96 13.54 14.50 OK
r-patched-solaris-sparc 0.02 192.10 OK
r-patched-solaris-x86 0.02 42.20 OK
r-release-linux-ix86 0.02 1.36 21.09 22.45 OK
r-release-linux-x86_64 0.02 0.98 14.46 15.44 OK
r-release-osx-x86_64-mavericks 0.02 OK
r-release-windows-ix86+x86_64 0.02 4.00 25.00 29.00 OK
r-oldrel-windows-ix86+x86_64 0.02 4.00 28.00 32.00 OK

Check Details

Version: 0.02
Check: R code for possible problems
Result: NOTE
    coxph.disparity: no visible global function definition for ‘basehaz’
    disparity.glm : <anonymous>: no visible global function definition for
     ‘gamma.shape’
Flavors: r-devel-linux-x86_64-debian-clang, r-devel-linux-x86_64-debian-gcc, r-devel-linux-x86_64-fedora-clang, r-devel-linux-x86_64-fedora-gcc, r-devel-osx-x86_64-clang, r-devel-windows-ix86+x86_64