CRAN Package Check Results for Package SMIR

Last updated on 2014-08-27 18:48:33.

Flavor Version Tinstall Tcheck Ttotal Status Flags
r-devel-linux-x86_64-debian-clang 0.02 0.96 11.47 12.43 NOTE
r-devel-linux-x86_64-debian-gcc 0.02 0.93 11.42 12.35 NOTE
r-devel-linux-x86_64-fedora-clang 0.02 24.43 NOTE
r-devel-linux-x86_64-fedora-gcc 0.02 23.04 NOTE
r-devel-osx-x86_64-clang 0.02 26.26 NOTE
r-devel-windows-ix86+x86_64 0.02 4.00 21.00 25.00 NOTE
r-patched-linux-x86_64 0.02 0.97 13.58 14.55 OK
r-patched-solaris-sparc 0.02 192.10 OK
r-patched-solaris-x86 0.02 41.50 OK
r-release-linux-ix86 0.02 1.36 20.59 21.95 OK
r-release-linux-x86_64 0.02 1.00 13.83 14.82 OK
r-release-osx-x86_64-mavericks 0.02 OK
r-release-windows-ix86+x86_64 0.02 3.00 28.00 31.00 OK
r-oldrel-windows-ix86+x86_64 0.02 4.00 24.00 28.00 OK

Check Details

Version: 0.02
Check: R code for possible problems
Result: NOTE
    coxph.disparity: no visible global function definition for ‘basehaz’
    disparity.glm : <anonymous>: no visible global function definition for
     ‘gamma.shape’
Flavors: r-devel-linux-x86_64-debian-clang, r-devel-linux-x86_64-debian-gcc, r-devel-linux-x86_64-fedora-clang, r-devel-linux-x86_64-fedora-gcc, r-devel-osx-x86_64-clang, r-devel-windows-ix86+x86_64