CRAN Package Check Results for Package SMIR

Last updated on 2015-05-28 09:47:38.

Flavor Version Tinstall Tcheck Ttotal Status Flags
r-devel-linux-x86_64-debian-clang 0.02 0.85 10.91 11.76 NOTE
r-devel-linux-x86_64-debian-gcc 0.02 0.79 11.00 11.79 NOTE
r-devel-linux-x86_64-fedora-clang 0.02 22.38 NOTE
r-devel-linux-x86_64-fedora-gcc 0.02 21.42 NOTE
r-devel-osx-x86_64-clang 0.02 25.89 NOTE
r-devel-windows-ix86+x86_64 0.02 3.00 19.00 22.00 NOTE
r-patched-linux-x86_64 0.02 0.80 10.93 11.73 NOTE
r-patched-solaris-sparc 0.02 163.50 NOTE
r-patched-solaris-x86 0.02 32.60 NOTE
r-release-linux-x86_64 0.02 0.84 10.82 11.66 NOTE
r-release-osx-x86_64-mavericks 0.02 NOTE
r-release-osx-x86_64-snowleopard 0.02 NOTE
r-release-windows-ix86+x86_64 0.02 3.00 22.00 25.00 NOTE
r-oldrel-windows-ix86+x86_64 0.02 4.00 24.00 28.00 NOTE

Check Details

Version: 0.02
Check: dependencies in R code
Result: NOTE
    'library' or 'require' calls in package code:
     ‘MASS’ ‘survival’
     Please use :: or requireNamespace() instead.
     See section 'Suggested packages' in the 'Writing R Extensions' manual.
Flavors: r-devel-linux-x86_64-debian-clang, r-devel-linux-x86_64-debian-gcc, r-devel-linux-x86_64-fedora-clang, r-devel-linux-x86_64-fedora-gcc, r-devel-osx-x86_64-clang, r-devel-windows-ix86+x86_64, r-patched-linux-x86_64, r-patched-solaris-sparc, r-patched-solaris-x86, r-release-linux-x86_64, r-release-osx-x86_64-mavericks, r-release-osx-x86_64-snowleopard, r-release-windows-ix86+x86_64, r-oldrel-windows-ix86+x86_64

Version: 0.02
Check: S3 generic/method consistency
Result: NOTE
    Found the following apparent S3 methods exported but not registered:
     disparity.glm disparity.lm summary.treg
    See section ‘Registering S3 methods’ in the ‘Writing R Extensions’
    manual.
Flavors: r-devel-linux-x86_64-debian-clang, r-devel-linux-x86_64-debian-gcc, r-devel-linux-x86_64-fedora-clang, r-devel-linux-x86_64-fedora-gcc, r-devel-osx-x86_64-clang, r-patched-linux-x86_64, r-patched-solaris-sparc, r-patched-solaris-x86, r-release-linux-x86_64

Version: 0.02
Check: R code for possible problems
Result: NOTE
    coxph.disparity: no visible global function definition for ‘basehaz’
    disparity.glm : <anonymous>: no visible global function definition for
     ‘gamma.shape’
Flavors: r-devel-linux-x86_64-debian-clang, r-devel-linux-x86_64-debian-gcc, r-devel-linux-x86_64-fedora-clang, r-devel-linux-x86_64-fedora-gcc, r-devel-osx-x86_64-clang, r-devel-windows-ix86+x86_64, r-patched-linux-x86_64, r-patched-solaris-sparc, r-patched-solaris-x86, r-release-linux-x86_64, r-release-osx-x86_64-mavericks, r-release-osx-x86_64-snowleopard, r-release-windows-ix86+x86_64, r-oldrel-windows-ix86+x86_64

Version: 0.02
Check: package dependencies
Result: NOTE
    Package suggested but not available for checking: ‘car’
Flavor: r-release-osx-x86_64-snowleopard