CRAN Package Check Results for Package SMIR

Last updated on 2014-04-25 09:52:24.

Flavor Version Tinstall Tcheck Ttotal Status Flags
r-devel-linux-x86_64-debian-clang 0.02 1.03 14.48 15.51 OK
r-devel-linux-x86_64-debian-gcc 0.02 1.02 14.22 15.24 OK
r-devel-linux-x86_64-fedora-clang 0.02 30.59 OK
r-devel-linux-x86_64-fedora-gcc 0.02 29.11 OK
r-devel-osx-x86_64-clang 0.02 29.60 OK
r-devel-osx-x86_64-gcc 0.02 NOTE
r-devel-windows-ix86+x86_64 0.02 3.00 23.00 26.00 OK
r-patched-linux-x86_64 0.02 1.06 13.92 14.98 OK
r-patched-solaris-sparc 0.02 180.20 OK
r-patched-solaris-x86 0.02 43.70 OK
r-release-linux-ix86 0.02 2.00 29.00 31.00 OK
r-release-linux-x86_64 0.02 1.11 14.67 15.78 OK
r-release-osx-x86_64-mavericks 0.02 WARN
r-release-windows-ix86+x86_64 0.02 4.00 25.00 29.00 OK
r-oldrel-windows-ix86+x86_64 0.02 4.00 24.00 28.00 OK

Check Details

Version: 0.02
Check: package dependencies
Result: NOTE
    Packages suggested but not available for checking: ‘gdata’ ‘car’
Flavor: r-devel-osx-x86_64-gcc

Version: 0.02
Check: PDF version of manual
Result: WARNING
    LaTeX errors when creating PDF version.
    This typically indicates Rd problems.
    LaTeX errors found:
    ! LaTeX Error: File `upquote.sty' not found.
    
    Type X to quit or <RETURN> to proceed,
    or enter new name. (Default extension: sty)
    
    12b149d6/Rd2.tex:8: ==> Fatal error occurred, no output PDF file produced!
Flavor: r-release-osx-x86_64-mavericks