CRAN Package Check Results for Package SMIR

Last updated on 2014-11-24 09:48:24.

Flavor Version Tinstall Tcheck Ttotal Status Flags
r-devel-linux-x86_64-debian-clang 0.02 0.99 12.24 13.23 NOTE
r-devel-linux-x86_64-debian-gcc 0.02 0.97 11.90 12.87 NOTE
r-devel-linux-x86_64-fedora-clang 0.02 25.97 NOTE
r-devel-linux-x86_64-fedora-gcc 0.02 24.61 NOTE
r-devel-osx-x86_64-clang 0.02 28.88 NOTE
r-devel-windows-ix86+x86_64 0.02 4.00 21.00 25.00 NOTE
r-patched-linux-x86_64 0.02 1.06 12.41 13.47 NOTE
r-patched-solaris-sparc 0.02 147.90 NOTE
r-patched-solaris-x86 0.02 37.30 NOTE
r-release-linux-ix86 0.02 1.35 17.77 19.12 NOTE
r-release-linux-x86_64 0.02 1.35 12.02 13.37 NOTE
r-release-osx-x86_64-mavericks 0.02 OK
r-release-windows-ix86+x86_64 0.02 4.00 21.00 25.00 NOTE
r-oldrel-windows-ix86+x86_64 0.02 4.00 26.00 30.00 OK

Check Details

Version: 0.02
Check: R code for possible problems
Result: NOTE
    coxph.disparity: no visible global function definition for ‘basehaz’
    disparity.glm : <anonymous>: no visible global function definition for
     ‘gamma.shape’
Flavors: r-devel-linux-x86_64-debian-clang, r-devel-linux-x86_64-debian-gcc, r-devel-linux-x86_64-fedora-clang, r-devel-linux-x86_64-fedora-gcc, r-devel-osx-x86_64-clang, r-devel-windows-ix86+x86_64, r-patched-linux-x86_64, r-patched-solaris-sparc, r-patched-solaris-x86, r-release-linux-ix86, r-release-linux-x86_64, r-release-windows-ix86+x86_64