CRAN Package Check Results for Package SMIR

Last updated on 2014-12-18 16:47:12.

Flavor Version Tinstall Tcheck Ttotal Status Flags
r-devel-linux-x86_64-debian-clang 0.02 0.96 12.22 13.19 NOTE
r-devel-linux-x86_64-debian-gcc 0.02 0.95 12.18 13.13 NOTE
r-devel-linux-x86_64-fedora-clang 0.02 27.06 NOTE
r-devel-linux-x86_64-fedora-gcc 0.02 23.11 NOTE
r-devel-osx-x86_64-clang 0.02 27.94 NOTE
r-devel-windows-ix86+x86_64 0.02 6.00 23.00 29.00 NOTE
r-patched-linux-x86_64 0.02 0.99 12.02 13.02 NOTE
r-patched-solaris-sparc 0.02 147.90 NOTE
r-patched-solaris-x86 0.02 37.50 NOTE
r-release-linux-ix86 0.02 1.34 17.47 18.81 NOTE
r-release-linux-x86_64 0.02 1.04 12.37 13.41 NOTE
r-release-osx-x86_64-mavericks 0.02 OK
r-release-windows-ix86+x86_64 0.02 4.00 23.00 27.00 NOTE
r-oldrel-windows-ix86+x86_64 0.02 4.00 26.00 30.00 OK

Check Details

Version: 0.02
Check: R code for possible problems
Result: NOTE
    coxph.disparity: no visible global function definition for ‘basehaz’
    disparity.glm : <anonymous>: no visible global function definition for
     ‘gamma.shape’
Flavors: r-devel-linux-x86_64-debian-clang, r-devel-linux-x86_64-debian-gcc, r-devel-linux-x86_64-fedora-clang, r-devel-linux-x86_64-fedora-gcc, r-devel-osx-x86_64-clang, r-devel-windows-ix86+x86_64, r-patched-linux-x86_64, r-patched-solaris-sparc, r-patched-solaris-x86, r-release-linux-ix86, r-release-linux-x86_64, r-release-windows-ix86+x86_64