CRAN Package Check Results for Package SML

Last updated on 2015-05-30 13:47:35.

Flavor Version Tinstall Tcheck Ttotal Status Flags
r-devel-linux-x86_64-debian-clang 0.1 2.58 35.35 37.93 NOTE
r-devel-linux-x86_64-debian-gcc 0.1 3.36 34.87 38.23 NOTE
r-devel-linux-x86_64-fedora-clang 0.1 79.57 NOTE
r-devel-linux-x86_64-fedora-gcc 0.1 71.56 NOTE
r-devel-osx-x86_64-clang 0.1 67.44 NOTE
r-devel-windows-ix86+x86_64 0.1 7.00 51.00 58.00 NOTE
r-patched-linux-x86_64 0.1 2.42 35.04 37.46 NOTE
r-patched-solaris-sparc 0.1 419.70 NOTE
r-patched-solaris-x86 0.1 104.60 NOTE
r-release-linux-x86_64 0.1 2.61 24.51 27.12 NOTE
r-release-osx-x86_64-mavericks 0.1 NOTE
r-release-osx-x86_64-snowleopard 0.1 NOTE
r-release-windows-ix86+x86_64 0.1 7.00 54.00 61.00 NOTE
r-oldrel-windows-ix86+x86_64 0.1 10.00 59.00 69.00 NOTE

Check Details

Version: 0.1
Check: dependencies in R code
Result: NOTE
    Packages in Depends field not imported from:
     ‘Matrix’ ‘glmnet’ ‘lattice’
     These packages need to be imported from (in the NAMESPACE file)
     for when this namespace is loaded but not attached.
Flavors: r-devel-linux-x86_64-debian-clang, r-devel-linux-x86_64-debian-gcc, r-devel-linux-x86_64-fedora-clang, r-devel-linux-x86_64-fedora-gcc, r-devel-osx-x86_64-clang, r-devel-windows-ix86+x86_64, r-patched-linux-x86_64, r-patched-solaris-sparc, r-patched-solaris-x86, r-release-linux-x86_64, r-release-osx-x86_64-mavericks, r-release-osx-x86_64-snowleopard, r-release-windows-ix86+x86_64, r-oldrel-windows-ix86+x86_64

Version: 0.1
Check: R code for possible problems
Result: NOTE
    lasso.stars: no visible global function definition for ‘glmnet’
Flavors: r-devel-linux-x86_64-debian-clang, r-devel-linux-x86_64-debian-gcc, r-devel-linux-x86_64-fedora-clang, r-devel-linux-x86_64-fedora-gcc, r-devel-osx-x86_64-clang, r-devel-windows-ix86+x86_64, r-patched-linux-x86_64, r-patched-solaris-sparc, r-patched-solaris-x86, r-release-linux-x86_64, r-release-osx-x86_64-mavericks, r-release-osx-x86_64-snowleopard, r-release-windows-ix86+x86_64, r-oldrel-windows-ix86+x86_64