CRAN Package Check Results for Package SML

Last updated on 2015-03-05 03:48:12.

Flavor Version Tinstall Tcheck Ttotal Status Flags
r-devel-linux-x86_64-debian-clang 0.1 2.51 34.96 37.47 NOTE
r-devel-linux-x86_64-debian-gcc 0.1 2.64 34.03 36.67 NOTE
r-devel-linux-x86_64-fedora-clang 0.1 75.02 NOTE
r-devel-linux-x86_64-fedora-gcc 0.1 71.93 NOTE
r-devel-osx-x86_64-clang 0.1 62.85 NOTE
r-devel-windows-ix86+x86_64 0.1 7.00 51.00 58.00 NOTE
r-patched-linux-x86_64 0.1 3.37 42.40 45.77 NOTE
r-patched-solaris-sparc 0.1 537.00 NOTE
r-patched-solaris-x86 0.1 134.60 NOTE
r-release-linux-ix86 0.1 3.82 47.10 50.91 NOTE
r-release-linux-x86_64 0.1 4.26 41.75 46.01 NOTE
r-release-osx-x86_64-mavericks 0.1 NOTE
r-release-osx-x86_64-snowleopard 0.1 OK
r-release-windows-ix86+x86_64 0.1 8.00 63.00 71.00 NOTE
r-oldrel-windows-ix86+x86_64 0.1 9.00 60.00 69.00 NOTE

Check Details

Version: 0.1
Check: dependencies in R code
Result: NOTE
    Packages in Depends field not imported from:
     ‘Matrix’ ‘glmnet’ ‘lattice’
     These packages need to be imported from (in the NAMESPACE file)
     for when this namespace is loaded but not attached.
Flavors: r-devel-linux-x86_64-debian-clang, r-devel-linux-x86_64-debian-gcc, r-devel-linux-x86_64-fedora-clang, r-devel-linux-x86_64-fedora-gcc, r-devel-osx-x86_64-clang, r-devel-windows-ix86+x86_64, r-patched-linux-x86_64, r-patched-solaris-sparc, r-patched-solaris-x86

Version: 0.1
Check: R code for possible problems
Result: NOTE
    lasso.stars: no visible global function definition for ‘glmnet’
Flavors: r-devel-linux-x86_64-debian-clang, r-devel-linux-x86_64-debian-gcc, r-devel-linux-x86_64-fedora-clang, r-devel-linux-x86_64-fedora-gcc, r-devel-osx-x86_64-clang, r-devel-windows-ix86+x86_64, r-patched-linux-x86_64, r-patched-solaris-sparc, r-patched-solaris-x86, r-release-linux-ix86, r-release-linux-x86_64, r-release-osx-x86_64-mavericks, r-release-windows-ix86+x86_64

Version: 0.1
Check: dependencies in R code
Result: NOTE
    Packages in Depends field not imported from:
     ‘Matrix’ ‘glmnet’ ‘lattice’
     These packages need to be imported from (in the NAMESPACE file)
     for when this namespace is loaded but not attached.
    See the information on DESCRIPTION files in the chapter ‘Creating R
    packages’ of the ‘Writing R Extensions’ manual.
Flavors: r-release-linux-ix86, r-release-linux-x86_64, r-release-osx-x86_64-mavericks, r-release-windows-ix86+x86_64, r-oldrel-windows-ix86+x86_64