CRAN Package Check Results for Package SML

Last updated on 2015-07-30 22:50:10.

Flavor Version Tinstall Tcheck Ttotal Status Flags
r-devel-linux-x86_64-debian-clang 0.1 2.68 35.91 38.59 NOTE
r-devel-linux-x86_64-debian-gcc 0.1 2.51 33.85 36.36 NOTE
r-devel-linux-x86_64-fedora-clang 0.1 73.86 NOTE
r-devel-linux-x86_64-fedora-gcc 0.1 72.67 NOTE
r-devel-osx-x86_64-clang 0.1 63.16 NOTE
r-devel-windows-ix86+x86_64 0.1 9.00 76.00 85.00 NOTE
r-patched-linux-x86_64 0.1 2.71 34.46 37.17 NOTE
r-patched-solaris-sparc 0.1 424.60 NOTE
r-patched-solaris-x86 0.1 103.30 NOTE
r-release-linux-x86_64 0.1 2.67 34.68 37.35 NOTE
r-release-osx-x86_64-mavericks 0.1 NOTE
r-release-windows-ix86+x86_64 0.1 9.00 78.00 87.00 NOTE
r-oldrel-windows-ix86+x86_64 0.1 10.00 100.00 110.00 NOTE

Check Details

Version: 0.1
Check: dependencies in R code
Result: NOTE
    Packages in Depends field not imported from:
     ‘Matrix’ ‘glmnet’ ‘lattice’
     These packages need to be imported from (in the NAMESPACE file)
     for when this namespace is loaded but not attached.
Flavors: r-devel-linux-x86_64-debian-clang, r-devel-linux-x86_64-debian-gcc, r-devel-linux-x86_64-fedora-clang, r-devel-linux-x86_64-fedora-gcc, r-devel-osx-x86_64-clang, r-devel-windows-ix86+x86_64, r-patched-linux-x86_64, r-patched-solaris-sparc, r-patched-solaris-x86, r-release-linux-x86_64, r-release-osx-x86_64-mavericks, r-release-windows-ix86+x86_64, r-oldrel-windows-ix86+x86_64

Version: 0.1
Check: R code for possible problems
Result: NOTE
    lasso.stars: no visible global function definition for ‘glmnet’
    plot.stars: no visible global function definition for ‘par’
    plot.stars: no visible global function definition for ‘plot’
    plot.stars: no visible global function definition for ‘lines’
    Undefined global functions or variables:
     glmnet lines par plot
    Consider adding
     importFrom("graphics", "lines", "par", "plot")
    to your NAMESPACE.
Flavors: r-devel-linux-x86_64-debian-clang, r-devel-linux-x86_64-debian-gcc, r-devel-linux-x86_64-fedora-clang, r-devel-linux-x86_64-fedora-gcc, r-devel-windows-ix86+x86_64

Version: 0.1
Check: R code for possible problems
Result: NOTE
    lasso.stars: no visible global function definition for ‘glmnet’
    Undefined global functions or variables:
     glmnet
Flavor: r-devel-osx-x86_64-clang

Version: 0.1
Check: R code for possible problems
Result: NOTE
    lasso.stars: no visible global function definition for ‘glmnet’
Flavors: r-patched-linux-x86_64, r-patched-solaris-sparc, r-patched-solaris-x86, r-release-linux-x86_64, r-release-osx-x86_64-mavericks, r-release-windows-ix86+x86_64, r-oldrel-windows-ix86+x86_64