CRAN Package Check Results for Package SML

Last updated on 2014-12-22 21:47:26.

Flavor Version Tinstall Tcheck Ttotal Status Flags
r-devel-linux-x86_64-debian-clang 0.1 3.12 40.91 44.04 NOTE
r-devel-linux-x86_64-debian-gcc 0.1 2.99 39.23 42.22 NOTE
r-devel-linux-x86_64-fedora-clang 0.1 101.23 NOTE
r-devel-linux-x86_64-fedora-gcc 0.1 96.37 NOTE
r-devel-osx-x86_64-clang 0.1 79.57 NOTE
r-devel-windows-ix86+x86_64 0.1 8.00 59.00 67.00 NOTE
r-patched-linux-x86_64 0.1 3.17 41.72 44.88 NOTE
r-patched-solaris-sparc 0.1 522.50 NOTE
r-patched-solaris-x86 0.1 133.80 NOTE
r-release-linux-ix86 0.1 3.70 45.31 49.01 NOTE
r-release-linux-x86_64 0.1 3.16 40.70 43.86 NOTE
r-release-osx-x86_64-mavericks 0.1 NOTE
r-release-osx-x86_64-snowleopard 0.1 OK
r-release-windows-ix86+x86_64 0.1 9.00 62.00 71.00 NOTE
r-oldrel-windows-ix86+x86_64 0.1 8.00 55.00 63.00 NOTE

Check Details

Version: 0.1
Check: dependencies in R code
Result: NOTE
    Packages in Depends field not imported from:
     ‘Matrix’ ‘glmnet’ ‘lattice’
     These packages need to be imported from (in the NAMESPACE file)
     for when this namespace is loaded but not attached.
    See the information on DESCRIPTION files in the chapter ‘Creating R
    packages’ of the ‘Writing R Extensions’ manual.
Flavors: r-devel-linux-x86_64-debian-clang, r-devel-linux-x86_64-debian-gcc, r-devel-linux-x86_64-fedora-clang, r-devel-linux-x86_64-fedora-gcc, r-devel-osx-x86_64-clang, r-devel-windows-ix86+x86_64, r-patched-linux-x86_64, r-patched-solaris-sparc, r-patched-solaris-x86, r-release-linux-ix86, r-release-linux-x86_64, r-release-osx-x86_64-mavericks, r-release-windows-ix86+x86_64, r-oldrel-windows-ix86+x86_64

Version: 0.1
Check: R code for possible problems
Result: NOTE
    lasso.stars: no visible global function definition for ‘glmnet’
Flavors: r-devel-linux-x86_64-debian-clang, r-devel-linux-x86_64-debian-gcc, r-devel-linux-x86_64-fedora-clang, r-devel-linux-x86_64-fedora-gcc, r-devel-osx-x86_64-clang, r-devel-windows-ix86+x86_64, r-patched-linux-x86_64, r-patched-solaris-sparc, r-patched-solaris-x86, r-release-linux-ix86, r-release-linux-x86_64, r-release-windows-ix86+x86_64