CRAN Package Check Results for Package SML

Last updated on 2017-05-28 21:47:13.

Flavor Version Tinstall Tcheck Ttotal Status Flags
r-devel-linux-x86_64-debian-clang 0.1 2.39 37.70 40.09 NOTE
r-devel-linux-x86_64-debian-gcc 0.1 2.54 37.55 40.09 NOTE
r-devel-linux-x86_64-fedora-clang 0.1 82.76 NOTE
r-devel-linux-x86_64-fedora-gcc 0.1 84.85 NOTE
r-devel-windows-ix86+x86_64 0.1 7.00 85.00 92.00 NOTE
r-patched-linux-x86_64 0.1 3.08 36.48 39.55 NOTE
r-patched-solaris-sparc 0.1 437.80 NOTE
r-patched-solaris-x86 0.1 111.40 NOTE
r-release-linux-x86_64 0.1 2.43 35.74 38.16 NOTE
r-release-windows-ix86+x86_64 0.1 9.00 65.00 74.00 NOTE
r-release-osx-x86_64 0.1 NOTE
r-oldrel-windows-ix86+x86_64 0.1 10.00 57.00 67.00 NOTE
r-oldrel-osx-x86_64 0.1 NOTE

Check Details

Version: 0.1
Check: dependencies in R code
Result: NOTE
    Packages in Depends field not imported from:
     ‘Matrix’ ‘glmnet’ ‘lattice’
     These packages need to be imported from (in the NAMESPACE file)
     for when this namespace is loaded but not attached.
Flavors: r-devel-linux-x86_64-debian-clang, r-devel-linux-x86_64-debian-gcc, r-devel-linux-x86_64-fedora-clang, r-devel-linux-x86_64-fedora-gcc, r-devel-windows-ix86+x86_64, r-patched-linux-x86_64, r-patched-solaris-sparc, r-patched-solaris-x86, r-release-linux-x86_64, r-release-windows-ix86+x86_64, r-release-osx-x86_64, r-oldrel-windows-ix86+x86_64, r-oldrel-osx-x86_64

Version: 0.1
Check: R code for possible problems
Result: NOTE
    lasso.stars: no visible global function definition for ‘glmnet’
    plot.stars: no visible global function definition for ‘par’
    plot.stars: no visible global function definition for ‘plot’
    plot.stars: no visible global function definition for ‘lines’
    Undefined global functions or variables:
     glmnet lines par plot
    Consider adding
     importFrom("graphics", "lines", "par", "plot")
    to your NAMESPACE file.
Flavors: r-devel-linux-x86_64-debian-clang, r-devel-linux-x86_64-debian-gcc, r-devel-linux-x86_64-fedora-clang, r-devel-linux-x86_64-fedora-gcc, r-devel-windows-ix86+x86_64, r-patched-linux-x86_64, r-patched-solaris-sparc, r-patched-solaris-x86, r-release-linux-x86_64, r-release-windows-ix86+x86_64, r-release-osx-x86_64, r-oldrel-windows-ix86+x86_64, r-oldrel-osx-x86_64