CRAN Package Check Results for Package SML

Last updated on 2015-04-25 06:46:29.

Flavor Version Tinstall Tcheck Ttotal Status Flags
r-devel-linux-x86_64-debian-clang 0.1 2.64 35.37 38.01 NOTE
r-devel-linux-x86_64-debian-gcc 0.1 2.48 36.59 39.06 NOTE
r-devel-linux-x86_64-fedora-clang 0.1 75.99 NOTE
r-devel-linux-x86_64-fedora-gcc 0.1 78.87 NOTE
r-devel-osx-x86_64-clang 0.1 62.73 NOTE
r-devel-windows-ix86+x86_64 0.1 7.00 50.00 57.00 NOTE
r-patched-linux-x86_64 0.1 2.48 25.60 28.09 NOTE
r-patched-solaris-sparc 0.1 429.40 NOTE
r-patched-solaris-x86 0.1 106.70 NOTE
r-release-linux-x86_64 0.1 2.47 35.44 37.90 NOTE
r-release-osx-x86_64-mavericks 0.1 NOTE
r-release-osx-x86_64-snowleopard 0.1 NOTE
r-release-windows-ix86+x86_64 0.1 6.00 57.00 63.00 NOTE
r-oldrel-windows-ix86+x86_64 0.1 8.00 60.00 68.00 NOTE

Check Details

Version: 0.1
Check: dependencies in R code
Result: NOTE
    Packages in Depends field not imported from:
     'Matrix' 'glmnet' 'lattice'
     These packages need to be imported from (in the NAMESPACE file)
     for when this namespace is loaded but not attached.
Flavors: r-devel-windows-ix86+x86_64, r-patched-linux-x86_64, r-release-windows-ix86+x86_64, r-oldrel-windows-ix86+x86_64

Version: 0.1
Check: R code for possible problems
Result: NOTE
    lasso.stars: no visible global function definition for 'glmnet'
Flavors: r-devel-windows-ix86+x86_64, r-patched-linux-x86_64, r-release-windows-ix86+x86_64, r-oldrel-windows-ix86+x86_64