CRAN Package Check Results for Package SML

Last updated on 2014-08-23 02:50:07.

Flavor Version Tinstall Tcheck Ttotal Status Flags
r-devel-linux-x86_64-debian-clang 0.1 3.16 41.42 44.58 NOTE
r-devel-linux-x86_64-debian-gcc 0.1 3.34 42.89 46.22 NOTE
r-devel-linux-x86_64-fedora-clang 0.1 100.67 NOTE
r-devel-linux-x86_64-fedora-gcc 0.1 92.43 NOTE
r-devel-osx-x86_64-clang 0.1 80.23 NOTE
r-devel-windows-ix86+x86_64 0.1 8.00 60.00 68.00 NOTE
r-patched-linux-x86_64 0.1 3.16 42.50 45.66 NOTE
r-patched-solaris-sparc 0.1 539.50 NOTE
r-patched-solaris-x86 0.1 139.60 NOTE
r-release-linux-ix86 0.1 3.88 49.36 53.24 NOTE
r-release-linux-x86_64 0.1 3.27 43.74 47.01 NOTE
r-release-osx-x86_64-mavericks 0.1 NOTE
r-release-osx-x86_64-snowleopard 0.1 OK
r-release-windows-ix86+x86_64 0.1 8.00 63.00 71.00 NOTE
r-oldrel-windows-ix86+x86_64 0.1 8.00 53.00 61.00 NOTE

Check Details

Version: 0.1
Check: dependencies in R code
Result: NOTE
    Packages in Depends field not imported from:
     ‘Matrix’ ‘glmnet’ ‘lattice’
     These packages need to be imported from (in the NAMESPACE file)
     for when this namespace is loaded but not attached.
    See the information on DESCRIPTION files in the chapter ‘Creating R
    packages’ of the ‘Writing R Extensions’ manual.
Flavors: r-devel-linux-x86_64-debian-clang, r-devel-linux-x86_64-debian-gcc, r-devel-linux-x86_64-fedora-clang, r-devel-linux-x86_64-fedora-gcc, r-devel-osx-x86_64-clang, r-devel-windows-ix86+x86_64, r-patched-linux-x86_64, r-patched-solaris-sparc, r-patched-solaris-x86, r-release-linux-ix86, r-release-linux-x86_64, r-release-osx-x86_64-mavericks, r-release-windows-ix86+x86_64, r-oldrel-windows-ix86+x86_64

Version: 0.1
Check: R code for possible problems
Result: NOTE
    lasso.stars: no visible global function definition for ‘glmnet’
Flavors: r-devel-linux-x86_64-debian-clang, r-devel-linux-x86_64-debian-gcc, r-devel-linux-x86_64-fedora-clang, r-devel-linux-x86_64-fedora-gcc, r-devel-osx-x86_64-clang