CRAN Package Check Results for Package SML

Last updated on 2016-06-27 03:47:52.

Flavor Version Tinstall Tcheck Ttotal Status Flags
r-devel-linux-x86_64-debian-gcc 0.1 2.50 32.46 34.96 NOTE
r-devel-linux-x86_64-fedora-clang 0.1 68.22 NOTE
r-devel-linux-x86_64-fedora-gcc 0.1 67.97 NOTE
r-devel-osx-x86_64-clang 0.1 50.01 NOTE
r-devel-windows-ix86+x86_64 0.1 7.00 59.00 66.00 NOTE
r-patched-linux-x86_64 0.1 2.61 33.75 36.36 NOTE
r-patched-solaris-sparc 0.1 369.50 NOTE
r-patched-solaris-x86 0.1 89.50 NOTE
r-release-linux-x86_64 0.1 2.57 34.19 36.76 NOTE
r-release-osx-x86_64-mavericks 0.1 NOTE
r-release-windows-ix86+x86_64 0.1 5.00 60.00 65.00 NOTE
r-oldrel-windows-ix86+x86_64 0.1 10.00 66.00 76.00 NOTE

Check Details

Version: 0.1
Check: dependencies in R code
Result: NOTE
    Packages in Depends field not imported from:
     ‘Matrix’ ‘glmnet’ ‘lattice’
     These packages need to be imported from (in the NAMESPACE file)
     for when this namespace is loaded but not attached.
Flavors: r-devel-linux-x86_64-debian-gcc, r-devel-linux-x86_64-fedora-clang, r-devel-linux-x86_64-fedora-gcc, r-devel-osx-x86_64-clang, r-devel-windows-ix86+x86_64, r-patched-linux-x86_64, r-patched-solaris-sparc, r-patched-solaris-x86, r-release-linux-x86_64, r-release-osx-x86_64-mavericks, r-release-windows-ix86+x86_64, r-oldrel-windows-ix86+x86_64

Version: 0.1
Check: R code for possible problems
Result: NOTE
    lasso.stars: no visible global function definition for ‘glmnet’
    plot.stars: no visible global function definition for ‘par’
    plot.stars: no visible global function definition for ‘plot’
    plot.stars: no visible global function definition for ‘lines’
    Undefined global functions or variables:
     glmnet lines par plot
    Consider adding
     importFrom("graphics", "lines", "par", "plot")
    to your NAMESPACE file.
Flavors: r-devel-linux-x86_64-debian-gcc, r-devel-linux-x86_64-fedora-clang, r-devel-linux-x86_64-fedora-gcc, r-devel-osx-x86_64-clang, r-devel-windows-ix86+x86_64, r-patched-linux-x86_64, r-patched-solaris-sparc, r-patched-solaris-x86, r-release-linux-x86_64, r-release-osx-x86_64-mavericks, r-release-windows-ix86+x86_64

Version: 0.1
Check: R code for possible problems
Result: NOTE
    lasso.stars: no visible global function definition for 'glmnet'
Flavor: r-oldrel-windows-ix86+x86_64