CRAN Package Check Results for Package SML

Last updated on 2014-04-24 21:47:50.

Flavor Version Tinstall Tcheck Ttotal Status Flags
r-devel-linux-x86_64-debian-clang 0.1 3.38 47.82 51.20 NOTE
r-devel-linux-x86_64-debian-gcc 0.1 3.33 43.68 47.02 NOTE
r-devel-linux-x86_64-fedora-clang 0.1 106.55 NOTE
r-devel-linux-x86_64-fedora-gcc 0.1 100.32 NOTE
r-devel-osx-x86_64-clang 0.1 76.93 NOTE
r-devel-osx-x86_64-gcc 0.1 NOTE
r-devel-windows-ix86+x86_64 0.1 9.00 63.00 72.00 NOTE
r-patched-linux-x86_64 0.1 3.40 43.88 47.28 NOTE
r-patched-solaris-sparc 0.1 533.20 NOTE
r-patched-solaris-x86 0.1 142.50 NOTE
r-release-linux-ix86 0.1 5.00 65.00 70.00 NOTE
r-release-linux-x86_64 0.1 3.38 45.15 48.52 NOTE
r-release-osx-x86_64-mavericks 0.1 WARN
r-release-osx-x86_64-snowleopard 0.1 OK
r-release-windows-ix86+x86_64 0.1 8.00 68.00 76.00 NOTE
r-oldrel-windows-ix86+x86_64 0.1 8.00 55.00 63.00 NOTE

Check Details

Version: 0.1
Check: dependencies in R code
Result: NOTE
    Packages in Depends field not imported from:
     ‘Matrix’ ‘glmnet’ ‘lattice’
     These packages need to be imported from (in the NAMESPACE file)
     for when this namespace is loaded but not attached.
    See the information on DESCRIPTION files in the chapter ‘Creating R
    packages’ of the ‘Writing R Extensions’ manual.
Flavors: r-devel-linux-x86_64-debian-clang, r-devel-linux-x86_64-debian-gcc, r-devel-linux-x86_64-fedora-clang, r-devel-linux-x86_64-fedora-gcc, r-devel-osx-x86_64-clang, r-devel-osx-x86_64-gcc, r-devel-windows-ix86+x86_64, r-patched-linux-x86_64, r-patched-solaris-sparc, r-patched-solaris-x86, r-release-linux-ix86, r-release-linux-x86_64, r-release-osx-x86_64-mavericks, r-release-windows-ix86+x86_64, r-oldrel-windows-ix86+x86_64

Version: 0.1
Check: PDF version of manual
Result: WARNING
    LaTeX errors when creating PDF version.
    This typically indicates Rd problems.
    LaTeX errors found:
    ! LaTeX Error: File `upquote.sty' not found.
    
    Type X to quit or <RETURN> to proceed,
    or enter new name. (Default extension: sty)
    
    64226245/Rd2.tex:8: ==> Fatal error occurred, no output PDF file produced!
Flavor: r-release-osx-x86_64-mavericks