CRAN Package Check Results for Package SML

Last updated on 2014-07-24 14:48:50.

Flavor Version Tinstall Tcheck Ttotal Status Flags
r-devel-linux-x86_64-debian-clang 0.1 3.25 42.48 45.73 NOTE
r-devel-linux-x86_64-debian-gcc 0.1 3.13 42.12 45.25 NOTE
r-devel-linux-x86_64-fedora-clang 0.1 106.13 NOTE
r-devel-linux-x86_64-fedora-gcc 0.1 102.65 NOTE
r-devel-osx-x86_64-clang 0.1 83.13 NOTE
r-devel-windows-ix86+x86_64 0.1 9.00 61.00 70.00 NOTE
r-patched-linux-x86_64 0.1 3.22 42.73 45.94 NOTE
r-patched-solaris-sparc 0.1 533.20 NOTE
r-patched-solaris-x86 0.1 140.10 NOTE
r-release-linux-ix86 0.1 3.88 49.09 52.97 NOTE
r-release-linux-x86_64 0.1 3.26 42.84 46.10 NOTE
r-release-osx-x86_64-mavericks 0.1 NOTE
r-release-osx-x86_64-snowleopard 0.1 OK
r-release-windows-ix86+x86_64 0.1 8.00 64.00 72.00 NOTE
r-oldrel-windows-ix86+x86_64 0.1 8.00 58.00 66.00 NOTE

Check Details

Version: 0.1
Check: dependencies in R code
Result: NOTE
    Packages in Depends field not imported from:
     ‘Matrix’ ‘glmnet’ ‘lattice’
     These packages need to be imported from (in the NAMESPACE file)
     for when this namespace is loaded but not attached.
    See the information on DESCRIPTION files in the chapter ‘Creating R
    packages’ of the ‘Writing R Extensions’ manual.
Flavors: r-devel-linux-x86_64-debian-clang, r-devel-linux-x86_64-debian-gcc, r-devel-linux-x86_64-fedora-clang, r-devel-linux-x86_64-fedora-gcc, r-devel-osx-x86_64-clang, r-devel-windows-ix86+x86_64, r-patched-linux-x86_64, r-patched-solaris-sparc, r-patched-solaris-x86, r-release-linux-ix86, r-release-linux-x86_64, r-release-osx-x86_64-mavericks, r-release-windows-ix86+x86_64, r-oldrel-windows-ix86+x86_64