CRAN Package Check Results for Package SMNCensReg

Last updated on 2015-07-30 05:46:54.

Flavor Version Tinstall Tcheck Ttotal Status Flags
r-devel-linux-x86_64-debian-clang 3.0 2.67 37.75 40.42 NOTE
r-devel-linux-x86_64-debian-gcc 3.0 2.47 36.29 38.76 NOTE
r-devel-linux-x86_64-fedora-clang 3.0 78.29 NOTE
r-devel-linux-x86_64-fedora-gcc 3.0 78.54 NOTE
r-devel-osx-x86_64-clang 3.0 68.43 NOTE
r-devel-windows-ix86+x86_64 3.0 10.00 64.00 74.00 NOTE
r-patched-linux-x86_64 3.0 2.48 35.73 38.21 NOTE
r-patched-solaris-sparc 3.0 493.10 NOTE
r-patched-solaris-x86 3.0 106.90 NOTE
r-release-linux-x86_64 3.0 2.93 36.99 39.92 NOTE
r-release-osx-x86_64-mavericks 3.0 NOTE
r-release-windows-ix86+x86_64 3.0 8.00 54.00 62.00 NOTE
r-oldrel-windows-ix86+x86_64 3.0 13.00 96.00 109.00 OK

Check Details

Version: 3.0
Check: DESCRIPTION meta-information
Result: NOTE
    Malformed Description field: should contain one or more complete sentences.
Flavors: r-devel-linux-x86_64-debian-clang, r-devel-linux-x86_64-debian-gcc, r-devel-linux-x86_64-fedora-clang, r-devel-linux-x86_64-fedora-gcc, r-devel-osx-x86_64-clang, r-devel-windows-ix86+x86_64, r-patched-linux-x86_64, r-patched-solaris-sparc, r-patched-solaris-x86, r-release-linux-x86_64, r-release-osx-x86_64-mavericks, r-release-windows-ix86+x86_64

Version: 3.0
Check: R code for possible problems
Result: NOTE
    AcumNormalC: no visible global function definition for ‘pnorm’
    AcumPearsonVII: no visible global function definition for ‘pt’
    AcumSlash : f1: no visible global function definition for ‘pnorm’
    AcumSlash: no visible global function definition for ‘integrate’
    CensEsperUY1: no visible global function definition for ‘pnorm’
    CensEsperUY1: no visible global function definition for ‘pt’
    EM.Cens.Int: no visible global function definition for ‘lm’
    EM.Cens.Int: no visible global function definition for ‘coefficients’
    EM.Cens.Int : ft1: no visible global function definition for ‘dt’
    EM.Cens.Int : ft1: no visible global function definition for ‘pt’
    EM.Cens.Int : ft2: no visible global function definition for ‘dt’
    EM.Cens.Int : ft2: no visible global function definition for ‘pt’
    EM.Cens.Int : ft3: no visible global function definition for ‘dt’
    EM.Cens.Int : ft3: no visible global function definition for ‘pt’
    EM.Cens.Int: no visible global function definition for ‘optimize’
    EM.Cens.Int: no visible global function definition for ‘optim’
    EM.Cens.Int: no visible global function definition for ‘dnorm’
    EM.Cens.Int: no visible global function definition for ‘pnorm’
    E_Phi: no visible global function definition for ‘pnorm’
    E_phi: no visible global function definition for ‘dnorm’
    GamaInc: no visible global function definition for ‘integrate’
    P: no visible global function definition for ‘pt’
    TN: no visible global function definition for ‘dnorm’
    TN: no visible global function definition for ‘pnorm’
    dNormalC: no visible global function definition for ‘dnorm’
    dPearsonVII: no visible global function definition for ‘dt’
    dSlash : f2: no visible global function definition for ‘dnorm’
    dSlash: no visible global function definition for ‘integrate’
    gera.ni: no visible global function definition for ‘rnorm’
    gera.ni: no visible global function definition for ‘rt’
    geraDadosR: no visible global function definition for ‘rnorm’
    geraDadosR: no visible global function definition for ‘rt’
    geraNC: no visible global function definition for ‘runif’
    geraNC: no visible global function definition for ‘rnorm’
    geraPearsonVII: no visible global function definition for ‘rgamma’
    geraPearsonVII: no visible global function definition for ‘rnorm’
    geraS: no visible global function definition for ‘rbeta’
    geraS: no visible global function definition for ‘rnorm’
    residNI: no visible global function definition for ‘pt’
    residNI: no visible global function definition for ‘pnorm’
    rmix: no visible global function definition for ‘runif’
    Undefined global functions or variables:
     coefficients dnorm dt integrate lm optim optimize pnorm pt rbeta
     rgamma rnorm rt runif
    Consider adding
     importFrom("stats", "coefficients", "dnorm", "dt", "integrate", "lm",
     "optim", "optimize", "pnorm", "pt", "rbeta", "rgamma",
     "rnorm", "rt", "runif")
    to your NAMESPACE.
Flavors: r-devel-linux-x86_64-debian-clang, r-devel-linux-x86_64-debian-gcc, r-devel-linux-x86_64-fedora-clang, r-devel-linux-x86_64-fedora-gcc, r-devel-windows-ix86+x86_64