CRAN Package Check Results for Package SMNCensReg

Last updated on 2014-04-19 18:47:49.

Flavor Version Tinstall Tcheck Ttotal Status Flags
r-devel-linux-x86_64-debian-clang 2.3 3.43 42.61 46.04 OK
r-devel-linux-x86_64-debian-gcc 2.3 3.42 42.56 45.98 OK
r-devel-linux-x86_64-fedora-clang 2.3 102.78 OK
r-devel-linux-x86_64-fedora-gcc 2.3 101.15 OK
r-devel-macosx-x86_64-clang 2.3 76.70 OK
r-devel-macosx-x86_64-gcc 2.3 ERROR
r-devel-windows-ix86+x86_64 2.3 9.00 59.00 68.00 OK
r-patched-linux-x86_64 2.3 3.43 41.90 45.33 OK
r-patched-solaris-sparc 2.3 523.00 OK
r-patched-solaris-x86 2.3 135.20 OK
r-release-linux-ix86 OK
r-release-linux-x86_64 2.3 3.39 41.81 45.20 OK
r-release-macosx-x86_64 2.3 OK
r-release-windows-ix86+x86_64 2.3 11.00 59.00 70.00 OK
r-oldrel-windows-ix86+x86_64 2.3 8.00 52.00 60.00 OK

Check Details

Version: 2.3
Check: package dependencies
Result: ERROR
    Package required but not available: ‘PerformanceAnalytics’
    
    See the information on DESCRIPTION files in the chapter ‘Creating R
    packages’ of the ‘Writing R Extensions’ manual.
Flavor: r-devel-macosx-x86_64-gcc