CRAN Package Check Results for Package SMNCensReg

Last updated on 2015-03-29 00:48:28.

Flavor Version Tinstall Tcheck Ttotal Status Flags
r-devel-linux-x86_64-debian-clang 3.0 2.54 35.98 38.52 NOTE
r-devel-linux-x86_64-debian-gcc 3.0 2.59 35.68 38.27 NOTE
r-devel-linux-x86_64-fedora-clang 3.0 78.65 NOTE
r-devel-linux-x86_64-fedora-gcc 3.0 75.01 NOTE
r-devel-osx-x86_64-clang 3.0 71.77 NOTE
r-prerel-windows-ix86+x86_64 3.0 10.00 54.00 64.00 NOTE
r-prerel-linux-x86_64 3.0 2.46 36.26 38.72 NOTE
r-prerel-solaris-sparc 3.0 474.70 NOTE
r-prerel-solaris-x86 3.0 101.80 NOTE
r-release-linux-x86_64 3.0 3.36 45.12 48.49 OK
r-release-osx-x86_64-mavericks 3.0 OK
r-release-osx-x86_64-snowleopard 3.0 OK
r-release-windows-ix86+x86_64 3.0 9.00 63.00 72.00 OK
r-oldrel-windows-ix86+x86_64 2.4 9.00 61.00 70.00 OK

Check Details

Version: 3.0
Check: DESCRIPTION meta-information
Result: NOTE
    Malformed Description field: should contain one or more complete sentences.
Flavors: r-devel-linux-x86_64-debian-clang, r-devel-linux-x86_64-debian-gcc, r-devel-linux-x86_64-fedora-clang, r-devel-linux-x86_64-fedora-gcc, r-devel-osx-x86_64-clang, r-prerel-windows-ix86+x86_64, r-prerel-linux-x86_64, r-prerel-solaris-sparc, r-prerel-solaris-x86