CRAN Package Check Results for Package SMNCensReg

Last updated on 2015-05-29 07:48:13.

Flavor Version Tinstall Tcheck Ttotal Status Flags
r-devel-linux-x86_64-debian-clang 3.0 2.58 36.86 39.44 NOTE
r-devel-linux-x86_64-debian-gcc 3.0 2.52 35.76 38.28 NOTE
r-devel-linux-x86_64-fedora-clang 3.0 83.00 NOTE
r-devel-linux-x86_64-fedora-gcc 3.0 75.74 NOTE
r-devel-osx-x86_64-clang 3.0 72.10 NOTE
r-devel-windows-ix86+x86_64 3.0 6.00 56.00 62.00 NOTE
r-patched-linux-x86_64 3.0 3.04 36.64 39.68 NOTE
r-patched-solaris-sparc 3.0 486.40 NOTE
r-patched-solaris-x86 3.0 107.60 NOTE
r-release-linux-x86_64 3.0 2.51 37.41 39.92 NOTE
r-release-osx-x86_64-mavericks 3.0 NOTE
r-release-osx-x86_64-snowleopard 3.0 ERROR
r-release-windows-ix86+x86_64 3.0 8.00 56.00 64.00 NOTE
r-oldrel-windows-ix86+x86_64 3.0 9.00 64.00 73.00 OK

Check Details

Version: 3.0
Check: DESCRIPTION meta-information
Result: NOTE
    Malformed Description field: should contain one or more complete sentences.
Flavors: r-devel-linux-x86_64-debian-clang, r-devel-linux-x86_64-debian-gcc, r-devel-linux-x86_64-fedora-clang, r-devel-linux-x86_64-fedora-gcc, r-devel-osx-x86_64-clang, r-devel-windows-ix86+x86_64, r-patched-linux-x86_64, r-patched-solaris-sparc, r-patched-solaris-x86, r-release-linux-x86_64, r-release-osx-x86_64-mavericks, r-release-windows-ix86+x86_64

Version: 3.0
Check: package dependencies
Result: ERROR
    Package required but not available: ‘PerformanceAnalytics’
    
    See section ‘The DESCRIPTION file’ in the ‘Writing R Extensions’
    manual.
Flavor: r-release-osx-x86_64-snowleopard