CRAN Package Check Results for Package SMNCensReg

Last updated on 2015-02-28 19:51:19.

Flavor Version Tinstall Tcheck Ttotal Status Flags
r-devel-linux-x86_64-debian-clang 3.0 2.53 36.72 39.25 NOTE
r-devel-linux-x86_64-debian-gcc 3.0 2.62 35.22 37.85 NOTE
r-devel-linux-x86_64-fedora-clang 3.0 80.76 NOTE
r-devel-linux-x86_64-fedora-gcc 3.0 79.20 NOTE
r-devel-osx-x86_64-clang 3.0 68.74 NOTE
r-devel-windows-ix86+x86_64 3.0 9.00 56.00 65.00 NOTE
r-patched-linux-x86_64 3.0 3.34 44.98 48.32 OK
r-patched-solaris-sparc 3.0 557.30 OK
r-patched-solaris-x86 3.0 143.50 OK
r-release-linux-ix86 3.0 4.06 54.52 58.58 OK
r-release-linux-x86_64 3.0 3.66 44.30 47.96 OK
r-release-osx-x86_64-mavericks 3.0 OK
r-release-osx-x86_64-snowleopard 3.0 OK
r-release-windows-ix86+x86_64 3.0 9.00 67.00 76.00 OK
r-oldrel-windows-ix86+x86_64 2.4 9.00 61.00 70.00 OK

Check Details

Version: 3.0
Check: DESCRIPTION meta-information
Result: NOTE
    Malformed Description field: should contain one or more complete sentences.
Flavors: r-devel-linux-x86_64-debian-clang, r-devel-linux-x86_64-debian-gcc, r-devel-linux-x86_64-fedora-clang, r-devel-linux-x86_64-fedora-gcc, r-devel-osx-x86_64-clang, r-devel-windows-ix86+x86_64