CRAN Package Check Results for Package SMNCensReg

Last updated on 2015-04-27 14:47:00.

Flavor Version Tinstall Tcheck Ttotal Status Flags
r-devel-linux-x86_64-debian-clang 3.0 2.63 36.99 39.62 NOTE
r-devel-linux-x86_64-debian-gcc 3.0 2.47 36.17 38.64 NOTE
r-devel-linux-x86_64-fedora-clang 3.0 81.48 NOTE
r-devel-linux-x86_64-fedora-gcc 3.0 75.29 NOTE
r-devel-osx-x86_64-clang 3.0 67.14 NOTE
r-devel-windows-ix86+x86_64 3.0 7.00 87.00 94.00 NOTE
r-patched-linux-x86_64 3.0 2.57 36.56 39.13 NOTE
r-patched-solaris-sparc 3.0 474.70 NOTE
r-patched-solaris-x86 3.0 107.30 NOTE
r-release-linux-x86_64 3.0 2.53 37.25 39.78 NOTE
r-release-osx-x86_64-mavericks 3.0 NOTE
r-release-osx-x86_64-snowleopard 3.0 ERROR
r-release-windows-ix86+x86_64 3.0 9.00 72.00 81.00 NOTE
r-oldrel-windows-ix86+x86_64 3.0 8.00 59.00 67.00 OK

Check Details

Version: 3.0
Check: DESCRIPTION meta-information
Result: NOTE
    Malformed Description field: should contain one or more complete sentences.
Flavors: r-devel-linux-x86_64-debian-clang, r-devel-linux-x86_64-debian-gcc, r-devel-linux-x86_64-fedora-clang, r-devel-linux-x86_64-fedora-gcc, r-devel-osx-x86_64-clang, r-devel-windows-ix86+x86_64, r-patched-solaris-sparc, r-patched-solaris-x86, r-release-linux-x86_64, r-release-osx-x86_64-mavericks, r-release-windows-ix86+x86_64

Version: 3.0
Check: package dependencies
Result: ERROR
    Package required but not available: ‘PerformanceAnalytics’
    
    See section ‘The DESCRIPTION file’ in the ‘Writing R Extensions’
    manual.
Flavor: r-release-osx-x86_64-snowleopard