CRAN Package Check Results for Package SMPracticals

Last updated on 2015-07-02 07:49:01.

Flavor Version Tinstall Tcheck Ttotal Status Flags
r-devel-linux-x86_64-debian-clang 1.4-2 1.84 17.54 19.38 NOTE
r-devel-linux-x86_64-debian-gcc 1.4-2 1.50 17.59 19.09 NOTE
r-devel-linux-x86_64-fedora-clang 1.4-2 37.33 NOTE
r-devel-linux-x86_64-fedora-gcc 1.4-2 34.50 NOTE
r-devel-osx-x86_64-clang 1.4-2 37.23 NOTE
r-devel-windows-ix86+x86_64 1.4-2 7.00 33.00 40.00 NOTE
r-patched-linux-x86_64 1.4-2 2.07 17.99 20.06 NOTE
r-patched-solaris-sparc 1.4-2 249.70 NOTE
r-patched-solaris-x86 1.4-2 51.40 NOTE
r-release-linux-x86_64 1.4-2 1.51 18.08 19.59 NOTE
r-release-osx-x86_64-mavericks 1.4-2 NOTE
r-release-windows-ix86+x86_64 1.4-2 7.00 35.00 42.00 NOTE
r-oldrel-windows-ix86+x86_64 1.4-2 16.00 34.00 50.00 NOTE

Check Details

Version: 1.4-2
Check: DESCRIPTION meta-information
Result: NOTE
    Malformed Description field: should contain one or more complete sentences.
Flavors: r-devel-linux-x86_64-debian-clang, r-devel-linux-x86_64-debian-gcc, r-devel-linux-x86_64-fedora-clang, r-devel-linux-x86_64-fedora-gcc, r-devel-osx-x86_64-clang, r-devel-windows-ix86+x86_64, r-patched-linux-x86_64, r-patched-solaris-sparc, r-patched-solaris-x86, r-release-linux-x86_64, r-release-osx-x86_64-mavericks, r-release-windows-ix86+x86_64

Version: 1.4-2
Check: dependencies in R code
Result: NOTE
    Namespaces in Imports field not imported from:
     ‘MASS’ ‘nlme’ ‘survival’
     All declared Imports should be used.
Flavors: r-devel-linux-x86_64-debian-clang, r-devel-linux-x86_64-debian-gcc, r-devel-linux-x86_64-fedora-clang, r-devel-linux-x86_64-fedora-gcc, r-devel-osx-x86_64-clang, r-devel-windows-ix86+x86_64, r-patched-linux-x86_64, r-patched-solaris-sparc, r-patched-solaris-x86, r-release-linux-x86_64, r-release-osx-x86_64-mavericks, r-release-windows-ix86+x86_64, r-oldrel-windows-ix86+x86_64

Version: 1.4-2
Check: S3 generic/method consistency
Result: NOTE
    Found the following apparent S3 methods exported but not registered:
     pairs.mod plot.glm.diag
    See section ‘Registering S3 methods’ in the ‘Writing R Extensions’
    manual.
Flavors: r-devel-linux-x86_64-debian-clang, r-devel-linux-x86_64-debian-gcc, r-devel-linux-x86_64-fedora-clang, r-devel-linux-x86_64-fedora-gcc, r-devel-osx-x86_64-clang, r-patched-linux-x86_64, r-patched-solaris-sparc, r-patched-solaris-x86, r-release-linux-x86_64

Version: 1.4-2
Check: R code for possible problems
Result: NOTE
    add.exp.lines : dexp.trunc: no visible global function definition for
     ‘dexp’
    add.exp.lines: no visible global function definition for ‘lines’
    beaver.gibbs : lik: no visible global function definition for ‘dnorm’
    beaver.gibbs : lik: no visible global function definition for ‘dgamma’
    beaver.gibbs : step: no visible global function definition for ‘rnorm’
    beaver.gibbs : step: no visible global function definition for ‘rgamma’
    coin.spin: no visible global function definition for ‘dbeta’
    exp.gibbs : H : rexp.trunc: no visible global function definition for
     ‘runif’
    exp.gibbs: no visible global function definition for ‘runif’
    get.alpha: no visible global function definition for ‘var’
    glm.diag: no visible global function definition for ‘residuals’
    glm.diag: no visible global function definition for ‘lm.influence’
    hus.gibbs : lik: no visible global function definition for ‘dpois’
    hus.gibbs : lik: no visible global function definition for ‘dgamma’
    hus.gibbs : step: no visible global function definition for ‘rgamma’
    lik.ci: no visible global function definition for ‘smooth.spline’
    lik.ci: no visible global function definition for ‘predict’
    lik.ci: no visible global function definition for ‘qnorm’
    pairs.mod : doaxis: no visible global function definition for ‘axis’
    pairs.mod : add.hist: no visible global function definition for ‘hist’
    pairs.mod : add.hist: no visible global function definition for
     ‘polygon’
    pairs.mod : marginal.diag.plot: no visible global function definition
     for ‘points’
    pairs.mod : marginal.diag.plot: no visible global function definition
     for ‘lines’
    pairs.mod : marginal.diag.plot: no visible global function definition
     for ‘var’
    pairs.mod : marginal.diag.plot: no visible global function definition
     for ‘par’
    pairs.mod : marginal.diag.plot: no visible global function definition
     for ‘cor’
    pairs.mod : marginal.diag.plot: no visible global function definition
     for ‘text’
    pairs.mod : conditional.diag.plot: no visible global function
     definition for ‘lm.fit’
    pairs.mod : conditional.diag.plot: no visible global function
     definition for ‘points’
    pairs.mod : conditional.diag.plot: no visible global function
     definition for ‘lines’
    pairs.mod : conditional.diag.plot: no visible global function
     definition for ‘var’
    pairs.mod : conditional.diag.plot: no visible global function
     definition for ‘par’
    pairs.mod : conditional.diag.plot: no visible global function
     definition for ‘cor’
    pairs.mod : conditional.diag.plot: no visible global function
     definition for ‘text’
    pairs.mod: no visible global function definition for ‘par’
    pairs.mod: no visible global function definition for ‘plot’
    pairs.mod: no visible global function definition for ‘lm.fit’
    pairs.mod: no visible global function definition for ‘box’
    pairs.mod: no visible global function definition for ‘hist’
    pairs.mod: no visible global function definition for ‘var’
    pairs.mod: no visible global function definition for ‘text’
    plot.glm.diag: no visible global function definition for ‘par’
    plot.glm.diag: no visible global function definition for ‘predict’
    plot.glm.diag: no visible global function definition for ‘plot’
    plot.glm.diag: no visible global function definition for ‘qnorm’
    plot.glm.diag: no visible global function definition for ‘ppoints’
    plot.glm.diag: no visible global function definition for ‘abline’
    plot.glm.diag: no visible global function definition for ‘identify’
    poi.beta.laplace: no visible global function definition for ‘optim’
    poi.gibbs : poi.sim: no visible global function definition for ‘rgamma’
    poi.gibbs: no visible global function definition for ‘rexp’
    qqexp: no visible global function definition for ‘qexp’
    qqexp: no visible global function definition for ‘qqplot’
    qqexp: no visible global function definition for ‘abline’
Flavors: r-devel-linux-x86_64-debian-clang, r-devel-linux-x86_64-debian-gcc, r-devel-linux-x86_64-fedora-gcc, r-devel-windows-ix86+x86_64

Version: 1.4-2
Check: Rd line widths
Result: NOTE
    Rd file 'plot.glm.diag.Rd':
     \usage lines wider than 90 characters:
     plot(x, glmdiag = glm.diag(x), subset = NULL, iden = FALSE, labels = NULL, ret = FALSE, ...)
    
    Rd file 'poi.beta.laplace.Rd':
     \usage lines wider than 90 characters:
     poi.beta.laplace(data, alpha = get.alpha(data), phi = 1, nu = 0.1, beta = seq(from = 0, to = 7, length = 1000))
    
    These lines will be truncated in the PDF manual.
Flavors: r-devel-linux-x86_64-debian-clang, r-devel-linux-x86_64-debian-gcc, r-devel-linux-x86_64-fedora-clang, r-devel-linux-x86_64-fedora-gcc, r-patched-linux-x86_64, r-release-linux-x86_64

Version: 1.4-2
Check: R code for possible problems
Result: NOTE
    add.exp.lines : dexp.trunc: no visible global function definition for
     ‘dexp’
    add.exp.lines: no visible global function definition for ‘lines’
    beaver.gibbs : lik: no visible global function definition for ‘dnorm’
    beaver.gibbs : lik: no visible global function definition for ‘dgamma’
    beaver.gibbs : step: no visible global function definition for ‘rnorm’
    beaver.gibbs : step: no visible global function definition for ‘rgamma’
    coin.spin: no visible global function definition for ‘dbeta’
    exp.gibbs : H : rexp.trunc: no visible global function definition for
     ‘runif’
    exp.gibbs: no visible global function definition for ‘runif’
    get.alpha: no visible global function definition for ‘var’
    glm.diag: no visible global function definition for ‘residuals’
    glm.diag: no visible global function definition for ‘lm.influence’
    hus.gibbs : lik: no visible global function definition for ‘dpois’
    hus.gibbs : lik: no visible global function definition for ‘dgamma’
    hus.gibbs : step: no visible global function definition for ‘rgamma’
    lik.ci: no visible global function definition for ‘smooth.spline’
    lik.ci: no visible global function definition for ‘predict’
    lik.ci: no visible global function definition for ‘qnorm’
    pairs.mod : doaxis: no visible global function definition for ‘axis’
    pairs.mod : add.hist: no visible global function definition for ‘hist’
    pairs.mod : add.hist: no visible global function definition for
     ‘polygon’
    pairs.mod : marginal.diag.plot: no visible global function definition
     for ‘points’
    pairs.mod : marginal.diag.plot: no visible global function definition
     for ‘lines’
    pairs.mod : marginal.diag.plot: no visible global function definition
     for ‘var’
    pairs.mod : marginal.diag.plot: no visible global function definition
     for ‘par’
    pairs.mod : marginal.diag.plot: no visible global function definition
     for ‘cor’
    pairs.mod : marginal.diag.plot: no visible global function definition
     for ‘text’
    pairs.mod : conditional.diag.plot: no visible global function
     definition for ‘lm.fit’
    pairs.mod : conditional.diag.plot: no visible global function
     definition for ‘points’
    pairs.mod : conditional.diag.plot: no visible global function
     definition for ‘lines’
    pairs.mod : conditional.diag.plot: no visible global function
     definition for ‘var’
    pairs.mod : conditional.diag.plot: no visible global function
     definition for ‘par’
    pairs.mod : conditional.diag.plot: no visible global function
     definition for ‘cor’
    pairs.mod : conditional.diag.plot: no visible global function
     definition for ‘text’
    pairs.mod: no visible global function definition for ‘par’
    pairs.mod: no visible global function definition for ‘plot’
    pairs.mod: no visible global function definition for ‘lm.fit’
    pairs.mod: no visible global function definition for ‘box’
    pairs.mod: no visible global function definition for ‘hist’
    pairs.mod: no visible global function definition for ‘var’
    pairs.mod: no visible global function definition for ‘text’
    plot.glm.diag: no visible global function definition for ‘par’
    plot.glm.diag: no visible global function definition for ‘predict’
    plot.glm.diag: no visible global function definition for ‘plot’
    plot.glm.diag: no visible global function definition for ‘qnorm’
    plot.glm.diag: no visible global function definition for ‘ppoints’
    plot.glm.diag: no visible global function definition for ‘abline’
    plot.glm.diag: no visible global function definition for ‘identify’
    poi.beta.laplace: no visible global function definition for ‘optim’
    poi.gibbs : poi.sim: no visible global function definition for ‘rgamma’
    poi.gibbs: no visible global function definition for ‘rexp’
    qqexp: no visible global function definition for ‘qexp’
    qqexp: no visible global function definition for ‘qqplot’
    qqexp: no visible global function definition for ‘abline’
    Undefined global functions or variables:
     abline axis box cor dbeta dexp dgamma dnorm dpois hist identify lines
     lm.fit lm.influence optim par plot points polygon ppoints predict
     qexp qnorm qqplot residuals rexp rgamma rnorm runif smooth.spline
     text var
Flavor: r-devel-linux-x86_64-fedora-clang