CRAN Package Check Results for Package SMPracticals

Last updated on 2014-04-16 15:49:36.

Flavor Version Tinstall Tcheck Ttotal Status Flags
r-devel-linux-x86_64-debian-clang 1.4-2 2.26 19.86 22.12 NOTE
r-devel-linux-x86_64-debian-gcc 1.4-2 2.32 20.10 22.42 NOTE
r-devel-linux-x86_64-fedora-clang 1.4-2 43.51 NOTE
r-devel-linux-x86_64-fedora-gcc 1.4-2 40.31 NOTE
r-devel-macosx-x86_64-clang 1.4-2 44.17 NOTE
r-devel-macosx-x86_64-gcc 1.4-2 NOTE
r-devel-windows-ix86+x86_64 1.4-2 7.00 31.00 38.00 NOTE
r-patched-linux-x86_64 1.4-2 2.26 19.72 21.98 NOTE
r-patched-solaris-sparc 1.4-2 257.20 NOTE
r-patched-solaris-x86 1.4-2 58.10 NOTE
r-release-linux-ix86 1.4-2 6.00 38.00 44.00 NOTE
r-release-linux-x86_64 1.4-2 2.28 20.28 22.56 NOTE
r-release-macosx-x86_64 1.4-2 NOTE
r-release-windows-ix86+x86_64 1.4-2 7.00 33.00 40.00 NOTE
r-oldrel-windows-ix86+x86_64 1.4-2 8.00 33.00 41.00 NOTE

Check Details

Version: 1.4-2
Check: dependencies in R code
Result: NOTE
    Namespaces in Imports field not imported from:
     ‘MASS’ ‘nlme’ ‘survival’
     All declared Imports should be used.
    See the information on DESCRIPTION files in the chapter ‘Creating R
    packages’ of the ‘Writing R Extensions’ manual.
Flavors: r-devel-linux-x86_64-debian-clang, r-devel-linux-x86_64-debian-gcc, r-devel-linux-x86_64-fedora-clang, r-devel-linux-x86_64-fedora-gcc, r-devel-macosx-x86_64-clang, r-devel-macosx-x86_64-gcc, r-devel-windows-ix86+x86_64, r-patched-linux-x86_64, r-patched-solaris-sparc, r-patched-solaris-x86, r-release-linux-ix86, r-release-linux-x86_64, r-release-macosx-x86_64, r-release-windows-ix86+x86_64, r-oldrel-windows-ix86+x86_64

Version: 1.4-2
Check: Rd line widths
Result: NOTE
    Rd file 'plot.glm.diag.Rd':
     \usage lines wider than 90 characters:
     plot(x, glmdiag = glm.diag(x), subset = NULL, iden = FALSE, labels = NULL, ret = FALSE, ...)
    
    Rd file 'poi.beta.laplace.Rd':
     \usage lines wider than 90 characters:
     poi.beta.laplace(data, alpha = get.alpha(data), phi = 1, nu = 0.1, beta = seq(from = 0, to = 7, length = 1000))
    
    These lines will be truncated in the PDF manual.
Flavors: r-devel-linux-x86_64-fedora-clang, r-devel-linux-x86_64-fedora-gcc