CRAN Package Check Results for Package SMPracticals

Last updated on 2014-08-22 07:50:42.

Flavor Version Tinstall Tcheck Ttotal Status Flags
r-devel-linux-x86_64-debian-clang 1.4-2 2.18 19.38 21.55 NOTE
r-devel-linux-x86_64-debian-gcc 1.4-2 2.16 18.37 20.52 NOTE
r-devel-linux-x86_64-fedora-clang 1.4-2 40.93 NOTE
r-devel-linux-x86_64-fedora-gcc 1.4-2 40.11 NOTE
r-devel-osx-x86_64-clang 1.4-2 43.79 NOTE
r-devel-windows-ix86+x86_64 1.4-2 7.00 32.00 39.00 NOTE
r-patched-linux-x86_64 1.4-2 2.15 19.12 21.26 NOTE
r-patched-solaris-sparc 1.4-2 261.40 NOTE
r-patched-solaris-x86 1.4-2 58.30 NOTE
r-release-linux-ix86 1.4-2 2.68 28.28 30.96 NOTE
r-release-linux-x86_64 1.4-2 2.18 19.34 21.52 NOTE
r-release-osx-x86_64-mavericks 1.4-2 NOTE
r-release-osx-x86_64-snowleopard 1.4-2 NOTE
r-release-windows-ix86+x86_64 1.4-2 6.00 36.00 42.00 NOTE
r-oldrel-windows-ix86+x86_64 1.4-2 9.00 37.00 46.00 NOTE

Check Details

Version: 1.4-2
Check: dependencies in R code
Result: NOTE
    Namespaces in Imports field not imported from:
     ‘MASS’ ‘nlme’ ‘survival’
     All declared Imports should be used.
    See the information on DESCRIPTION files in the chapter ‘Creating R
    packages’ of the ‘Writing R Extensions’ manual.
Flavors: r-devel-linux-x86_64-debian-clang, r-devel-linux-x86_64-debian-gcc, r-devel-linux-x86_64-fedora-clang, r-devel-linux-x86_64-fedora-gcc, r-devel-osx-x86_64-clang, r-devel-windows-ix86+x86_64, r-patched-linux-x86_64, r-patched-solaris-sparc, r-patched-solaris-x86, r-release-linux-ix86, r-release-linux-x86_64, r-release-osx-x86_64-mavericks, r-release-osx-x86_64-snowleopard, r-release-windows-ix86+x86_64, r-oldrel-windows-ix86+x86_64

Version: 1.4-2
Check: Rd line widths
Result: NOTE
    Rd file 'plot.glm.diag.Rd':
     \usage lines wider than 90 characters:
     plot(x, glmdiag = glm.diag(x), subset = NULL, iden = FALSE, labels = NULL, ret = FALSE, ...)
    
    Rd file 'poi.beta.laplace.Rd':
     \usage lines wider than 90 characters:
     poi.beta.laplace(data, alpha = get.alpha(data), phi = 1, nu = 0.1, beta = seq(from = 0, to = 7, length = 1000))
    
    These lines will be truncated in the PDF manual.
Flavors: r-devel-linux-x86_64-fedora-clang, r-devel-linux-x86_64-fedora-gcc