CRAN Package Check Results for Package SMPracticals

Last updated on 2014-07-23 23:48:32.

Flavor Version Tinstall Tcheck Ttotal Status Flags
r-devel-linux-x86_64-debian-clang 1.4-2 2.23 19.04 21.27 NOTE
r-devel-linux-x86_64-debian-gcc 1.4-2 2.20 19.61 21.80 NOTE
r-devel-linux-x86_64-fedora-clang 1.4-2 43.15 NOTE
r-devel-linux-x86_64-fedora-gcc 1.4-2 41.59 NOTE
r-devel-osx-x86_64-clang 1.4-2 44.26 NOTE
r-devel-windows-ix86+x86_64 1.4-2 7.00 34.00 41.00 NOTE
r-patched-linux-x86_64 1.4-2 2.15 19.75 21.90 NOTE
r-patched-solaris-sparc 1.4-2 257.20 NOTE
r-patched-solaris-x86 1.4-2 57.50 NOTE
r-release-linux-ix86 1.4-2 2.69 27.99 30.68 NOTE
r-release-linux-x86_64 1.4-2 3.16 19.02 22.17 NOTE
r-release-osx-x86_64-mavericks 1.4-2 NOTE
r-release-osx-x86_64-snowleopard 1.4-2 NOTE
r-release-windows-ix86+x86_64 1.4-2 8.00 33.00 41.00 NOTE
r-oldrel-windows-ix86+x86_64 1.4-2 9.00 33.00 42.00 NOTE

Check Details

Version: 1.4-2
Check: dependencies in R code
Result: NOTE
    Namespaces in Imports field not imported from:
     ‘MASS’ ‘nlme’ ‘survival’
     All declared Imports should be used.
    See the information on DESCRIPTION files in the chapter ‘Creating R
    packages’ of the ‘Writing R Extensions’ manual.
Flavors: r-devel-linux-x86_64-debian-clang, r-devel-linux-x86_64-debian-gcc, r-devel-linux-x86_64-fedora-clang, r-devel-linux-x86_64-fedora-gcc, r-devel-osx-x86_64-clang, r-devel-windows-ix86+x86_64, r-patched-linux-x86_64, r-patched-solaris-sparc, r-patched-solaris-x86, r-release-linux-ix86, r-release-linux-x86_64, r-release-osx-x86_64-mavericks, r-release-osx-x86_64-snowleopard, r-release-windows-ix86+x86_64, r-oldrel-windows-ix86+x86_64

Version: 1.4-2
Check: Rd line widths
Result: NOTE
    Rd file 'plot.glm.diag.Rd':
     \usage lines wider than 90 characters:
     plot(x, glmdiag = glm.diag(x), subset = NULL, iden = FALSE, labels = NULL, ret = FALSE, ...)
    
    Rd file 'poi.beta.laplace.Rd':
     \usage lines wider than 90 characters:
     poi.beta.laplace(data, alpha = get.alpha(data), phi = 1, nu = 0.1, beta = seq(from = 0, to = 7, length = 1000))
    
    These lines will be truncated in the PDF manual.
Flavors: r-devel-linux-x86_64-fedora-clang, r-devel-linux-x86_64-fedora-gcc