CRAN Package Check Results for Package SMPracticals

Last updated on 2015-05-30 08:48:56.

Flavor Version Tinstall Tcheck Ttotal Status Flags
r-devel-linux-x86_64-debian-clang 1.4-2 1.59 18.02 19.60 NOTE
r-devel-linux-x86_64-debian-gcc 1.4-2 1.41 17.88 19.29 NOTE
r-devel-linux-x86_64-fedora-clang 1.4-2 38.85 NOTE
r-devel-linux-x86_64-fedora-gcc 1.4-2 35.66 NOTE
r-devel-osx-x86_64-clang 1.4-2 40.24 NOTE
r-devel-windows-ix86+x86_64 1.4-2 7.00 37.00 44.00 NOTE
r-patched-linux-x86_64 1.4-2 1.44 17.73 19.17 NOTE
r-patched-solaris-sparc 1.4-2 249.70 NOTE
r-patched-solaris-x86 1.4-2 51.60 NOTE
r-release-linux-x86_64 1.4-2 1.42 5.38 6.80 NOTE
r-release-osx-x86_64-mavericks 1.4-2 NOTE
r-release-osx-x86_64-snowleopard 1.4-2 NOTE
r-release-windows-ix86+x86_64 1.4-2 7.00 37.00 44.00 NOTE
r-oldrel-windows-ix86+x86_64 1.4-2 10.00 35.00 45.00 NOTE

Check Details

Version: 1.4-2
Check: DESCRIPTION meta-information
Result: NOTE
    Malformed Description field: should contain one or more complete sentences.
Flavors: r-devel-linux-x86_64-debian-clang, r-devel-linux-x86_64-debian-gcc, r-devel-linux-x86_64-fedora-clang, r-devel-linux-x86_64-fedora-gcc, r-devel-osx-x86_64-clang, r-devel-windows-ix86+x86_64, r-patched-linux-x86_64, r-patched-solaris-sparc, r-patched-solaris-x86, r-release-linux-x86_64, r-release-osx-x86_64-mavericks, r-release-osx-x86_64-snowleopard, r-release-windows-ix86+x86_64

Version: 1.4-2
Check: dependencies in R code
Result: NOTE
    Namespaces in Imports field not imported from:
     ‘MASS’ ‘nlme’ ‘survival’
     All declared Imports should be used.
Flavors: r-devel-linux-x86_64-debian-clang, r-devel-linux-x86_64-debian-gcc, r-devel-linux-x86_64-fedora-clang, r-devel-linux-x86_64-fedora-gcc, r-devel-osx-x86_64-clang, r-devel-windows-ix86+x86_64, r-patched-linux-x86_64, r-patched-solaris-sparc, r-patched-solaris-x86, r-release-linux-x86_64, r-release-osx-x86_64-mavericks, r-release-osx-x86_64-snowleopard, r-release-windows-ix86+x86_64, r-oldrel-windows-ix86+x86_64

Version: 1.4-2
Check: S3 generic/method consistency
Result: NOTE
    Found the following apparent S3 methods exported but not registered:
     pairs.mod plot.glm.diag
    See section ‘Registering S3 methods’ in the ‘Writing R Extensions’
    manual.
Flavors: r-devel-linux-x86_64-debian-clang, r-devel-linux-x86_64-debian-gcc, r-devel-linux-x86_64-fedora-clang, r-devel-linux-x86_64-fedora-gcc, r-devel-osx-x86_64-clang, r-patched-linux-x86_64, r-patched-solaris-sparc, r-patched-solaris-x86, r-release-linux-x86_64

Version: 1.4-2
Check: Rd line widths
Result: NOTE
    Rd file 'plot.glm.diag.Rd':
     \usage lines wider than 90 characters:
     plot(x, glmdiag = glm.diag(x), subset = NULL, iden = FALSE, labels = NULL, ret = FALSE, ...)
    
    Rd file 'poi.beta.laplace.Rd':
     \usage lines wider than 90 characters:
     poi.beta.laplace(data, alpha = get.alpha(data), phi = 1, nu = 0.1, beta = seq(from = 0, to = 7, length = 1000))
    
    These lines will be truncated in the PDF manual.
Flavors: r-devel-linux-x86_64-debian-clang, r-devel-linux-x86_64-debian-gcc, r-devel-linux-x86_64-fedora-clang, r-devel-linux-x86_64-fedora-gcc, r-patched-linux-x86_64, r-release-linux-x86_64