CRAN Package Check Results for Package SNPassoc

Last updated on 2015-02-28 17:48:49.

Flavor Version Tinstall Tcheck Ttotal Status Flags
r-devel-linux-x86_64-debian-clang 1.9-2 1.36 34.62 35.98 NOTE
r-devel-linux-x86_64-debian-gcc 1.9-2 1.58 33.94 35.52 NOTE
r-devel-linux-x86_64-fedora-clang 1.9-2 75.70 NOTE
r-devel-linux-x86_64-fedora-gcc 1.9-2 72.41 NOTE
r-devel-osx-x86_64-clang 1.9-2 66.67 NOTE
r-devel-windows-ix86+x86_64 1.9-2 7.00 59.00 66.00 NOTE
r-patched-linux-x86_64 1.9-2 1.62 38.74 40.36 NOTE
r-patched-solaris-sparc 1.9-2 513.90 NOTE
r-patched-solaris-x86 1.9-2 108.10 NOTE
r-release-linux-ix86 1.9-2 1.98 50.53 52.51 NOTE
r-release-linux-x86_64 1.9-2 1.51 39.08 40.59 NOTE
r-release-osx-x86_64-mavericks 1.9-2 NOTE
r-release-osx-x86_64-snowleopard 1.9-2 OK
r-release-windows-ix86+x86_64 1.9-2 5.00 62.00 67.00 NOTE
r-oldrel-windows-ix86+x86_64 1.9-2 5.00 62.00 67.00 OK

Check Details

Version: 1.9-2
Check: dependencies in R code
Result: NOTE
    Package in Depends field not imported from: ‘parallel’
     These packages need to be imported from (in the NAMESPACE file)
     for when this namespace is loaded but not attached.
Flavors: r-devel-linux-x86_64-debian-clang, r-devel-linux-x86_64-debian-gcc, r-devel-linux-x86_64-fedora-clang, r-devel-linux-x86_64-fedora-gcc, r-devel-osx-x86_64-clang, r-devel-windows-ix86+x86_64, r-patched-linux-x86_64, r-patched-solaris-x86

Version: 1.9-2
Check: R code for possible problems
Result: NOTE
    WGassociation: no visible global function definition for ‘mclapply’
    interleave: no visible global function definition for ‘mclapply’
    setupSNP: no visible global function definition for ‘mclapply’
    summary.setupSNP: no visible global function definition for ‘mclapply’
    tableHWE: no visible global function definition for ‘mclapply’
Flavors: r-devel-linux-x86_64-debian-clang, r-devel-linux-x86_64-debian-gcc, r-devel-linux-x86_64-fedora-clang, r-devel-linux-x86_64-fedora-gcc, r-devel-osx-x86_64-clang, r-devel-windows-ix86+x86_64, r-patched-linux-x86_64, r-patched-solaris-sparc, r-patched-solaris-x86, r-release-linux-ix86, r-release-linux-x86_64, r-release-osx-x86_64-mavericks, r-release-windows-ix86+x86_64

Version: 1.9-2
Check: dependencies in R code
Result: NOTE
    Package in Depends field not imported from: ‘parallel’
     These packages need to be imported from (in the NAMESPACE file)
     for when this namespace is loaded but not attached.
    See the information on DESCRIPTION files in the chapter ‘Creating R
    packages’ of the ‘Writing R Extensions’ manual.
Flavors: r-patched-solaris-sparc, r-release-linux-ix86, r-release-linux-x86_64, r-release-osx-x86_64-mavericks, r-release-windows-ix86+x86_64