CRAN Package Check Results for Package SNPassoc

Last updated on 2015-01-25 04:47:15.

Flavor Version Tinstall Tcheck Ttotal Status Flags
r-devel-linux-x86_64-debian-clang 1.9-2 1.43 36.26 37.68 NOTE
r-devel-linux-x86_64-debian-gcc 1.9-2 1.40 36.50 37.90 NOTE
r-devel-linux-x86_64-fedora-clang 1.9-2 83.50 NOTE
r-devel-linux-x86_64-fedora-gcc 1.9-2 80.10 NOTE
r-devel-osx-x86_64-clang 1.9-2 71.98 NOTE
r-devel-windows-ix86+x86_64 1.9-2 6.00 54.00 60.00 NOTE
r-patched-linux-x86_64 1.9-2 1.53 37.94 39.47 NOTE
r-patched-solaris-sparc 1.9-2 513.90 NOTE
r-patched-solaris-x86 1.9-2 105.20 NOTE
r-release-linux-ix86 1.9-2 1.96 49.50 51.46 NOTE
r-release-linux-x86_64 1.9-2 1.56 38.08 39.64 NOTE
r-release-osx-x86_64-mavericks 1.9-2 NOTE
r-release-osx-x86_64-snowleopard 1.9-2 OK
r-release-windows-ix86+x86_64 1.9-2 6.00 63.00 69.00 NOTE
r-oldrel-windows-ix86+x86_64 1.9-2 6.00 63.00 69.00 OK

Check Details

Version: 1.9-2
Check: dependencies in R code
Result: NOTE
    Package in Depends field not imported from: ‘parallel’
     These packages need to be imported from (in the NAMESPACE file)
     for when this namespace is loaded but not attached.
Flavors: r-devel-linux-x86_64-debian-clang, r-devel-linux-x86_64-debian-gcc, r-devel-linux-x86_64-fedora-clang, r-devel-linux-x86_64-fedora-gcc, r-devel-osx-x86_64-clang, r-devel-windows-ix86+x86_64

Version: 1.9-2
Check: R code for possible problems
Result: NOTE
    WGassociation: no visible global function definition for ‘mclapply’
    interleave: no visible global function definition for ‘mclapply’
    setupSNP: no visible global function definition for ‘mclapply’
    summary.setupSNP: no visible global function definition for ‘mclapply’
    tableHWE: no visible global function definition for ‘mclapply’
Flavors: r-devel-linux-x86_64-debian-clang, r-devel-linux-x86_64-debian-gcc, r-devel-linux-x86_64-fedora-clang, r-devel-linux-x86_64-fedora-gcc, r-devel-osx-x86_64-clang, r-devel-windows-ix86+x86_64, r-patched-linux-x86_64, r-patched-solaris-sparc, r-patched-solaris-x86, r-release-linux-ix86, r-release-linux-x86_64, r-release-osx-x86_64-mavericks, r-release-windows-ix86+x86_64

Version: 1.9-2
Check: dependencies in R code
Result: NOTE
    Package in Depends field not imported from: ‘parallel’
     These packages need to be imported from (in the NAMESPACE file)
     for when this namespace is loaded but not attached.
    See the information on DESCRIPTION files in the chapter ‘Creating R
    packages’ of the ‘Writing R Extensions’ manual.
Flavors: r-patched-linux-x86_64, r-patched-solaris-sparc, r-patched-solaris-x86, r-release-linux-ix86, r-release-linux-x86_64, r-release-osx-x86_64-mavericks, r-release-windows-ix86+x86_64