CRAN Package Check Results for Package SNPassoc

Last updated on 2015-05-24 03:48:15.

Flavor Version Tinstall Tcheck Ttotal Status Flags
r-devel-linux-x86_64-debian-clang 1.9-2 1.51 35.12 36.62 NOTE
r-devel-linux-x86_64-debian-gcc 1.9-2 1.45 33.15 34.60 NOTE
r-devel-linux-x86_64-fedora-clang 1.9-2 76.05 NOTE
r-devel-linux-x86_64-fedora-gcc 1.9-2 69.78 NOTE
r-devel-osx-x86_64-clang 1.9-2 64.74 NOTE
r-devel-windows-ix86+x86_64 1.9-2 6.00 54.00 60.00 NOTE
r-patched-linux-x86_64 1.9-2 1.37 34.56 35.93 NOTE
r-patched-solaris-sparc 1.9-2 465.30 NOTE
r-patched-solaris-x86 1.9-2 96.20 NOTE
r-release-linux-x86_64 1.9-2 1.52 34.11 35.63 NOTE
r-release-osx-x86_64-mavericks 1.9-2 NOTE
r-release-osx-x86_64-snowleopard 1.9-2 NOTE
r-release-windows-ix86+x86_64 1.9-2 6.00 56.00 62.00 NOTE
r-oldrel-windows-ix86+x86_64 1.9-2 5.00 52.00 57.00 NOTE

Check Details

Version: 1.9-2
Check: dependencies in R code
Result: NOTE
    Package in Depends field not imported from: ‘parallel’
     These packages need to be imported from (in the NAMESPACE file)
     for when this namespace is loaded but not attached.
Flavors: r-devel-linux-x86_64-debian-clang, r-devel-linux-x86_64-debian-gcc, r-devel-linux-x86_64-fedora-clang, r-devel-linux-x86_64-fedora-gcc, r-devel-osx-x86_64-clang, r-devel-windows-ix86+x86_64, r-patched-linux-x86_64, r-patched-solaris-sparc, r-patched-solaris-x86, r-release-linux-x86_64, r-release-osx-x86_64-mavericks, r-release-osx-x86_64-snowleopard, r-release-windows-ix86+x86_64, r-oldrel-windows-ix86+x86_64

Version: 1.9-2
Check: R code for possible problems
Result: NOTE
    WGassociation: no visible global function definition for ‘mclapply’
    interleave: no visible global function definition for ‘mclapply’
    setupSNP: no visible global function definition for ‘mclapply’
    summary.setupSNP: no visible global function definition for ‘mclapply’
    tableHWE: no visible global function definition for ‘mclapply’
Flavors: r-devel-linux-x86_64-debian-clang, r-devel-linux-x86_64-debian-gcc, r-devel-linux-x86_64-fedora-clang, r-devel-linux-x86_64-fedora-gcc, r-devel-osx-x86_64-clang, r-devel-windows-ix86+x86_64, r-patched-linux-x86_64, r-patched-solaris-sparc, r-patched-solaris-x86, r-release-linux-x86_64, r-release-osx-x86_64-mavericks, r-release-osx-x86_64-snowleopard, r-release-windows-ix86+x86_64, r-oldrel-windows-ix86+x86_64