CRAN Package Check Results for Package SNPassoc

Last updated on 2014-11-01 08:48:27.

Flavor Version Tinstall Tcheck Ttotal Status Flags
r-devel-linux-x86_64-debian-clang 1.9-2 1.47 36.21 37.68 NOTE
r-devel-linux-x86_64-debian-gcc 1.9-2 1.49 36.02 37.51 NOTE
r-devel-linux-x86_64-fedora-clang 1.9-2 82.61 NOTE
r-devel-linux-x86_64-fedora-gcc 1.9-2 79.99 NOTE
r-devel-osx-x86_64-clang 1.9-2 71.07 NOTE
r-devel-windows-ix86+x86_64 1.9-2 4.00 53.00 57.00 NOTE
r-patched-linux-x86_64 1.9-2 1.49 38.10 39.60 NOTE
r-patched-solaris-sparc 1.9-2 471.40 NOTE
r-patched-solaris-x86 1.9-2 106.50 NOTE
r-release-linux-ix86 1.9-2 2.01 51.42 53.43 OK
r-release-linux-x86_64 1.9-2 1.48 26.90 28.38 OK
r-release-osx-x86_64-mavericks 1.9-2 OK
r-release-osx-x86_64-snowleopard 1.9-2 OK
r-release-windows-ix86+x86_64 1.9-2 5.00 58.00 63.00 OK
r-oldrel-windows-ix86+x86_64 1.9-2 5.00 64.00 69.00 OK

Check Details

Version: 1.9-2
Check: dependencies in R code
Result: NOTE
    Package in Depends field not imported from: ‘parallel’
     These packages need to be imported from (in the NAMESPACE file)
     for when this namespace is loaded but not attached.
    See the information on DESCRIPTION files in the chapter ‘Creating R
    packages’ of the ‘Writing R Extensions’ manual.
Flavors: r-devel-linux-x86_64-debian-clang, r-devel-linux-x86_64-debian-gcc, r-devel-linux-x86_64-fedora-clang, r-devel-linux-x86_64-fedora-gcc, r-devel-osx-x86_64-clang, r-devel-windows-ix86+x86_64, r-patched-linux-x86_64, r-patched-solaris-sparc, r-patched-solaris-x86

Version: 1.9-2
Check: R code for possible problems
Result: NOTE
    WGassociation: no visible global function definition for ‘mclapply’
    interleave: no visible global function definition for ‘mclapply’
    setupSNP: no visible global function definition for ‘mclapply’
    summary.setupSNP: no visible global function definition for ‘mclapply’
    tableHWE: no visible global function definition for ‘mclapply’
Flavors: r-devel-linux-x86_64-debian-clang, r-devel-linux-x86_64-debian-gcc, r-devel-linux-x86_64-fedora-clang, r-devel-linux-x86_64-fedora-gcc, r-devel-osx-x86_64-clang, r-devel-windows-ix86+x86_64, r-patched-linux-x86_64, r-patched-solaris-sparc, r-patched-solaris-x86