CRAN Package Check Results for Package SNPassoc

Last updated on 2015-04-02 03:49:06.

Flavor Version Tinstall Tcheck Ttotal Status Flags
r-devel-linux-x86_64-debian-clang 1.9-2 1.36 33.85 35.21 NOTE
r-devel-linux-x86_64-debian-gcc 1.9-2 1.43 33.07 34.50 NOTE
r-devel-linux-x86_64-fedora-clang 1.9-2 75.85 NOTE
r-devel-linux-x86_64-fedora-gcc 1.9-2 71.08 NOTE
r-devel-osx-x86_64-clang 1.9-2 69.98 NOTE
r-prerel-windows-ix86+x86_64 1.9-2 5.00 48.00 53.00 NOTE
r-prerel-linux-x86_64 1.9-2 1.34 34.00 35.34 NOTE
r-prerel-solaris-sparc 1.9-2 489.90 NOTE
r-prerel-solaris-x86 1.9-2 94.60 NOTE
r-release-linux-x86_64 1.9-2 1.49 38.10 39.59 NOTE
r-release-osx-x86_64-mavericks 1.9-2 NOTE
r-release-osx-x86_64-snowleopard 1.9-2 OK
r-release-windows-ix86+x86_64 1.9-2 4.00 57.00 61.00 NOTE
r-oldrel-windows-ix86+x86_64 1.9-2 5.00 56.00 61.00 OK

Check Details

Version: 1.9-2
Check: dependencies in R code
Result: NOTE
    Package in Depends field not imported from: ‘parallel’
     These packages need to be imported from (in the NAMESPACE file)
     for when this namespace is loaded but not attached.
Flavors: r-devel-linux-x86_64-debian-clang, r-devel-linux-x86_64-debian-gcc, r-devel-linux-x86_64-fedora-clang, r-devel-linux-x86_64-fedora-gcc, r-devel-osx-x86_64-clang, r-prerel-windows-ix86+x86_64, r-prerel-linux-x86_64, r-prerel-solaris-sparc, r-prerel-solaris-x86, r-release-linux-x86_64, r-release-windows-ix86+x86_64

Version: 1.9-2
Check: R code for possible problems
Result: NOTE
    WGassociation: no visible global function definition for ‘mclapply’
    interleave: no visible global function definition for ‘mclapply’
    setupSNP: no visible global function definition for ‘mclapply’
    summary.setupSNP: no visible global function definition for ‘mclapply’
    tableHWE: no visible global function definition for ‘mclapply’
Flavors: r-devel-linux-x86_64-debian-clang, r-devel-linux-x86_64-debian-gcc, r-devel-linux-x86_64-fedora-clang, r-devel-linux-x86_64-fedora-gcc, r-devel-osx-x86_64-clang, r-prerel-windows-ix86+x86_64, r-prerel-linux-x86_64, r-prerel-solaris-sparc, r-prerel-solaris-x86, r-release-linux-x86_64, r-release-osx-x86_64-mavericks, r-release-windows-ix86+x86_64

Version: 1.9-2
Check: dependencies in R code
Result: NOTE
    Package in Depends field not imported from: ‘parallel’
     These packages need to be imported from (in the NAMESPACE file)
     for when this namespace is loaded but not attached.
    See the information on DESCRIPTION files in the chapter ‘Creating R
    packages’ of the ‘Writing R Extensions’ manual.
Flavor: r-release-osx-x86_64-mavericks