CRAN Package Check Results for Package SNPassoc

Last updated on 2014-12-19 01:48:30.

Flavor Version Tinstall Tcheck Ttotal Status Flags
r-devel-linux-x86_64-debian-clang 1.9-2 1.49 37.54 39.03 NOTE
r-devel-linux-x86_64-debian-gcc 1.9-2 1.55 35.97 37.52 NOTE
r-devel-linux-x86_64-fedora-clang 1.9-2 84.95 NOTE
r-devel-linux-x86_64-fedora-gcc 1.9-2 75.62 NOTE
r-devel-osx-x86_64-clang 1.9-2 71.67 NOTE
r-devel-windows-ix86+x86_64 1.9-2 6.00 50.00 56.00 NOTE
r-patched-linux-x86_64 1.9-2 1.52 38.38 39.91 NOTE
r-patched-solaris-sparc 1.9-2 471.40 NOTE
r-patched-solaris-x86 1.9-2 105.20 NOTE
r-release-linux-ix86 1.9-2 1.91 49.50 51.40 NOTE
r-release-linux-x86_64 1.9-2 1.53 38.58 40.11 NOTE
r-release-osx-x86_64-mavericks 1.9-2 OK
r-release-osx-x86_64-snowleopard 1.9-2 OK
r-release-windows-ix86+x86_64 1.9-2 6.00 60.00 66.00 NOTE
r-oldrel-windows-ix86+x86_64 1.9-2 5.00 59.00 64.00 OK

Check Details

Version: 1.9-2
Check: dependencies in R code
Result: NOTE
    Package in Depends field not imported from: ‘parallel’
     These packages need to be imported from (in the NAMESPACE file)
     for when this namespace is loaded but not attached.
    See the information on DESCRIPTION files in the chapter ‘Creating R
    packages’ of the ‘Writing R Extensions’ manual.
Flavors: r-devel-linux-x86_64-debian-clang, r-devel-linux-x86_64-debian-gcc, r-devel-linux-x86_64-fedora-clang, r-devel-linux-x86_64-fedora-gcc, r-devel-osx-x86_64-clang, r-devel-windows-ix86+x86_64, r-patched-linux-x86_64, r-patched-solaris-sparc, r-patched-solaris-x86, r-release-linux-ix86, r-release-linux-x86_64, r-release-windows-ix86+x86_64

Version: 1.9-2
Check: R code for possible problems
Result: NOTE
    WGassociation: no visible global function definition for ‘mclapply’
    interleave: no visible global function definition for ‘mclapply’
    setupSNP: no visible global function definition for ‘mclapply’
    summary.setupSNP: no visible global function definition for ‘mclapply’
    tableHWE: no visible global function definition for ‘mclapply’
Flavors: r-devel-linux-x86_64-debian-clang, r-devel-linux-x86_64-debian-gcc, r-devel-linux-x86_64-fedora-clang, r-devel-linux-x86_64-fedora-gcc, r-devel-osx-x86_64-clang, r-devel-windows-ix86+x86_64, r-patched-linux-x86_64, r-patched-solaris-sparc, r-patched-solaris-x86, r-release-linux-ix86, r-release-linux-x86_64, r-release-windows-ix86+x86_64