CRAN Package Check Results for Package SNPassoc

Last updated on 2014-04-23 07:55:09.

Flavor Version Tinstall Tcheck Ttotal Status Flags
r-devel-linux-x86_64-debian-clang 1.9-1 1.56 39.28 40.83 OK
r-devel-linux-x86_64-debian-gcc 1.9-1 1.51 39.59 41.10 OK
r-devel-linux-x86_64-fedora-clang 1.9-1 87.14 OK
r-devel-linux-x86_64-fedora-gcc 1.9-1 84.18 OK
r-devel-osx-x86_64-clang 1.9-1 65.29 OK
r-devel-osx-x86_64-gcc 1.9-1 OK
r-devel-windows-ix86+x86_64 1.9-1 5.00 57.00 62.00 OK
r-patched-linux-x86_64 1.9-1 1.50 39.34 40.84 OK
r-patched-solaris-sparc 1.9-1 472.50 OK
r-patched-solaris-x86 1.9-1 105.30 OK
r-release-linux-ix86 1.9-1 3.00 68.00 71.00 OK
r-release-linux-x86_64 1.9-1 1.65 39.59 41.24 OK
r-release-osx-x86_64-mavericks 1.9-1 WARN
r-release-osx-x86_64-snowleopard 1.9-1 WARN
r-release-windows-ix86+x86_64 1.9-1 4.00 60.00 64.00 OK
r-oldrel-windows-ix86+x86_64 1.9-1 5.00 64.00 69.00 OK

Check Details

Version: 1.9-1
Check: PDF version of manual
Result: WARNING
    LaTeX errors when creating PDF version.
    This typically indicates Rd problems.
    LaTeX errors found:
    ! LaTeX Error: File `upquote.sty' not found.
    
    Type X to quit or <RETURN> to proceed,
    or enter new name. (Default extension: sty)
    
    316443ac/Rd2.tex:8: ==> Fatal error occurred, no output PDF file produced!
Flavor: r-release-osx-x86_64-mavericks

Version: 1.9-1
Check: examples
Result: WARNING
    checking a package with encoding 'latin1' in an ASCII locale
    
     OK
Flavor: r-release-osx-x86_64-snowleopard