CRAN Package Check Results for Package SNPassoc

Last updated on 2014-08-22 13:47:03.

Flavor Version Tinstall Tcheck Ttotal Status Flags
r-devel-linux-x86_64-debian-clang 1.9-2 1.39 37.86 39.24 NOTE
r-devel-linux-x86_64-debian-gcc 1.9-2 1.41 36.03 37.44 NOTE
r-devel-linux-x86_64-fedora-clang 1.9-2 83.67 NOTE
r-devel-linux-x86_64-fedora-gcc 1.9-2 79.48 NOTE
r-devel-osx-x86_64-clang 1.9-2 68.61 NOTE
r-devel-windows-ix86+x86_64 1.9-2 5.00 53.00 58.00 NOTE
r-patched-linux-x86_64 1.9-2 1.43 37.41 38.84 NOTE
r-patched-solaris-sparc 1.9-2 532.20 NOTE
r-patched-solaris-x86 1.9-2 104.30 NOTE
r-release-linux-ix86 1.9-2 2.24 51.64 53.88 OK
r-release-linux-x86_64 1.9-2 1.48 37.78 39.26 OK
r-release-osx-x86_64-mavericks 1.9-2 OK
r-release-osx-x86_64-snowleopard 1.9-2 OK
r-release-windows-ix86+x86_64 1.9-2 4.00 62.00 66.00 OK
r-oldrel-windows-ix86+x86_64 1.9-2 5.00 54.00 59.00 OK

Check Details

Version: 1.9-2
Check: dependencies in R code
Result: NOTE
    Package in Depends field not imported from: ‘parallel’
     These packages need to be imported from (in the NAMESPACE file)
     for when this namespace is loaded but not attached.
    See the information on DESCRIPTION files in the chapter ‘Creating R
    packages’ of the ‘Writing R Extensions’ manual.
Flavors: r-devel-linux-x86_64-debian-clang, r-devel-linux-x86_64-debian-gcc, r-devel-linux-x86_64-fedora-clang, r-devel-linux-x86_64-fedora-gcc, r-devel-osx-x86_64-clang, r-devel-windows-ix86+x86_64, r-patched-linux-x86_64, r-patched-solaris-sparc, r-patched-solaris-x86

Version: 1.9-2
Check: R code for possible problems
Result: NOTE
    WGassociation: no visible global function definition for ‘mclapply’
    interleave: no visible global function definition for ‘mclapply’
    setupSNP: no visible global function definition for ‘mclapply’
    summary.setupSNP: no visible global function definition for ‘mclapply’
    tableHWE: no visible global function definition for ‘mclapply’
Flavors: r-devel-linux-x86_64-fedora-clang, r-devel-linux-x86_64-fedora-gcc, r-devel-osx-x86_64-clang