CRAN Package Check Results for Package SNPknock

Last updated on 2022-08-09 23:54:07 CEST.

Flavor Version Tinstall Tcheck Ttotal Status Flags
r-devel-linux-x86_64-debian-clang 0.8.2 73.84 223.85 297.69 OK
r-devel-linux-x86_64-debian-gcc 0.8.2 59.57 154.96 214.53 OK
r-devel-linux-x86_64-fedora-clang 0.8.2 382.27 NOTE
r-devel-linux-x86_64-fedora-gcc 0.8.2 362.55 OK
r-devel-windows-x86_64 0.8.2 84.00 260.00 344.00 OK
r-patched-linux-x86_64 0.8.2 64.85 208.06 272.91 OK
r-release-linux-x86_64 0.8.2 OK
r-release-macos-arm64 0.8.2 99.00 NOTE
r-release-macos-x86_64 0.8.2 121.00 NOTE
r-release-windows-x86_64 0.8.2 97.00 261.00 358.00 OK
r-oldrel-macos-arm64 0.8.2 112.00 NOTE
r-oldrel-macos-x86_64 0.8.2 181.00 NOTE
r-oldrel-windows-ix86+x86_64 0.8.2 194.00 467.00 661.00 NOTE

Check Details

Version: 0.8.2
Check: installed package size
Result: NOTE
     installed size is 5.3Mb
     sub-directories of 1Mb or more:
     extdata 3.1Mb
     libs 1.9Mb
Flavors: r-devel-linux-x86_64-fedora-clang, r-release-macos-arm64, r-release-macos-x86_64, r-oldrel-macos-arm64, r-oldrel-macos-x86_64, r-oldrel-windows-ix86+x86_64