CRAN Package Check Results for Package SNPmaxsel

Last updated on 2014-09-21 00:46:54.

Flavor Version Tinstall Tcheck Ttotal Status Flags
r-devel-linux-x86_64-debian-clang 1.0-3 0.57 11.77 12.34 NOTE
r-devel-linux-x86_64-debian-gcc 1.0-3 0.56 11.04 11.60 NOTE
r-devel-linux-x86_64-fedora-clang 1.0-3 23.94 NOTE
r-devel-linux-x86_64-fedora-gcc 1.0-3 22.44 NOTE
r-devel-osx-x86_64-clang 1.0-3 26.53 NOTE
r-devel-windows-ix86+x86_64 1.0-3 2.00 19.00 21.00 NOTE
r-patched-linux-x86_64 1.0-3 0.58 11.41 11.98 NOTE
r-patched-solaris-sparc 1.0-3 131.40 NOTE
r-patched-solaris-x86 1.0-3 34.20 NOTE
r-release-linux-ix86 1.0-3 0.92 17.72 18.64 NOTE
r-release-linux-x86_64 1.0-3 0.62 11.38 11.99 NOTE
r-release-osx-x86_64-mavericks 1.0-3 NOTE
r-release-osx-x86_64-snowleopard 1.0-3 NOTE
r-release-windows-ix86+x86_64 1.0-3 4.00 21.00 25.00 NOTE
r-oldrel-windows-ix86+x86_64 1.0-3 3.00 20.00 23.00 NOTE

Check Details

Version: 1.0-3
Check: DESCRIPTION meta-information
Result: NOTE
    Packages listed in more than one of Depends, Imports, Suggests, Enhances:
     ‘mvtnorm’ ‘combinat’
    A package should be listed in only one of these fields.
Flavors: r-devel-linux-x86_64-debian-clang, r-devel-linux-x86_64-debian-gcc, r-devel-linux-x86_64-fedora-clang, r-devel-linux-x86_64-fedora-gcc, r-devel-osx-x86_64-clang, r-devel-windows-ix86+x86_64, r-patched-linux-x86_64, r-patched-solaris-sparc, r-patched-solaris-x86, r-release-linux-ix86, r-release-linux-x86_64, r-release-osx-x86_64-mavericks, r-release-osx-x86_64-snowleopard, r-release-windows-ix86+x86_64, r-oldrel-windows-ix86+x86_64

Version: 1.0-3
Check: Rd files
Result: NOTE
    prepare_Rd: maxsel.rd:27-29: Dropping empty section \details
    prepare_Rd: transf.inter.rd:23-25: Dropping empty section \details
Flavors: r-devel-linux-x86_64-debian-clang, r-devel-linux-x86_64-debian-gcc, r-devel-linux-x86_64-fedora-clang, r-devel-linux-x86_64-fedora-gcc, r-devel-osx-x86_64-clang, r-devel-windows-ix86+x86_64, r-patched-linux-x86_64, r-patched-solaris-sparc, r-patched-solaris-x86, r-release-linux-ix86, r-release-linux-x86_64, r-release-osx-x86_64-mavericks, r-release-osx-x86_64-snowleopard, r-release-windows-ix86+x86_64, r-oldrel-windows-ix86+x86_64