CRAN Package Check Results for Package SNPmaxsel

Last updated on 2014-07-24 15:52:27.

Flavor Version Tinstall Tcheck Ttotal Status Flags
r-devel-linux-x86_64-debian-clang 1.0-3 0.59 11.22 11.81 NOTE
r-devel-linux-x86_64-debian-gcc 1.0-3 0.57 11.12 11.70 NOTE
r-devel-linux-x86_64-fedora-clang 1.0-3 24.94 NOTE
r-devel-linux-x86_64-fedora-gcc 1.0-3 22.95 NOTE
r-devel-osx-x86_64-clang 1.0-3 25.48 NOTE
r-devel-windows-ix86+x86_64 1.0-3 2.00 20.00 22.00 NOTE
r-patched-linux-x86_64 1.0-3 0.60 11.17 11.76 NOTE
r-patched-solaris-sparc 1.0-3 136.20 NOTE
r-patched-solaris-x86 1.0-3 33.60 NOTE
r-release-linux-ix86 1.0-3 0.91 17.53 18.44 NOTE
r-release-linux-x86_64 1.0-3 0.61 11.28 11.89 NOTE
r-release-osx-x86_64-mavericks 1.0-3 NOTE
r-release-osx-x86_64-snowleopard 1.0-3 NOTE
r-release-windows-ix86+x86_64 1.0-3 4.00 21.00 25.00 NOTE
r-oldrel-windows-ix86+x86_64 1.0-3 3.00 20.00 23.00 NOTE

Check Details

Version: 1.0-3
Check: DESCRIPTION meta-information
Result: NOTE
    Packages listed in more than one of Depends, Imports, Suggests, Enhances:
     ‘mvtnorm’ ‘combinat’
    A package should be listed in only one of these fields.
Flavors: r-devel-linux-x86_64-debian-clang, r-devel-linux-x86_64-debian-gcc, r-devel-linux-x86_64-fedora-clang, r-devel-linux-x86_64-fedora-gcc, r-devel-osx-x86_64-clang, r-devel-windows-ix86+x86_64, r-patched-linux-x86_64, r-patched-solaris-sparc, r-patched-solaris-x86, r-release-linux-ix86, r-release-linux-x86_64, r-release-osx-x86_64-mavericks, r-release-osx-x86_64-snowleopard, r-release-windows-ix86+x86_64, r-oldrel-windows-ix86+x86_64

Version: 1.0-3
Check: Rd files
Result: NOTE
    prepare_Rd: maxsel.rd:27-29: Dropping empty section \details
    prepare_Rd: transf.inter.rd:23-25: Dropping empty section \details
Flavors: r-devel-linux-x86_64-debian-clang, r-devel-linux-x86_64-debian-gcc, r-devel-linux-x86_64-fedora-clang, r-devel-linux-x86_64-fedora-gcc, r-devel-osx-x86_64-clang, r-devel-windows-ix86+x86_64, r-patched-linux-x86_64, r-patched-solaris-sparc, r-patched-solaris-x86, r-release-linux-ix86, r-release-linux-x86_64, r-release-osx-x86_64-mavericks, r-release-osx-x86_64-snowleopard, r-release-windows-ix86+x86_64, r-oldrel-windows-ix86+x86_64