CRAN Package Check Results for Package SNPmaxsel

Last updated on 2017-06-23 20:48:51.

Flavor Version Tinstall Tcheck Ttotal Status Flags
r-devel-linux-x86_64-debian-clang 1.0-3 0.65 14.62 15.27 NOTE
r-devel-linux-x86_64-debian-gcc 1.0-3 0.65 13.64 14.29 NOTE
r-devel-linux-x86_64-fedora-clang 1.0-3 24.47 NOTE
r-devel-linux-x86_64-fedora-gcc 1.0-3 22.91 NOTE
r-devel-windows-ix86+x86_64 1.0-3 2.00 31.00 33.00 NOTE
r-patched-linux-x86_64 1.0-3 0.59 13.49 14.08 NOTE
r-patched-solaris-sparc 1.0-3 145.10 NOTE
r-patched-solaris-x86 1.0-3 32.80 NOTE
r-release-linux-x86_64 1.0-3 0.76 13.89 14.65 NOTE
r-release-windows-ix86+x86_64 1.0-3 2.00 30.00 32.00 NOTE
r-release-osx-x86_64 1.0-3 NOTE
r-oldrel-windows-ix86+x86_64 1.0-3 4.00 35.00 39.00 NOTE
r-oldrel-osx-x86_64 1.0-3 NOTE

Check Details

Version: 1.0-3
Check: DESCRIPTION meta-information
Result: NOTE
    Packages listed in more than one of Depends, Imports, Suggests, Enhances:
     ‘mvtnorm’ ‘combinat’
    A package should be listed in only one of these fields.
Flavors: r-devel-linux-x86_64-debian-clang, r-devel-linux-x86_64-debian-gcc, r-devel-linux-x86_64-fedora-clang, r-devel-linux-x86_64-fedora-gcc, r-devel-windows-ix86+x86_64, r-patched-linux-x86_64, r-patched-solaris-sparc, r-patched-solaris-x86, r-release-linux-x86_64, r-release-windows-ix86+x86_64, r-release-osx-x86_64, r-oldrel-windows-ix86+x86_64, r-oldrel-osx-x86_64

Version: 1.0-3
Check: R code for possible problems
Result: NOTE
    chisq.test.a: no visible global function definition for ‘chisq.test’
    maxsel: no visible global function definition for ‘complete.cases’
    maxsel.asymp.test: no visible global function definition for
     ‘complete.cases’
    Undefined global functions or variables:
     chisq.test complete.cases
    Consider adding
     importFrom("stats", "chisq.test", "complete.cases")
    to your NAMESPACE file.
Flavors: r-devel-linux-x86_64-debian-clang, r-devel-linux-x86_64-debian-gcc, r-devel-linux-x86_64-fedora-clang, r-devel-linux-x86_64-fedora-gcc, r-devel-windows-ix86+x86_64, r-patched-linux-x86_64, r-patched-solaris-sparc, r-patched-solaris-x86, r-release-linux-x86_64, r-release-windows-ix86+x86_64, r-release-osx-x86_64, r-oldrel-windows-ix86+x86_64, r-oldrel-osx-x86_64

Version: 1.0-3
Check: Rd files
Result: NOTE
    prepare_Rd: maxsel.rd:27-29: Dropping empty section \details
    prepare_Rd: transf.inter.rd:23-25: Dropping empty section \details
Flavors: r-devel-linux-x86_64-debian-clang, r-devel-linux-x86_64-debian-gcc, r-devel-linux-x86_64-fedora-clang, r-devel-linux-x86_64-fedora-gcc, r-devel-windows-ix86+x86_64, r-patched-linux-x86_64, r-patched-solaris-sparc, r-patched-solaris-x86, r-release-linux-x86_64, r-release-windows-ix86+x86_64, r-release-osx-x86_64, r-oldrel-windows-ix86+x86_64, r-oldrel-osx-x86_64