CRAN Package Check Results for Package SNPmaxsel

Last updated on 2014-04-21 01:48:12.

Flavor Version Tinstall Tcheck Ttotal Status Flags
r-devel-linux-x86_64-debian-clang 1.0-3 0.63 11.60 12.23 NOTE
r-devel-linux-x86_64-debian-gcc 1.0-3 0.63 11.90 12.54 NOTE
r-devel-linux-x86_64-fedora-clang 1.0-3 24.22 NOTE
r-devel-linux-x86_64-fedora-gcc 1.0-3 22.91 NOTE
r-devel-macosx-x86_64-clang 1.0-3 24.24 NOTE
r-devel-macosx-x86_64-gcc 1.0-3 NOTE
r-devel-windows-ix86+x86_64 1.0-3 3.00 18.00 21.00 NOTE
r-patched-linux-x86_64 1.0-3 0.66 11.75 12.41 NOTE
r-patched-solaris-sparc 1.0-3 136.20 NOTE
r-patched-solaris-x86 1.0-3 34.70 NOTE
r-release-linux-ix86 NOTE
r-release-linux-x86_64 1.0-3 0.62 11.56 12.18 NOTE
r-release-macosx-x86_64 1.0-3 NOTE
r-release-windows-ix86+x86_64 1.0-3 4.00 21.00 25.00 NOTE
r-oldrel-windows-ix86+x86_64 1.0-3 3.00 21.00 24.00 NOTE

Check Details

Version: 1.0-3
Check: DESCRIPTION meta-information
Result: NOTE
    Packages listed in more than one of Depends, Imports, Suggests, Enhances:
     ‘mvtnorm’ ‘combinat’
    A package should be listed in only one of these fields.
Flavors: r-devel-linux-x86_64-debian-clang, r-devel-linux-x86_64-debian-gcc, r-devel-linux-x86_64-fedora-clang, r-devel-linux-x86_64-fedora-gcc, r-devel-macosx-x86_64-clang, r-devel-macosx-x86_64-gcc, r-devel-windows-ix86+x86_64, r-patched-linux-x86_64, r-patched-solaris-sparc, r-patched-solaris-x86, r-release-linux-ix86, r-release-linux-x86_64, r-release-macosx-x86_64, r-release-windows-ix86+x86_64, r-oldrel-windows-ix86+x86_64

Version: 1.0-3
Check: Rd files
Result: NOTE
    prepare_Rd: maxsel.rd:27-29: Dropping empty section \details
    prepare_Rd: transf.inter.rd:23-25: Dropping empty section \details
Flavors: r-devel-linux-x86_64-debian-clang, r-devel-linux-x86_64-debian-gcc, r-devel-linux-x86_64-fedora-clang, r-devel-linux-x86_64-fedora-gcc, r-devel-macosx-x86_64-clang, r-devel-macosx-x86_64-gcc, r-devel-windows-ix86+x86_64, r-patched-linux-x86_64, r-patched-solaris-sparc, r-patched-solaris-x86, r-release-linux-ix86, r-release-linux-x86_64, r-release-macosx-x86_64, r-release-windows-ix86+x86_64, r-oldrel-windows-ix86+x86_64