CRAN Package Check Results for Package SNPmaxsel

Last updated on 2015-08-02 14:47:42.

Flavor Version Tinstall Tcheck Ttotal Status Flags
r-devel-linux-x86_64-debian-clang 1.0-3 0.58 11.03 11.60 NOTE
r-devel-linux-x86_64-debian-gcc 1.0-3 0.68 11.16 11.83 NOTE
r-devel-linux-x86_64-fedora-clang 1.0-3 21.35 NOTE
r-devel-linux-x86_64-fedora-gcc 1.0-3 20.56 NOTE
r-devel-osx-x86_64-clang 1.0-3 22.65 NOTE
r-devel-windows-ix86+x86_64 1.0-3 2.00 21.00 23.00 NOTE
r-patched-linux-x86_64 1.0-3 0.66 11.10 11.76 NOTE
r-patched-solaris-sparc 1.0-3 139.40 NOTE
r-patched-solaris-x86 1.0-3 32.80 NOTE
r-release-linux-x86_64 1.0-3 0.60 10.89 11.48 NOTE
r-release-osx-x86_64-mavericks 1.0-3 NOTE
r-release-windows-ix86+x86_64 1.0-3 5.00 19.00 24.00 NOTE
r-oldrel-windows-ix86+x86_64 1.0-3 5.00 22.00 27.00 NOTE

Check Details

Version: 1.0-3
Check: DESCRIPTION meta-information
Result: NOTE
    Packages listed in more than one of Depends, Imports, Suggests, Enhances:
     ‘mvtnorm’ ‘combinat’
    A package should be listed in only one of these fields.
Flavors: r-devel-linux-x86_64-debian-clang, r-devel-linux-x86_64-debian-gcc, r-devel-linux-x86_64-fedora-clang, r-devel-linux-x86_64-fedora-gcc, r-devel-osx-x86_64-clang, r-devel-windows-ix86+x86_64, r-patched-linux-x86_64, r-patched-solaris-sparc, r-patched-solaris-x86, r-release-linux-x86_64, r-release-osx-x86_64-mavericks, r-release-windows-ix86+x86_64, r-oldrel-windows-ix86+x86_64

Version: 1.0-3
Check: R code for possible problems
Result: NOTE
    chisq.test.a: no visible global function definition for ‘chisq.test’
    maxsel: no visible global function definition for ‘complete.cases’
    maxsel.asymp.test: no visible global function definition for
     ‘complete.cases’
    Undefined global functions or variables:
     chisq.test complete.cases
    Consider adding
     importFrom("stats", "chisq.test", "complete.cases")
    to your NAMESPACE.
Flavors: r-devel-linux-x86_64-debian-clang, r-devel-linux-x86_64-debian-gcc, r-devel-linux-x86_64-fedora-clang, r-devel-linux-x86_64-fedora-gcc, r-devel-windows-ix86+x86_64

Version: 1.0-3
Check: Rd files
Result: NOTE
    prepare_Rd: maxsel.rd:27-29: Dropping empty section \details
    prepare_Rd: transf.inter.rd:23-25: Dropping empty section \details
Flavors: r-devel-linux-x86_64-debian-clang, r-devel-linux-x86_64-debian-gcc, r-devel-linux-x86_64-fedora-clang, r-devel-linux-x86_64-fedora-gcc, r-devel-osx-x86_64-clang, r-devel-windows-ix86+x86_64, r-patched-linux-x86_64, r-patched-solaris-sparc, r-patched-solaris-x86, r-release-linux-x86_64, r-release-osx-x86_64-mavericks, r-release-windows-ix86+x86_64, r-oldrel-windows-ix86+x86_64