CRAN Package Check Results for Package SNPmaxsel

Last updated on 2016-09-26 06:47:31.

Flavor Version Tinstall Tcheck Ttotal Status Flags
r-devel-linux-x86_64-debian-clang 1.0-3 0.64 11.19 11.83 NOTE
r-devel-linux-x86_64-debian-gcc 1.0-3 0.55 11.33 11.88 NOTE
r-devel-linux-x86_64-fedora-clang 1.0-3 19.52 NOTE
r-devel-linux-x86_64-fedora-gcc 1.0-3 18.59 NOTE
r-devel-macos-x86_64-clang 1.0-3 17.87 NOTE
r-devel-windows-ix86+x86_64 1.0-3 4.00 29.00 33.00 NOTE
r-patched-linux-x86_64 1.0-3 0.60 11.01 11.61 NOTE
r-patched-solaris-sparc 1.0-3 117.30 NOTE
r-patched-solaris-x86 1.0-3 25.60 NOTE
r-release-linux-x86_64 1.0-3 0.62 11.15 11.77 NOTE
r-release-osx-x86_64-mavericks 1.0-3 NOTE
r-release-windows-ix86+x86_64 1.0-3 3.00 32.00 35.00 NOTE
r-oldrel-windows-ix86+x86_64 1.0-3 4.00 28.00 32.00 NOTE

Check Details

Version: 1.0-3
Check: DESCRIPTION meta-information
Result: NOTE
    Packages listed in more than one of Depends, Imports, Suggests, Enhances:
     ‘mvtnorm’ ‘combinat’
    A package should be listed in only one of these fields.
Flavors: r-devel-linux-x86_64-debian-clang, r-devel-linux-x86_64-debian-gcc, r-devel-linux-x86_64-fedora-clang, r-devel-linux-x86_64-fedora-gcc, r-devel-macos-x86_64-clang, r-devel-windows-ix86+x86_64, r-patched-linux-x86_64, r-patched-solaris-sparc, r-patched-solaris-x86, r-release-linux-x86_64, r-release-osx-x86_64-mavericks, r-release-windows-ix86+x86_64, r-oldrel-windows-ix86+x86_64

Version: 1.0-3
Check: R code for possible problems
Result: NOTE
    chisq.test.a: no visible global function definition for ‘chisq.test’
    maxsel: no visible global function definition for ‘complete.cases’
    maxsel.asymp.test: no visible global function definition for
     ‘complete.cases’
    Undefined global functions or variables:
     chisq.test complete.cases
    Consider adding
     importFrom("stats", "chisq.test", "complete.cases")
    to your NAMESPACE file.
Flavors: r-devel-linux-x86_64-debian-clang, r-devel-linux-x86_64-debian-gcc, r-devel-linux-x86_64-fedora-clang, r-devel-linux-x86_64-fedora-gcc, r-devel-macos-x86_64-clang, r-devel-windows-ix86+x86_64, r-patched-linux-x86_64, r-patched-solaris-sparc, r-patched-solaris-x86, r-release-linux-x86_64, r-release-osx-x86_64-mavericks, r-release-windows-ix86+x86_64

Version: 1.0-3
Check: Rd files
Result: NOTE
    prepare_Rd: maxsel.rd:27-29: Dropping empty section \details
    prepare_Rd: transf.inter.rd:23-25: Dropping empty section \details
Flavors: r-devel-linux-x86_64-debian-clang, r-devel-linux-x86_64-debian-gcc, r-devel-linux-x86_64-fedora-clang, r-devel-linux-x86_64-fedora-gcc, r-devel-macos-x86_64-clang, r-devel-windows-ix86+x86_64, r-patched-linux-x86_64, r-patched-solaris-sparc, r-patched-solaris-x86, r-release-linux-x86_64, r-release-osx-x86_64-mavericks, r-release-windows-ix86+x86_64, r-oldrel-windows-ix86+x86_64