CRAN Package Check Results for Package SNPmaxsel

Last updated on 2018-04-24 13:47:12 CEST.

Flavor Version Tinstall Tcheck Ttotal Status Flags
r-devel-linux-x86_64-debian-clang 1.0-3 1.18 19.95 21.13 NOTE
r-devel-linux-x86_64-debian-gcc 1.0-3 1.07 16.12 17.19 NOTE
r-devel-linux-x86_64-fedora-clang 1.0-3 25.58 NOTE
r-devel-linux-x86_64-fedora-gcc 1.0-3 24.50 NOTE
r-devel-windows-ix86+x86_64 1.0-3 5.00 31.00 36.00 NOTE
r-patched-linux-x86_64 1.0-3 1.24 19.75 20.99 NOTE
r-patched-solaris-x86 1.0-3 40.30 NOTE
r-release-linux-x86_64 1.0-3 1.06 19.86 20.92 NOTE
r-release-windows-ix86+x86_64 1.0-3 5.00 31.00 36.00 NOTE
r-release-osx-x86_64 1.0-3 NOTE
r-oldrel-windows-ix86+x86_64 1.0-3 2.00 29.00 31.00 NOTE
r-oldrel-osx-x86_64 1.0-3 NOTE

Check Details

Version: 1.0-3
Check: DESCRIPTION meta-information
Result: NOTE
    Packages listed in more than one of Depends, Imports, Suggests, Enhances:
     ‘mvtnorm’ ‘combinat’
    A package should be listed in only one of these fields.
Flavors: r-devel-linux-x86_64-debian-clang, r-devel-linux-x86_64-debian-gcc, r-devel-linux-x86_64-fedora-clang, r-devel-linux-x86_64-fedora-gcc, r-devel-windows-ix86+x86_64, r-patched-linux-x86_64, r-patched-solaris-x86, r-release-linux-x86_64, r-release-windows-ix86+x86_64, r-release-osx-x86_64, r-oldrel-windows-ix86+x86_64, r-oldrel-osx-x86_64

Version: 1.0-3
Check: R code for possible problems
Result: NOTE
    chisq.test.a: no visible global function definition for ‘chisq.test’
    maxsel: no visible global function definition for ‘complete.cases’
    maxsel.asymp.test: no visible global function definition for
     ‘complete.cases’
    Undefined global functions or variables:
     chisq.test complete.cases
    Consider adding
     importFrom("stats", "chisq.test", "complete.cases")
    to your NAMESPACE file.
Flavors: r-devel-linux-x86_64-debian-clang, r-devel-linux-x86_64-debian-gcc, r-devel-linux-x86_64-fedora-clang, r-devel-linux-x86_64-fedora-gcc, r-devel-windows-ix86+x86_64, r-patched-linux-x86_64, r-patched-solaris-x86, r-release-linux-x86_64, r-release-windows-ix86+x86_64, r-release-osx-x86_64, r-oldrel-windows-ix86+x86_64, r-oldrel-osx-x86_64

Version: 1.0-3
Check: Rd files
Result: NOTE
    prepare_Rd: maxsel.rd:27-29: Dropping empty section \details
    prepare_Rd: transf.inter.rd:23-25: Dropping empty section \details
Flavors: r-devel-linux-x86_64-debian-clang, r-devel-linux-x86_64-debian-gcc, r-devel-linux-x86_64-fedora-clang, r-devel-linux-x86_64-fedora-gcc, r-devel-windows-ix86+x86_64, r-patched-linux-x86_64, r-patched-solaris-x86, r-release-linux-x86_64, r-release-windows-ix86+x86_64, r-release-osx-x86_64, r-oldrel-windows-ix86+x86_64, r-oldrel-osx-x86_64