CRAN Package Check Results for Package SNPmaxsel

Last updated on 2015-04-26 03:47:39.

Flavor Version Tinstall Tcheck Ttotal Status Flags
r-devel-linux-x86_64-debian-clang 1.0-3 0.56 10.48 11.04 NOTE
r-devel-linux-x86_64-debian-gcc 1.0-3 0.60 10.57 11.16 NOTE
r-devel-linux-x86_64-fedora-clang 1.0-3 20.93 NOTE
r-devel-linux-x86_64-fedora-gcc 1.0-3 20.51 NOTE
r-devel-osx-x86_64-clang 1.0-3 23.61 NOTE
r-devel-windows-ix86+x86_64 1.0-3 3.00 17.00 20.00 NOTE
r-patched-linux-x86_64 1.0-3 0.63 10.56 11.19 NOTE
r-patched-solaris-sparc 1.0-3 143.00 NOTE
r-patched-solaris-x86 1.0-3 30.50 NOTE
r-release-linux-x86_64 1.0-3 0.56 10.51 11.06 NOTE
r-release-osx-x86_64-mavericks 1.0-3 NOTE
r-release-osx-x86_64-snowleopard 1.0-3 NOTE
r-release-windows-ix86+x86_64 1.0-3 2.00 20.00 22.00 NOTE
r-oldrel-windows-ix86+x86_64 1.0-3 5.00 21.00 26.00 NOTE

Check Details

Version: 1.0-3
Check: DESCRIPTION meta-information
Result: NOTE
    Packages listed in more than one of Depends, Imports, Suggests, Enhances:
     'mvtnorm' 'combinat'
    A package should be listed in only one of these fields.
Flavors: r-devel-windows-ix86+x86_64, r-release-windows-ix86+x86_64, r-oldrel-windows-ix86+x86_64

Version: 1.0-3
Check: Rd files
Result: NOTE
    prepare_Rd: maxsel.rd:27-29: Dropping empty section \details
    prepare_Rd: transf.inter.rd:23-25: Dropping empty section \details
Flavors: r-devel-windows-ix86+x86_64, r-release-windows-ix86+x86_64, r-oldrel-windows-ix86+x86_64