CRAN Package Check Results for Package SNPmaxsel

Last updated on 2022-01-29 13:57:37 CET.

Flavor Version Tinstall Tcheck Ttotal Status Flags
r-devel-linux-x86_64-debian-clang 1.0-3 1.85 34.03 35.88 NOTE
r-devel-linux-x86_64-debian-gcc 1.0-3 1.67 26.55 28.22 NOTE
r-devel-linux-x86_64-fedora-clang 1.0-3 45.29 NOTE
r-devel-linux-x86_64-fedora-gcc 1.0-3 34.26 NOTE
r-devel-windows-x86_64-new-UL 1.0-3 25.00 50.00 75.00 NOTE
r-devel-windows-x86_64-new-TK 1.0-3 NOTE
r-patched-linux-x86_64 1.0-3 NOTE
r-release-linux-x86_64 1.0-3 2.26 31.87 34.13 NOTE
r-release-macos-arm64 1.0-3 NOTE
r-release-macos-x86_64 1.0-3 NOTE
r-release-windows-ix86+x86_64 1.0-3 4.00 41.00 45.00 NOTE
r-oldrel-macos-x86_64 1.0-3 NOTE
r-oldrel-windows-ix86+x86_64 1.0-3 4.00 42.00 46.00 NOTE

Check Details

Version: 1.0-3
Check: DESCRIPTION meta-information
Result: NOTE
    Packages listed in more than one of Depends, Imports, Suggests, Enhances:
     'mvtnorm' 'combinat'
    A package should be listed in only one of these fields.
Flavors: r-devel-linux-x86_64-debian-clang, r-devel-linux-x86_64-debian-gcc, r-devel-linux-x86_64-fedora-clang, r-devel-linux-x86_64-fedora-gcc, r-devel-windows-x86_64-new-UL, r-devel-windows-x86_64-new-TK, r-patched-linux-x86_64, r-release-linux-x86_64, r-release-macos-arm64, r-release-macos-x86_64, r-release-windows-ix86+x86_64, r-oldrel-macos-x86_64, r-oldrel-windows-ix86+x86_64

Version: 1.0-3
Check: R code for possible problems
Result: NOTE
    chisq.test.a: no visible global function definition for 'chisq.test'
    maxsel: no visible global function definition for 'complete.cases'
    maxsel.asymp.test: no visible global function definition for
     'complete.cases'
    Undefined global functions or variables:
     chisq.test complete.cases
    Consider adding
     importFrom("stats", "chisq.test", "complete.cases")
    to your NAMESPACE file.
Flavors: r-devel-linux-x86_64-debian-clang, r-devel-linux-x86_64-debian-gcc, r-devel-linux-x86_64-fedora-clang, r-devel-linux-x86_64-fedora-gcc, r-devel-windows-x86_64-new-UL, r-devel-windows-x86_64-new-TK, r-patched-linux-x86_64, r-release-linux-x86_64, r-release-macos-arm64, r-release-macos-x86_64, r-release-windows-ix86+x86_64, r-oldrel-macos-x86_64, r-oldrel-windows-ix86+x86_64