CRAN Package Check Results for Package SNSeg

Last updated on 2024-02-26 04:49:40 CET.

Flavor Version Tinstall Tcheck Ttotal Status Flags
r-devel-linux-x86_64-debian-clang 1.0.1 24.82 1094.48 1119.30 OK
r-devel-linux-x86_64-debian-gcc 1.0.1 19.50 759.44 778.94 OK
r-devel-linux-x86_64-fedora-clang 1.0.1 1319.60 NOTE
r-devel-linux-x86_64-fedora-gcc 1.0.1 1345.72 NOTE
r-devel-windows-x86_64 1.0.1 21.00 923.00 944.00 OK
r-patched-linux-x86_64 1.0.1 24.32 1073.83 1098.15 OK
r-release-linux-x86_64 1.0.1 26.57 1052.67 1079.24 OK
r-release-macos-arm64 1.0.1 347.00 OK
r-release-macos-x86_64 1.0.1 864.00 OK
r-release-windows-x86_64 1.0.1 20.00 1095.00 1115.00 OK
r-oldrel-macos-arm64 1.0.1 321.00 OK
r-oldrel-windows-x86_64 1.0.1 27.00 954.00 981.00 OK

Check Details

Version: 1.0.1
Check: dependencies in R code
Result: NOTE Namespaces in Imports field not imported from: ‘evd’ ‘truncnorm’ All declared Imports should be used. Flavors: r-devel-linux-x86_64-fedora-clang, r-devel-linux-x86_64-fedora-gcc