Last updated on 2022-05-23 16:54:09 CEST.
Flavor | Version | Tinstall | Tcheck | Ttotal | Status | Flags |
---|---|---|---|---|---|---|
r-devel-linux-x86_64-debian-clang | 1.3.3 | 15.98 | 145.00 | 160.98 | NOTE | |
r-devel-linux-x86_64-debian-gcc | 1.3.3 | 12.66 | 110.71 | 123.37 | NOTE | |
r-devel-linux-x86_64-fedora-clang | 1.3.3 | 192.85 | NOTE | |||
r-devel-linux-x86_64-fedora-gcc | 1.3.3 | 189.70 | NOTE | |||
r-devel-windows-x86_64 | 1.3.3 | 47.00 | 159.00 | 206.00 | NOTE | |
r-patched-linux-x86_64 | 1.3.3 | 12.69 | 139.31 | 152.00 | OK | |
r-release-linux-x86_64 | 1.3.3 | OK | ||||
r-release-macos-arm64 | 1.3.3 | 46.00 | OK | |||
r-release-macos-x86_64 | 1.3.3 | 70.00 | OK | |||
r-release-windows-x86_64 | 1.3.3 | 42.00 | 163.00 | 205.00 | OK | |
r-oldrel-macos-arm64 | 1.3.3 | 53.00 | OK | |||
r-oldrel-macos-x86_64 | 1.3.3 | 84.00 | OK | |||
r-oldrel-windows-ix86+x86_64 | 1.3.3 | 33.00 | 156.00 | 189.00 | OK |
Version: 1.3.3
Check: Rd files
Result: NOTE
checkRd: (7) bandwidth.Rd:20-21: \item in \arguments must have non-empty label
checkRd: (7) ker.eq.Rd:19-20: \item in \arguments must have non-empty label
checkRd: (7) loglin.smooth.Rd:16-17: \item in \arguments must have non-empty label
Flavors: r-devel-linux-x86_64-debian-clang, r-devel-linux-x86_64-debian-gcc, r-devel-linux-x86_64-fedora-clang, r-devel-linux-x86_64-fedora-gcc, r-devel-windows-x86_64
Version: 1.3.3
Check: HTML version of manual
Result: NOTE
Found the following problems:
bandwidth.Rd:40:38: Warning: trimming empty <code>
ker.eq.Rd:41:38: Warning: trimming empty <code>
loglin.smooth.Rd:38:38: Warning: trimming empty <code>
Flavors: r-devel-linux-x86_64-debian-clang, r-devel-linux-x86_64-debian-gcc