CRAN Package Check Results for Package SOAR

Last updated on 2020-08-10 20:47:06 CEST.

Flavor Version Tinstall Tcheck Ttotal Status Flags
r-devel-linux-x86_64-debian-clang 0.99-11 2.46 26.32 28.78 NOTE
r-devel-linux-x86_64-debian-gcc 0.99-11 1.80 20.54 22.34 NOTE
r-devel-linux-x86_64-fedora-clang 0.99-11 43.19 NOTE
r-devel-linux-x86_64-fedora-gcc 0.99-11 33.66 NOTE
r-devel-windows-ix86+x86_64 0.99-11 8.00 39.00 47.00 OK
r-patched-linux-x86_64 0.99-11 2.31 26.06 28.37 NOTE
r-patched-solaris-x86 0.99-11 50.50 NOTE
r-release-linux-x86_64 0.99-11 2.51 25.86 28.37 NOTE
r-release-macos-x86_64 0.99-11 OK
r-release-windows-ix86+x86_64 0.99-11 5.00 38.00 43.00 OK
r-oldrel-macos-x86_64 0.99-11 OK
r-oldrel-windows-ix86+x86_64 0.99-11 5.00 53.00 58.00 OK

Check Details

Version: 0.99-11
Check: R code for possible problems
Result: NOTE
    Found the following calls to attach():
    File 'SOAR/R/SOAR.R':
     attach(NULL, pos, basename(directory))
    See section 'Good practice' in '?attach'.
Flavors: r-devel-linux-x86_64-debian-clang, r-devel-linux-x86_64-debian-gcc, r-patched-linux-x86_64, r-release-linux-x86_64

Version: 0.99-11
Check: for non-standard things in the check directory
Result: NOTE
    Found the following files/directories:
     '.R_Test'
Flavors: r-devel-linux-x86_64-debian-clang, r-devel-linux-x86_64-debian-gcc, r-devel-linux-x86_64-fedora-clang, r-devel-linux-x86_64-fedora-gcc, r-patched-linux-x86_64, r-patched-solaris-x86, r-release-linux-x86_64