CRAN Package Check Results for Package SOAR

Last updated on 2024-07-14 23:48:22 CEST.

Flavor Version Tinstall Tcheck Ttotal Status Flags
r-devel-linux-x86_64-debian-clang 0.99-11 2.59 32.32 34.91 NOTE
r-devel-linux-x86_64-debian-gcc 0.99-11 1.96 25.07 27.03 NOTE
r-devel-linux-x86_64-fedora-clang 0.99-11 44.14 NOTE
r-devel-linux-x86_64-fedora-gcc 0.99-11 57.93 NOTE
r-devel-windows-x86_64 0.99-11 3.00 55.00 58.00 OK
r-patched-linux-x86_64 0.99-11 2.46 31.56 34.02 NOTE
r-release-linux-x86_64 0.99-11 1.94 30.33 32.27 NOTE
r-release-macos-arm64 0.99-11 24.00 OK
r-release-macos-x86_64 0.99-11 38.00 OK
r-release-windows-x86_64 0.99-11 4.00 51.00 55.00 OK
r-oldrel-macos-arm64 0.99-11 27.00 OK
r-oldrel-macos-x86_64 0.99-11 35.00 OK
r-oldrel-windows-x86_64 0.99-11 3.00 54.00 57.00 OK

Check Details

Version: 0.99-11
Check: R code for possible problems
Result: NOTE Found the following calls to attach(): File ‘SOAR/R/SOAR.R’: attach(NULL, pos, basename(directory)) See section ‘Good practice’ in ‘?attach’. Flavors: r-devel-linux-x86_64-debian-clang, r-devel-linux-x86_64-debian-gcc, r-patched-linux-x86_64, r-release-linux-x86_64

Version: 0.99-11
Check: for non-standard things in the check directory
Result: NOTE Found the following files/directories: ‘.R_Test’ Flavors: r-devel-linux-x86_64-debian-clang, r-devel-linux-x86_64-debian-gcc, r-devel-linux-x86_64-fedora-clang, r-devel-linux-x86_64-fedora-gcc, r-patched-linux-x86_64, r-release-linux-x86_64