Last updated on 2023-03-21 08:55:50 CET.
Flavor | Version | Tinstall | Tcheck | Ttotal | Status | Flags |
---|---|---|---|---|---|---|
r-devel-linux-x86_64-debian-clang | 1.3 | OK | ||||
r-devel-linux-x86_64-debian-gcc | 1.3 | 7.04 | 93.39 | 100.43 | OK | |
r-devel-linux-x86_64-fedora-clang | 1.3 | 171.05 | NOTE | |||
r-devel-linux-x86_64-fedora-gcc | 1.3 | 170.52 | NOTE | |||
r-devel-windows-x86_64 | 1.3 | 37.00 | 164.00 | 201.00 | OK | |
r-patched-linux-x86_64 | 1.3 | 11.74 | 125.03 | 136.77 | OK | |
r-release-linux-x86_64 | 1.3 | 8.06 | 121.51 | 129.57 | OK | |
r-release-macos-arm64 | 1.3 | 48.00 | NOTE | |||
r-release-macos-x86_64 | 1.3 | 64.00 | NOTE | |||
r-release-windows-x86_64 | 1.3 | 38.00 | 168.00 | 206.00 | OK | |
r-oldrel-macos-arm64 | 1.3 | 46.00 | NOTE | |||
r-oldrel-macos-x86_64 | 1.3 | 62.00 | NOTE | |||
r-oldrel-windows-ix86+x86_64 | 1.3 | 20.00 | 175.00 | 195.00 | OK |
Version: 1.3
Check: dependencies in R code
Result: NOTE
Namespaces in Imports field not imported from:
‘iterators’ ‘itertools’
All declared Imports should be used.
Flavors: r-devel-linux-x86_64-fedora-clang, r-devel-linux-x86_64-fedora-gcc, r-release-macos-arm64, r-release-macos-x86_64, r-oldrel-macos-arm64, r-oldrel-macos-x86_64