CRAN Package Check Results for Package SODC

Last updated on 2014-08-29 14:47:12.

Flavor Version Tinstall Tcheck Ttotal Status Flags
r-devel-linux-x86_64-debian-clang 1.0 0.75 16.85 17.60 NOTE
r-devel-linux-x86_64-debian-gcc 1.0 0.76 16.18 16.94 NOTE
r-devel-linux-x86_64-fedora-clang 1.0 36.56 NOTE
r-devel-linux-x86_64-fedora-gcc 1.0 34.21 NOTE
r-devel-osx-x86_64-clang 1.0 35.07 NOTE
r-devel-windows-ix86+x86_64 1.0 4.00 27.00 31.00 NOTE
r-patched-linux-x86_64 1.0 0.82 17.25 18.07 NOTE
r-patched-solaris-sparc 1.0 233.80 NOTE
r-patched-solaris-x86 1.0 48.30 NOTE
r-release-linux-ix86 1.0 1.23 26.06 27.29 NOTE
r-release-linux-x86_64 1.0 0.88 17.65 18.54 NOTE
r-release-osx-x86_64-mavericks 1.0 NOTE
r-release-osx-x86_64-snowleopard 1.0 OK
r-release-windows-ix86+x86_64 1.0 4.00 33.00 37.00 NOTE
r-oldrel-windows-ix86+x86_64 1.0 3.00 31.00 34.00 NOTE

Check Details

Version: 1.0
Check: dependencies in R code
Result: NOTE
    Packages in Depends field not imported from:
     ‘MASS’ ‘magic’ ‘ppls’ ‘psych’
     These packages need to be imported from (in the NAMESPACE file)
     for when this namespace is loaded but not attached.
    See the information on DESCRIPTION files in the chapter ‘Creating R
    packages’ of the ‘Writing R Extensions’ manual.
Flavors: r-devel-linux-x86_64-debian-clang, r-devel-linux-x86_64-debian-gcc, r-devel-linux-x86_64-fedora-clang, r-devel-linux-x86_64-fedora-gcc, r-devel-osx-x86_64-clang, r-devel-windows-ix86+x86_64, r-patched-linux-x86_64, r-patched-solaris-sparc, r-patched-solaris-x86, r-release-linux-ix86, r-release-linux-x86_64, r-release-osx-x86_64-mavericks, r-release-windows-ix86+x86_64, r-oldrel-windows-ix86+x86_64

Version: 1.0
Check: R code for possible problems
Result: NOTE
    get.hnx.B.initialW: no visible global function definition for
     ‘normalize.vector’
    get.hnx.B.initialW: no visible global function definition for ‘adiag’
    my.normdata.gen: no visible global function definition for ‘mvrnorm’
    odc.cv: no visible global function definition for ‘ginv’
    odc.optimallambda2: no visible global function definition for ‘tr’
    odc.optimallambda2: no visible global function definition for ‘ginv’
Flavors: r-devel-linux-x86_64-debian-clang, r-devel-linux-x86_64-debian-gcc, r-devel-linux-x86_64-fedora-clang, r-devel-linux-x86_64-fedora-gcc, r-devel-osx-x86_64-clang, r-devel-windows-ix86+x86_64