CRAN Package Check Results for Package SODC

Last updated on 2015-08-31 04:49:01.

Flavor Version Tinstall Tcheck Ttotal Status Flags
r-devel-linux-x86_64-debian-clang 1.0 0.66 15.20 15.86 NOTE
r-devel-linux-x86_64-debian-gcc 1.0 0.67 15.22 15.90 NOTE
r-devel-linux-x86_64-fedora-clang 1.0 31.99 NOTE
r-devel-linux-x86_64-fedora-gcc 1.0 30.25 NOTE
r-devel-osx-x86_64-clang 1.0 26.93 NOTE
r-devel-windows-ix86+x86_64 1.0 7.00 35.00 42.00 NOTE
r-patched-linux-x86_64 1.0 0.76 16.22 16.98 NOTE
r-patched-solaris-sparc 1.0 234.20 NOTE
r-patched-solaris-x86 1.0 46.50 NOTE
r-release-linux-x86_64 1.0 0.98 17.14 18.13 NOTE
r-release-osx-x86_64-mavericks 1.0 NOTE
r-release-windows-ix86+x86_64 1.0 5.00 28.00 33.00 NOTE
r-oldrel-windows-ix86+x86_64 1.0 7.00 52.00 59.00 NOTE

Check Details

Version: 1.0
Check: dependencies in R code
Result: NOTE
    Packages in Depends field not imported from:
     ‘MASS’ ‘magic’ ‘ppls’ ‘psych’
     These packages need to be imported from (in the NAMESPACE file)
     for when this namespace is loaded but not attached.
Flavors: r-devel-linux-x86_64-debian-clang, r-devel-linux-x86_64-debian-gcc, r-devel-linux-x86_64-fedora-clang, r-devel-linux-x86_64-fedora-gcc, r-devel-osx-x86_64-clang, r-devel-windows-ix86+x86_64, r-patched-linux-x86_64, r-patched-solaris-sparc, r-patched-solaris-x86, r-release-linux-x86_64, r-release-osx-x86_64-mavericks, r-release-windows-ix86+x86_64, r-oldrel-windows-ix86+x86_64

Version: 1.0
Check: R code for possible problems
Result: NOTE
    get.hnx.B.initialW: no visible global function definition for
     ‘normalize.vector’
    get.hnx.B.initialW: no visible global function definition for ‘adiag’
    hclust.wrap: no visible global function definition for ‘hclust’
    hclust.wrap: no visible global function definition for ‘dist’
    hclust.wrap: no visible global function definition for ‘cutree’
    my.normdata.gen: no visible global function definition for ‘mvrnorm’
    my.normdata.gen: no visible global function definition for ‘rnorm’
    odc.clust: no visible binding for global variable ‘kmeans’
    odc.cv: no visible global function definition for ‘ginv’
    odc.optimallambda2: no visible global function definition for ‘tr’
    odc.optimallambda2: no visible global function definition for ‘ginv’
    odc.optimallambda2: no visible binding for global variable ‘sd’
    sodc.clust: no visible binding for global variable ‘kmeans’
    Undefined global functions or variables:
     adiag cutree dist ginv hclust kmeans mvrnorm normalize.vector rnorm
     sd tr
    Consider adding
     importFrom("stats", "cutree", "dist", "hclust", "kmeans", "rnorm",
     "sd")
    to your NAMESPACE.
Flavors: r-devel-linux-x86_64-debian-clang, r-devel-linux-x86_64-debian-gcc, r-devel-linux-x86_64-fedora-clang, r-devel-linux-x86_64-fedora-gcc, r-devel-windows-ix86+x86_64

Version: 1.0
Check: R code for possible problems
Result: NOTE
    get.hnx.B.initialW: no visible global function definition for
     ‘normalize.vector’
    get.hnx.B.initialW: no visible global function definition for ‘adiag’
    my.normdata.gen: no visible global function definition for ‘mvrnorm’
    odc.cv: no visible global function definition for ‘ginv’
    odc.optimallambda2: no visible global function definition for ‘tr’
    odc.optimallambda2: no visible global function definition for ‘ginv’
    Undefined global functions or variables:
     adiag ginv mvrnorm normalize.vector tr
Flavor: r-devel-osx-x86_64-clang

Version: 1.0
Check: R code for possible problems
Result: NOTE
    get.hnx.B.initialW: no visible global function definition for
     ‘normalize.vector’
    get.hnx.B.initialW: no visible global function definition for ‘adiag’
    my.normdata.gen: no visible global function definition for ‘mvrnorm’
    odc.cv: no visible global function definition for ‘ginv’
    odc.optimallambda2: no visible global function definition for ‘tr’
    odc.optimallambda2: no visible global function definition for ‘ginv’
Flavors: r-patched-linux-x86_64, r-patched-solaris-sparc, r-patched-solaris-x86, r-release-linux-x86_64, r-release-osx-x86_64-mavericks, r-release-windows-ix86+x86_64, r-oldrel-windows-ix86+x86_64