CRAN Package Check Results for Package SODC

Last updated on 2014-07-23 09:49:57.

Flavor Version Tinstall Tcheck Ttotal Status Flags
r-devel-linux-x86_64-debian-clang 1.0 0.78 17.18 17.96 NOTE
r-devel-linux-x86_64-debian-gcc 1.0 0.83 16.85 17.68 NOTE
r-devel-linux-x86_64-fedora-clang 1.0 38.06 NOTE
r-devel-linux-x86_64-fedora-gcc 1.0 36.72 NOTE
r-devel-osx-x86_64-clang 1.0 36.73 NOTE
r-devel-windows-ix86+x86_64 1.0 4.00 31.00 35.00 NOTE
r-patched-linux-x86_64 1.0 0.79 17.16 17.95 NOTE
r-patched-solaris-sparc 1.0 228.70 NOTE
r-patched-solaris-x86 1.0 47.80 NOTE
r-release-linux-ix86 1.0 1.25 27.42 28.67 NOTE
r-release-linux-x86_64 1.0 0.83 17.54 18.37 NOTE
r-release-osx-x86_64-mavericks 1.0 NOTE
r-release-osx-x86_64-snowleopard 1.0 OK
r-release-windows-ix86+x86_64 1.0 4.00 27.00 31.00 NOTE
r-oldrel-windows-ix86+x86_64 1.0 4.00 30.00 34.00 NOTE

Check Details

Version: 1.0
Check: dependencies in R code
Result: NOTE
    Packages in Depends field not imported from:
     ‘MASS’ ‘magic’ ‘ppls’ ‘psych’
     These packages need to be imported from (in the NAMESPACE file)
     for when this namespace is loaded but not attached.
    See the information on DESCRIPTION files in the chapter ‘Creating R
    packages’ of the ‘Writing R Extensions’ manual.
Flavors: r-devel-linux-x86_64-debian-clang, r-devel-linux-x86_64-debian-gcc, r-devel-linux-x86_64-fedora-clang, r-devel-linux-x86_64-fedora-gcc, r-devel-osx-x86_64-clang, r-devel-windows-ix86+x86_64, r-patched-linux-x86_64, r-patched-solaris-sparc, r-patched-solaris-x86, r-release-linux-ix86, r-release-linux-x86_64, r-release-osx-x86_64-mavericks, r-release-windows-ix86+x86_64, r-oldrel-windows-ix86+x86_64