CRAN Package Check Results for Package SODC

Last updated on 2016-07-30 14:49:58.

Flavor Version Tinstall Tcheck Ttotal Status Flags
r-devel-linux-x86_64-debian-clang 1.0 0.77 17.00 17.77 NOTE
r-devel-linux-x86_64-debian-gcc 1.0 0.75 16.16 16.91 NOTE
r-devel-linux-x86_64-fedora-clang 1.0 29.55 NOTE
r-devel-linux-x86_64-fedora-gcc 1.0 27.69 NOTE
r-devel-osx-x86_64-clang 1.0 26.11 NOTE
r-devel-windows-ix86+x86_64 1.0 4.00 39.00 43.00 NOTE
r-patched-linux-x86_64 1.0 0.77 16.37 17.14 NOTE
r-patched-solaris-sparc 1.0 209.30 NOTE
r-patched-solaris-x86 1.0 40.20 NOTE
r-release-linux-x86_64 1.0 0.79 20.67 21.46 NOTE
r-release-osx-x86_64-mavericks 1.0 NOTE
r-release-windows-ix86+x86_64 1.0 6.00 56.00 62.00 NOTE
r-oldrel-windows-ix86+x86_64 1.0 4.00 46.00 50.00 NOTE

Check Details

Version: 1.0
Check: dependencies in R code
Result: NOTE
    Packages in Depends field not imported from:
     ‘MASS’ ‘magic’ ‘ppls’ ‘psych’
     These packages need to be imported from (in the NAMESPACE file)
     for when this namespace is loaded but not attached.
Flavors: r-devel-linux-x86_64-debian-clang, r-devel-linux-x86_64-debian-gcc, r-devel-linux-x86_64-fedora-clang, r-devel-linux-x86_64-fedora-gcc, r-devel-osx-x86_64-clang, r-devel-windows-ix86+x86_64, r-patched-linux-x86_64, r-patched-solaris-sparc, r-patched-solaris-x86, r-release-linux-x86_64, r-release-osx-x86_64-mavericks, r-release-windows-ix86+x86_64, r-oldrel-windows-ix86+x86_64

Version: 1.0
Check: R code for possible problems
Result: NOTE
    get.hnx.B.initialW: no visible global function definition for
     ‘normalize.vector’
    get.hnx.B.initialW: no visible global function definition for ‘adiag’
    hclust.wrap: no visible global function definition for ‘hclust’
    hclust.wrap: no visible global function definition for ‘dist’
    hclust.wrap: no visible global function definition for ‘cutree’
    my.normdata.gen: no visible global function definition for ‘mvrnorm’
    my.normdata.gen: no visible global function definition for ‘rnorm’
    odc.clust: no visible binding for global variable ‘kmeans’
    odc.cv: no visible global function definition for ‘ginv’
    odc.optimallambda2: no visible global function definition for ‘tr’
    odc.optimallambda2: no visible global function definition for ‘ginv’
    odc.optimallambda2: no visible binding for global variable ‘sd’
    sodc.clust: no visible binding for global variable ‘kmeans’
    Undefined global functions or variables:
     adiag cutree dist ginv hclust kmeans mvrnorm normalize.vector rnorm
     sd tr
    Consider adding
     importFrom("stats", "cutree", "dist", "hclust", "kmeans", "rnorm",
     "sd")
    to your NAMESPACE file.
Flavors: r-devel-linux-x86_64-debian-clang, r-devel-linux-x86_64-debian-gcc, r-devel-linux-x86_64-fedora-clang, r-devel-linux-x86_64-fedora-gcc, r-devel-osx-x86_64-clang, r-devel-windows-ix86+x86_64, r-patched-linux-x86_64, r-patched-solaris-sparc, r-patched-solaris-x86, r-release-linux-x86_64, r-release-osx-x86_64-mavericks, r-release-windows-ix86+x86_64

Version: 1.0
Check: R code for possible problems
Result: NOTE
    get.hnx.B.initialW: no visible global function definition for
     'normalize.vector'
    get.hnx.B.initialW: no visible global function definition for 'adiag'
    my.normdata.gen: no visible global function definition for 'mvrnorm'
    odc.cv: no visible global function definition for 'ginv'
    odc.optimallambda2: no visible global function definition for 'tr'
    odc.optimallambda2: no visible global function definition for 'ginv'
Flavor: r-oldrel-windows-ix86+x86_64