CRAN Package Check Results for Package SODC

Last updated on 2014-04-21 01:48:13.

Flavor Version Tinstall Tcheck Ttotal Status Flags
r-devel-linux-x86_64-debian-clang 1.0 0.86 18.50 19.36 NOTE
r-devel-linux-x86_64-debian-gcc 1.0 0.89 18.24 19.13 NOTE
r-devel-linux-x86_64-fedora-clang 1.0 37.28 NOTE
r-devel-linux-x86_64-fedora-gcc 1.0 35.38 NOTE
r-devel-macosx-x86_64-clang 1.0 34.27 NOTE
r-devel-macosx-x86_64-gcc 1.0 NOTE
r-devel-windows-ix86+x86_64 1.0 3.00 28.00 31.00 NOTE
r-patched-linux-x86_64 1.0 0.87 18.12 18.98 NOTE
r-patched-solaris-sparc 1.0 228.70 NOTE
r-patched-solaris-x86 1.0 49.50 NOTE
r-release-linux-ix86 NOTE
r-release-linux-x86_64 1.0 0.87 17.82 18.69 NOTE
r-release-macosx-x86_64 1.0 OK
r-release-windows-ix86+x86_64 1.0 5.00 30.00 35.00 NOTE
r-oldrel-windows-ix86+x86_64 1.0 4.00 34.00 38.00 NOTE

Check Details

Version: 1.0
Check: dependencies in R code
Result: NOTE
    Packages in Depends field not imported from:
     ‘MASS’ ‘magic’ ‘ppls’ ‘psych’
     These packages need to be imported from (in the NAMESPACE file)
     for when this namespace is loaded but not attached.
    See the information on DESCRIPTION files in the chapter ‘Creating R
    packages’ of the ‘Writing R Extensions’ manual.
Flavors: r-devel-linux-x86_64-debian-clang, r-devel-linux-x86_64-debian-gcc, r-devel-linux-x86_64-fedora-clang, r-devel-linux-x86_64-fedora-gcc, r-devel-macosx-x86_64-clang, r-devel-macosx-x86_64-gcc, r-devel-windows-ix86+x86_64, r-patched-linux-x86_64, r-patched-solaris-sparc, r-patched-solaris-x86, r-release-linux-ix86, r-release-linux-x86_64, r-release-windows-ix86+x86_64, r-oldrel-windows-ix86+x86_64