CRAN Package Check Results for Package SODC

Last updated on 2016-09-28 08:57:57.

Flavor Version Tinstall Tcheck Ttotal Status Flags
r-devel-linux-x86_64-debian-clang 1.0 0.73 18.37 19.10 NOTE
r-devel-linux-x86_64-debian-gcc 1.0 0.73 16.42 17.15 NOTE
r-devel-linux-x86_64-fedora-clang 1.0 30.98 NOTE
r-devel-linux-x86_64-fedora-gcc 1.0 28.79 NOTE
r-devel-macos-x86_64-clang 1.0 26.69 NOTE
r-devel-windows-ix86+x86_64 1.0 4.00 52.00 56.00 NOTE
r-patched-linux-x86_64 1.0 0.76 16.34 17.10 NOTE
r-patched-solaris-sparc 1.0 209.30 NOTE
r-patched-solaris-x86 1.0 40.90 NOTE
r-release-linux-x86_64 1.0 0.71 16.44 17.15 NOTE
r-release-osx-x86_64-mavericks 1.0 NOTE
r-release-windows-ix86+x86_64 1.0 5.00 37.00 42.00 NOTE
r-oldrel-windows-ix86+x86_64 1.0 7.00 59.00 66.00 NOTE

Check Details

Version: 1.0
Check: dependencies in R code
Result: NOTE
    Packages in Depends field not imported from:
     ‘MASS’ ‘magic’ ‘ppls’ ‘psych’
     These packages need to be imported from (in the NAMESPACE file)
     for when this namespace is loaded but not attached.
Flavors: r-devel-linux-x86_64-debian-clang, r-devel-linux-x86_64-debian-gcc, r-devel-linux-x86_64-fedora-clang, r-devel-linux-x86_64-fedora-gcc, r-devel-macos-x86_64-clang, r-devel-windows-ix86+x86_64, r-patched-linux-x86_64, r-patched-solaris-sparc, r-patched-solaris-x86, r-release-linux-x86_64, r-release-osx-x86_64-mavericks, r-release-windows-ix86+x86_64, r-oldrel-windows-ix86+x86_64

Version: 1.0
Check: R code for possible problems
Result: NOTE
    get.hnx.B.initialW: no visible global function definition for
     ‘normalize.vector’
    get.hnx.B.initialW: no visible global function definition for ‘adiag’
    hclust.wrap: no visible global function definition for ‘hclust’
    hclust.wrap: no visible global function definition for ‘dist’
    hclust.wrap: no visible global function definition for ‘cutree’
    my.normdata.gen: no visible global function definition for ‘mvrnorm’
    my.normdata.gen: no visible global function definition for ‘rnorm’
    odc.clust: no visible binding for global variable ‘kmeans’
    odc.cv: no visible global function definition for ‘ginv’
    odc.optimallambda2: no visible global function definition for ‘tr’
    odc.optimallambda2: no visible global function definition for ‘ginv’
    odc.optimallambda2: no visible binding for global variable ‘sd’
    sodc.clust: no visible binding for global variable ‘kmeans’
    Undefined global functions or variables:
     adiag cutree dist ginv hclust kmeans mvrnorm normalize.vector rnorm
     sd tr
    Consider adding
     importFrom("stats", "cutree", "dist", "hclust", "kmeans", "rnorm",
     "sd")
    to your NAMESPACE file.
Flavors: r-devel-linux-x86_64-debian-clang, r-devel-linux-x86_64-debian-gcc, r-devel-linux-x86_64-fedora-clang, r-devel-linux-x86_64-fedora-gcc, r-devel-macos-x86_64-clang, r-devel-windows-ix86+x86_64, r-patched-linux-x86_64, r-patched-solaris-sparc, r-patched-solaris-x86, r-release-linux-x86_64, r-release-osx-x86_64-mavericks, r-release-windows-ix86+x86_64

Version: 1.0
Check: R code for possible problems
Result: NOTE
    get.hnx.B.initialW: no visible global function definition for
     'normalize.vector'
    get.hnx.B.initialW: no visible global function definition for 'adiag'
    my.normdata.gen: no visible global function definition for 'mvrnorm'
    odc.cv: no visible global function definition for 'ginv'
    odc.optimallambda2: no visible global function definition for 'tr'
    odc.optimallambda2: no visible global function definition for 'ginv'
Flavor: r-oldrel-windows-ix86+x86_64