CRAN Package Check Results for Package SODC

Last updated on 2015-05-27 19:47:22.

Flavor Version Tinstall Tcheck Ttotal Status Flags
r-devel-linux-x86_64-debian-clang 1.0 0.77 16.63 17.40 NOTE
r-devel-linux-x86_64-debian-gcc 1.0 0.74 16.18 16.92 NOTE
r-devel-linux-x86_64-fedora-clang 1.0 31.89 NOTE
r-devel-linux-x86_64-fedora-gcc 1.0 30.73 NOTE
r-devel-osx-x86_64-clang 1.0 34.77 NOTE
r-devel-windows-ix86+x86_64 1.0 3.00 28.00 31.00 NOTE
r-patched-linux-x86_64 1.0 0.72 16.58 17.29 NOTE
r-patched-solaris-sparc 1.0 222.70 NOTE
r-patched-solaris-x86 1.0 43.60 NOTE
r-release-linux-x86_64 1.0 0.74 15.91 16.65 NOTE
r-release-osx-x86_64-mavericks 1.0 NOTE
r-release-osx-x86_64-snowleopard 1.0 NOTE
r-release-windows-ix86+x86_64 1.0 4.00 31.00 35.00 NOTE
r-oldrel-windows-ix86+x86_64 1.0 5.00 32.00 37.00 NOTE

Check Details

Version: 1.0
Check: dependencies in R code
Result: NOTE
    Packages in Depends field not imported from:
     ‘MASS’ ‘magic’ ‘ppls’ ‘psych’
     These packages need to be imported from (in the NAMESPACE file)
     for when this namespace is loaded but not attached.
Flavors: r-devel-linux-x86_64-debian-clang, r-devel-linux-x86_64-debian-gcc, r-devel-linux-x86_64-fedora-clang, r-devel-linux-x86_64-fedora-gcc, r-devel-osx-x86_64-clang, r-devel-windows-ix86+x86_64, r-patched-linux-x86_64, r-patched-solaris-sparc, r-patched-solaris-x86, r-release-linux-x86_64, r-release-osx-x86_64-mavericks, r-release-osx-x86_64-snowleopard, r-release-windows-ix86+x86_64, r-oldrel-windows-ix86+x86_64

Version: 1.0
Check: R code for possible problems
Result: NOTE
    get.hnx.B.initialW: no visible global function definition for
     ‘normalize.vector’
    get.hnx.B.initialW: no visible global function definition for ‘adiag’
    my.normdata.gen: no visible global function definition for ‘mvrnorm’
    odc.cv: no visible global function definition for ‘ginv’
    odc.optimallambda2: no visible global function definition for ‘tr’
    odc.optimallambda2: no visible global function definition for ‘ginv’
Flavors: r-devel-linux-x86_64-debian-clang, r-devel-linux-x86_64-debian-gcc, r-devel-linux-x86_64-fedora-clang, r-devel-linux-x86_64-fedora-gcc, r-devel-osx-x86_64-clang, r-devel-windows-ix86+x86_64, r-patched-linux-x86_64, r-patched-solaris-sparc, r-patched-solaris-x86, r-release-linux-x86_64, r-release-osx-x86_64-mavericks, r-release-osx-x86_64-snowleopard, r-release-windows-ix86+x86_64, r-oldrel-windows-ix86+x86_64