CRAN Package Check Results for Package SODC

Last updated on 2014-11-28 19:51:30.

Flavor Version Tinstall Tcheck Ttotal Status Flags
r-devel-linux-x86_64-debian-clang 1.0 0.80 17.66 18.47 NOTE
r-devel-linux-x86_64-debian-gcc 1.0 0.79 17.31 18.10 NOTE
r-devel-linux-x86_64-fedora-clang 1.0 39.24 NOTE
r-devel-linux-x86_64-fedora-gcc 1.0 39.57 NOTE
r-devel-osx-x86_64-clang 1.0 39.07 NOTE
r-devel-windows-ix86+x86_64 1.0 3.00 33.00 36.00 NOTE
r-patched-linux-x86_64 1.0 1.33 17.76 19.09 NOTE
r-patched-solaris-sparc 1.0 231.40 NOTE
r-patched-solaris-x86 1.0 50.80 NOTE
r-release-linux-ix86 1.0 1.14 26.15 27.29 NOTE
r-release-linux-x86_64 1.0 0.82 18.23 19.05 NOTE
r-release-osx-x86_64-mavericks 1.0 NOTE
r-release-osx-x86_64-snowleopard 1.0 OK
r-release-windows-ix86+x86_64 1.0 4.00 32.00 36.00 NOTE
r-oldrel-windows-ix86+x86_64 1.0 4.00 34.00 38.00 NOTE

Check Details

Version: 1.0
Check: dependencies in R code
Result: NOTE
    Packages in Depends field not imported from:
     ‘MASS’ ‘magic’ ‘ppls’ ‘psych’
     These packages need to be imported from (in the NAMESPACE file)
     for when this namespace is loaded but not attached.
    See the information on DESCRIPTION files in the chapter ‘Creating R
    packages’ of the ‘Writing R Extensions’ manual.
Flavors: r-devel-linux-x86_64-debian-clang, r-devel-linux-x86_64-debian-gcc, r-devel-linux-x86_64-fedora-clang, r-devel-linux-x86_64-fedora-gcc, r-devel-osx-x86_64-clang, r-devel-windows-ix86+x86_64, r-patched-linux-x86_64, r-patched-solaris-sparc, r-patched-solaris-x86, r-release-linux-ix86, r-release-linux-x86_64, r-release-osx-x86_64-mavericks, r-release-windows-ix86+x86_64, r-oldrel-windows-ix86+x86_64

Version: 1.0
Check: R code for possible problems
Result: NOTE
    get.hnx.B.initialW: no visible global function definition for
     ‘normalize.vector’
    get.hnx.B.initialW: no visible global function definition for ‘adiag’
    my.normdata.gen: no visible global function definition for ‘mvrnorm’
    odc.cv: no visible global function definition for ‘ginv’
    odc.optimallambda2: no visible global function definition for ‘tr’
    odc.optimallambda2: no visible global function definition for ‘ginv’
Flavors: r-devel-linux-x86_64-debian-clang, r-devel-linux-x86_64-debian-gcc, r-devel-linux-x86_64-fedora-clang, r-devel-linux-x86_64-fedora-gcc, r-devel-osx-x86_64-clang, r-devel-windows-ix86+x86_64, r-patched-linux-x86_64, r-patched-solaris-sparc, r-patched-solaris-x86, r-release-linux-ix86, r-release-linux-x86_64, r-release-windows-ix86+x86_64