CRAN Package Check Results for Package SOUP

Last updated on 2020-09-19 02:23:39 CEST.

Flavor Version Tinstall Tcheck Ttotal Status Flags
r-devel-linux-x86_64-debian-clang 1.1 5.24 32.54 37.78 NOTE
r-devel-linux-x86_64-debian-gcc 1.1 4.87 25.27 30.14 NOTE
r-devel-linux-x86_64-fedora-clang 1.1 56.80 NOTE
r-devel-linux-x86_64-fedora-gcc 1.1 47.25 NOTE
r-devel-windows-ix86+x86_64 1.1 12.00 42.00 54.00 NOTE
r-patched-linux-x86_64 1.1 5.67 32.42 38.09 NOTE
r-patched-solaris-x86 1.1 67.10 NOTE
r-release-linux-x86_64 1.1 6.15 32.69 38.84 NOTE
r-release-macos-x86_64 1.1 NOTE
r-release-windows-ix86+x86_64 1.1 10.00 46.00 56.00 NOTE
r-oldrel-macos-x86_64 1.1 NOTE
r-oldrel-windows-ix86+x86_64 1.1 7.00 53.00 60.00 NOTE

Check Details

Version: 1.1
Check: R code for possible problems
Result: NOTE
    .makePValueMat: no visible binding for global variable
     'p.adjust.methods'
    .makePValueMat: no visible global function definition for 'p.adjust'
    .simpleHotelling: no visible global function definition for 'cov'
    .simpleHotelling: no visible global function definition for 'pf'
    .simpleTtest: no visible global function definition for 'model.matrix'
    .simpleTtest: no visible global function definition for 'model.frame'
    .simpleTtest: no visible global function definition for 'pt'
    .strataLmCoef: no visible global function definition for 'model.matrix'
    .strataLmCoef: no visible global function definition for 'model.frame'
    .strataLmCoef: no visible global function definition for 'pt'
    .strataTtest: no visible global function definition for 'model.matrix'
    .strataTtest: no visible global function definition for 'model.frame'
    .strataTtest: no visible global function definition for 'pt'
    NPC: no visible global function definition for 'qnorm'
    SOUP: no visible binding for global variable 'p.adjust.methods'
    SOUP: no visible global function definition for 'model.frame'
    SOUP: no visible global function definition for 'runif'
    SOUP: no visible global function definition for 'model.matrix'
    iterNPC : <anonymous>: no visible global function definition for
     'qnorm'
    iterNPC: no visible global function definition for 'var'
    iterNPC: no visible global function definition for 'dev.list'
    iterNPC: no visible global function definition for 'dev.new'
    iterNPC: no visible global function definition for 'title'
    iterNPC: no visible global function definition for 'lines'
    iterNPC: no visible global function definition for 'axis'
    iterNPC: no visible global function definition for 'abline'
    iterNPC: no visible global function definition for 'text'
    iterNPC: no visible global function definition for 'legend'
    rankingRule: no visible binding for global variable 'p.adjust.methods'
    rankingRule: no visible global function definition for 'p.adjust'
    plot,PermSpace : plotStats: no visible global function definition for
     'points'
    plot,PermSpace : plotStats: no visible global function definition for
     'title'
    plot,PermSpace : plotStats: no visible global function definition for
     'prcomp'
    plot,PermSpace : plotStats: no visible binding for global variable
     'var'
    plot,PermSpace : plotStats: no visible global function definition for
     'text'
    plot,PermSpace : plotStats: no visible global function definition for
     'arrows'
    plot,PermSpace: no visible global function definition for 'par'
    plot,PermSpace: no visible global function definition for 'title'
    Undefined global functions or variables:
     abline arrows axis cov dev.list dev.new legend lines model.frame
     model.matrix p.adjust p.adjust.methods par pf points prcomp pt qnorm
     runif text title var
    Consider adding
     importFrom("grDevices", "dev.list", "dev.new")
     importFrom("graphics", "abline", "arrows", "axis", "legend", "lines",
     "par", "points", "text", "title")
     importFrom("stats", "cov", "model.frame", "model.matrix", "p.adjust",
     "p.adjust.methods", "pf", "prcomp", "pt", "qnorm", "runif",
     "var")
    to your NAMESPACE file.
Flavors: r-devel-linux-x86_64-debian-clang, r-devel-linux-x86_64-debian-gcc, r-devel-linux-x86_64-fedora-clang, r-devel-linux-x86_64-fedora-gcc, r-devel-windows-ix86+x86_64, r-patched-linux-x86_64, r-patched-solaris-x86, r-release-linux-x86_64, r-release-macos-x86_64, r-release-windows-ix86+x86_64, r-oldrel-macos-x86_64, r-oldrel-windows-ix86+x86_64