CRAN Package Check Results for Package SPA3G

Last updated on 2017-03-22 23:53:42.

Flavor Version Tinstall Tcheck Ttotal Status Flags
r-devel-linux-x86_64-debian-clang 1.0 0.68 30.73 31.41 NOTE
r-devel-linux-x86_64-debian-gcc 1.0 0.62 30.58 31.20 NOTE
r-devel-linux-x86_64-fedora-clang 1.0 58.09 NOTE --no-stop-on-test-error
r-devel-linux-x86_64-fedora-gcc 1.0 56.88 NOTE --no-stop-on-test-error
r-devel-macos-x86_64-clang 1.0 47.60 NOTE --no-stop-on-test-error
r-devel-windows-ix86+x86_64 1.0 2.00 49.00 51.00 NOTE
r-patched-linux-x86_64 1.0 0.72 28.54 29.25 NOTE
r-patched-solaris-sparc 1.0 557.00 NOTE
r-patched-solaris-x86 1.0 120.80 NOTE
r-release-linux-x86_64 1.0 0.71 28.78 29.49 NOTE
r-release-osx-x86_64-mavericks 1.0 NOTE
r-release-windows-ix86+x86_64 1.0 2.00 51.00 53.00 NOTE
r-oldrel-windows-ix86+x86_64 1.0 2.00 49.00 51.00 OK

Check Details

Version: 1.0
Check: R code for possible problems
Result: NOTE
    SPA: no visible global function definition for ‘var’
    Score.Test.Interact: no visible global function definition for ‘pchisq’
    Score.Test.Overall: no visible global function definition for ‘var’
    Score.Test.Overall: no visible global function definition for ‘pchisq’
    Undefined global functions or variables:
     pchisq var
    Consider adding
     importFrom("stats", "pchisq", "var")
    to your NAMESPACE file.
Flavors: r-devel-linux-x86_64-debian-clang, r-devel-linux-x86_64-debian-gcc, r-devel-windows-ix86+x86_64, r-patched-linux-x86_64, r-patched-solaris-sparc, r-patched-solaris-x86, r-release-linux-x86_64, r-release-osx-x86_64-mavericks, r-release-windows-ix86+x86_64

Version: 1.0
Flags: --no-stop-on-test-error
Check: R code for possible problems
Result: NOTE
    SPA: no visible global function definition for ‘var’
    Score.Test.Interact: no visible global function definition for ‘pchisq’
    Score.Test.Overall: no visible global function definition for ‘var’
    Score.Test.Overall: no visible global function definition for ‘pchisq’
    Undefined global functions or variables:
     pchisq var
    Consider adding
     importFrom("stats", "pchisq", "var")
    to your NAMESPACE file.
Flavors: r-devel-linux-x86_64-fedora-clang, r-devel-linux-x86_64-fedora-gcc, r-devel-macos-x86_64-clang