CRAN Package Check Results for Package SPA3G

Last updated on 2016-12-02 18:47:53.

Flavor Version Tinstall Tcheck Ttotal Status Flags
r-devel-linux-x86_64-debian-clang 1.0 0.70 32.73 33.42 NOTE
r-devel-linux-x86_64-debian-gcc 1.0 0.67 30.91 31.58 NOTE
r-devel-linux-x86_64-fedora-clang 1.0 60.53 NOTE
r-devel-linux-x86_64-fedora-gcc 1.0 57.95 NOTE
r-devel-macos-x86_64-clang 1.0 49.11 NOTE
r-devel-windows-ix86+x86_64 1.0 6.00 68.00 74.00 NOTE
r-patched-linux-x86_64 1.0 0.59 28.21 28.80 NOTE
r-patched-solaris-sparc 1.0 568.40 NOTE
r-patched-solaris-x86 1.0 119.00 NOTE
r-release-linux-x86_64 1.0 0.63 28.57 29.20 NOTE
r-release-osx-x86_64-mavericks 1.0 NOTE
r-release-windows-ix86+x86_64 1.0 2.00 51.00 53.00 NOTE
r-oldrel-windows-ix86+x86_64 1.0 2.00 49.00 51.00 OK

Check Details

Version: 1.0
Check: R code for possible problems
Result: NOTE
    SPA: no visible global function definition for ‘var’
    Score.Test.Interact: no visible global function definition for ‘pchisq’
    Score.Test.Overall: no visible global function definition for ‘var’
    Score.Test.Overall: no visible global function definition for ‘pchisq’
    Undefined global functions or variables:
     pchisq var
    Consider adding
     importFrom("stats", "pchisq", "var")
    to your NAMESPACE file.
Flavors: r-devel-linux-x86_64-debian-clang, r-devel-linux-x86_64-debian-gcc, r-devel-linux-x86_64-fedora-clang, r-devel-linux-x86_64-fedora-gcc, r-devel-macos-x86_64-clang, r-devel-windows-ix86+x86_64, r-patched-linux-x86_64, r-patched-solaris-sparc, r-patched-solaris-x86, r-release-linux-x86_64, r-release-osx-x86_64-mavericks, r-release-windows-ix86+x86_64