CRAN Package Check Results for Package SPA3G

Last updated on 2017-12-11 07:47:44 CET.

Flavor Version Tinstall Tcheck Ttotal Status Flags
r-devel-linux-x86_64-debian-clang 1.0 0.78 38.93 39.71 NOTE
r-devel-linux-x86_64-debian-gcc 1.0 0.66 33.61 34.27 NOTE
r-devel-linux-x86_64-fedora-clang 1.0 54.31 NOTE
r-devel-linux-x86_64-fedora-gcc 1.0 53.48 NOTE
r-devel-windows-ix86+x86_64 1.0 5.00 67.00 72.00 NOTE
r-patched-linux-x86_64 1.0 0.83 47.36 48.19 NOTE
r-patched-solaris-x86 1.0 137.00 NOTE
r-release-linux-x86_64 1.0 0.76 46.99 47.75 NOTE
r-release-windows-ix86+x86_64 1.0 3.00 52.00 55.00 NOTE
r-release-osx-x86_64 1.0 NOTE
r-oldrel-windows-ix86+x86_64 1.0 2.00 51.00 53.00 NOTE
r-oldrel-osx-x86_64 1.0 NOTE

Check Details

Version: 1.0
Check: R code for possible problems
Result: NOTE
    SPA: no visible global function definition for ‘var’
    Score.Test.Interact: no visible global function definition for ‘pchisq’
    Score.Test.Overall: no visible global function definition for ‘var’
    Score.Test.Overall: no visible global function definition for ‘pchisq’
    Undefined global functions or variables:
     pchisq var
    Consider adding
     importFrom("stats", "pchisq", "var")
    to your NAMESPACE file.
Flavors: r-devel-linux-x86_64-debian-clang, r-devel-linux-x86_64-debian-gcc, r-devel-linux-x86_64-fedora-clang, r-devel-linux-x86_64-fedora-gcc, r-devel-windows-ix86+x86_64, r-patched-linux-x86_64, r-patched-solaris-x86, r-release-linux-x86_64, r-release-windows-ix86+x86_64, r-release-osx-x86_64, r-oldrel-windows-ix86+x86_64, r-oldrel-osx-x86_64