CRAN Package Check Results for Package SPA3G

Last updated on 2016-05-29 11:48:12.

Flavor Version Tinstall Tcheck Ttotal Status Flags
r-devel-linux-x86_64-debian-gcc 1.0 0.55 29.89 30.44 NOTE
r-devel-linux-x86_64-fedora-clang 1.0 55.33 NOTE
r-devel-linux-x86_64-fedora-gcc 1.0 53.96 NOTE
r-devel-osx-x86_64-clang 1.0 63.63 NOTE
r-devel-windows-ix86+x86_64 1.0 2.00 52.00 54.00 NOTE
r-patched-linux-x86_64 1.0 0.54 29.09 29.64 NOTE
r-patched-solaris-sparc 1.0 569.30 NOTE
r-patched-solaris-x86 1.0 127.80 NOTE
r-release-linux-x86_64 1.0 0.64 28.62 29.25 NOTE
r-release-osx-x86_64-mavericks 1.0 NOTE
r-release-windows-ix86+x86_64 1.0 3.00 67.00 70.00 NOTE
r-oldrel-windows-ix86+x86_64 1.0 2.00 41.00 43.00 OK

Check Details

Version: 1.0
Check: R code for possible problems
Result: NOTE
    SPA: no visible global function definition for ‘var’
    Score.Test.Interact: no visible global function definition for ‘pchisq’
    Score.Test.Overall: no visible global function definition for ‘var’
    Score.Test.Overall: no visible global function definition for ‘pchisq’
    Undefined global functions or variables:
     pchisq var
    Consider adding
     importFrom("stats", "pchisq", "var")
    to your NAMESPACE file.
Flavors: r-devel-linux-x86_64-debian-gcc, r-devel-linux-x86_64-fedora-clang, r-devel-linux-x86_64-fedora-gcc, r-devel-osx-x86_64-clang, r-devel-windows-ix86+x86_64, r-patched-linux-x86_64, r-patched-solaris-sparc, r-patched-solaris-x86, r-release-linux-x86_64, r-release-osx-x86_64-mavericks, r-release-windows-ix86+x86_64