CRAN Package Check Results for Package SPA3G

Last updated on 2017-01-23 12:50:46.

Flavor Version Tinstall Tcheck Ttotal Status Flags
r-devel-linux-x86_64-debian-clang 1.0 0.64 32.41 33.04 NOTE
r-devel-linux-x86_64-debian-gcc 1.0 0.60 31.50 32.10 NOTE
r-devel-linux-x86_64-fedora-clang 1.0 59.32 NOTE --no-stop-on-test-error
r-devel-linux-x86_64-fedora-gcc 1.0 56.29 NOTE --no-stop-on-test-error
r-devel-macos-x86_64-clang 1.0 48.45 NOTE --no-stop-on-test-error
r-devel-windows-ix86+x86_64 1.0 3.00 55.00 58.00 NOTE
r-patched-linux-x86_64 1.0 0.53 28.00 28.53 NOTE
r-patched-solaris-sparc 1.0 576.20 NOTE
r-patched-solaris-x86 1.0 125.90 NOTE
r-release-linux-x86_64 1.0 0.57 28.34 28.90 NOTE
r-release-osx-x86_64-mavericks 1.0 NOTE
r-release-windows-ix86+x86_64 1.0 2.00 51.00 53.00 NOTE
r-oldrel-windows-ix86+x86_64 1.0 2.00 49.00 51.00 OK

Check Details

Version: 1.0
Check: R code for possible problems
Result: NOTE
    SPA: no visible global function definition for ‘var’
    Score.Test.Interact: no visible global function definition for ‘pchisq’
    Score.Test.Overall: no visible global function definition for ‘var’
    Score.Test.Overall: no visible global function definition for ‘pchisq’
    Undefined global functions or variables:
     pchisq var
    Consider adding
     importFrom("stats", "pchisq", "var")
    to your NAMESPACE file.
Flavors: r-devel-linux-x86_64-debian-clang, r-devel-linux-x86_64-debian-gcc, r-devel-windows-ix86+x86_64, r-patched-linux-x86_64, r-patched-solaris-sparc, r-patched-solaris-x86, r-release-linux-x86_64, r-release-osx-x86_64-mavericks, r-release-windows-ix86+x86_64

Version: 1.0
Flags: --no-stop-on-test-error
Check: R code for possible problems
Result: NOTE
    SPA: no visible global function definition for ‘var’
    Score.Test.Interact: no visible global function definition for ‘pchisq’
    Score.Test.Overall: no visible global function definition for ‘var’
    Score.Test.Overall: no visible global function definition for ‘pchisq’
    Undefined global functions or variables:
     pchisq var
    Consider adding
     importFrom("stats", "pchisq", "var")
    to your NAMESPACE file.
Flavors: r-devel-linux-x86_64-fedora-clang, r-devel-linux-x86_64-fedora-gcc, r-devel-macos-x86_64-clang