CRAN Package Check Results for Package SPA3G

Last updated on 2015-08-29 20:48:18.

Flavor Version Tinstall Tcheck Ttotal Status Flags
r-devel-linux-x86_64-debian-clang 1.0 0.51 27.80 28.30 NOTE
r-devel-linux-x86_64-debian-gcc 1.0 0.50 27.99 28.49 NOTE
r-devel-linux-x86_64-fedora-clang 1.0 56.85 NOTE
r-devel-linux-x86_64-fedora-gcc 1.0 54.85 NOTE
r-devel-osx-x86_64-clang 1.0 48.74 OK
r-devel-windows-ix86+x86_64 1.0 4.00 52.00 56.00 NOTE
r-patched-linux-x86_64 1.0 0.57 28.41 28.98 OK
r-patched-solaris-sparc 1.0 596.40 OK
r-patched-solaris-x86 1.0 142.40 OK
r-release-linux-x86_64 1.0 0.56 37.06 37.62 OK
r-release-osx-x86_64-mavericks 1.0 OK
r-release-windows-ix86+x86_64 1.0 3.00 59.00 62.00 OK
r-oldrel-windows-ix86+x86_64 1.0 3.00 46.00 49.00 OK

Check Details

Version: 1.0
Check: R code for possible problems
Result: NOTE
    SPA: no visible global function definition for ‘var’
    Score.Test.Interact: no visible global function definition for ‘pchisq’
    Score.Test.Overall: no visible global function definition for ‘var’
    Score.Test.Overall: no visible global function definition for ‘pchisq’
    Undefined global functions or variables:
     pchisq var
    Consider adding
     importFrom("stats", "pchisq", "var")
    to your NAMESPACE.
Flavors: r-devel-linux-x86_64-debian-clang, r-devel-linux-x86_64-debian-gcc, r-devel-linux-x86_64-fedora-clang, r-devel-linux-x86_64-fedora-gcc, r-devel-windows-ix86+x86_64