CRAN Package Check Results for Package SPA3G

Last updated on 2016-09-24 23:48:26.

Flavor Version Tinstall Tcheck Ttotal Status Flags
r-devel-linux-x86_64-debian-clang 1.0 0.56 30.58 31.14 NOTE
r-devel-linux-x86_64-debian-gcc 1.0 0.55 29.38 29.93 NOTE
r-devel-linux-x86_64-fedora-clang 1.0 56.33 NOTE
r-devel-linux-x86_64-fedora-gcc 1.0 53.85 NOTE
r-devel-macos-x86_64-clang 1.0 45.86 NOTE
r-devel-windows-ix86+x86_64 1.0 4.00 51.00 55.00 NOTE
r-patched-linux-x86_64 1.0 0.56 27.67 28.24 NOTE
r-patched-solaris-sparc 1.0 568.40 NOTE
r-patched-solaris-x86 1.0 127.20 NOTE
r-release-linux-x86_64 1.0 0.59 28.32 28.91 NOTE
r-release-osx-x86_64-mavericks 1.0 NOTE
r-release-windows-ix86+x86_64 1.0 2.00 55.00 57.00 NOTE
r-oldrel-windows-ix86+x86_64 1.0 2.00 41.00 43.00 OK

Check Details

Version: 1.0
Check: R code for possible problems
Result: NOTE
    SPA: no visible global function definition for ‘var’
    Score.Test.Interact: no visible global function definition for ‘pchisq’
    Score.Test.Overall: no visible global function definition for ‘var’
    Score.Test.Overall: no visible global function definition for ‘pchisq’
    Undefined global functions or variables:
     pchisq var
    Consider adding
     importFrom("stats", "pchisq", "var")
    to your NAMESPACE file.
Flavors: r-devel-linux-x86_64-debian-clang, r-devel-linux-x86_64-debian-gcc, r-devel-linux-x86_64-fedora-clang, r-devel-linux-x86_64-fedora-gcc, r-devel-macos-x86_64-clang, r-devel-windows-ix86+x86_64, r-patched-linux-x86_64, r-patched-solaris-sparc, r-patched-solaris-x86, r-release-linux-x86_64, r-release-osx-x86_64-mavericks, r-release-windows-ix86+x86_64