CRAN Package Check Results for Package SPA3G

Last updated on 2015-07-28 11:51:55.

Flavor Version Tinstall Tcheck Ttotal Status Flags
r-devel-linux-x86_64-debian-clang 1.0 0.54 28.45 28.99 NOTE
r-devel-linux-x86_64-debian-gcc 1.0 0.58 28.08 28.66 NOTE
r-devel-linux-x86_64-fedora-clang 1.0 58.07 NOTE
r-devel-linux-x86_64-fedora-gcc 1.0 55.65 NOTE
r-devel-osx-x86_64-clang 1.0 53.53 OK
r-devel-windows-ix86+x86_64 1.0 3.00 45.00 48.00 NOTE
r-patched-linux-x86_64 1.0 0.56 29.00 29.56 OK
r-patched-solaris-sparc 1.0 596.40 OK
r-patched-solaris-x86 1.0 137.30 OK
r-release-linux-x86_64 1.0 0.57 28.93 29.50 OK
r-release-osx-x86_64-mavericks 1.0 OK
r-release-windows-ix86+x86_64 1.0 3.00 46.00 49.00 OK
r-oldrel-windows-ix86+x86_64 1.0 3.00 46.00 49.00 OK

Check Details

Version: 1.0
Check: R code for possible problems
Result: NOTE
    SPA: no visible global function definition for ‘var’
    Score.Test.Interact: no visible global function definition for ‘pchisq’
    Score.Test.Overall: no visible global function definition for ‘var’
    Score.Test.Overall: no visible global function definition for ‘pchisq’
    Undefined global functions or variables:
     pchisq var
    Consider adding
     importFrom("stats", "pchisq", "var")
    to your NAMESPACE.
Flavors: r-devel-linux-x86_64-debian-clang, r-devel-linux-x86_64-debian-gcc, r-devel-linux-x86_64-fedora-clang, r-devel-linux-x86_64-fedora-gcc, r-devel-windows-ix86+x86_64