CRAN Package Check Results for Package SPA3G

Last updated on 2016-08-29 06:47:25.

Flavor Version Tinstall Tcheck Ttotal Status Flags
r-devel-linux-x86_64-debian-clang 1.0 0.61 30.22 30.83 NOTE
r-devel-linux-x86_64-debian-gcc 1.0 0.62 30.11 30.73 NOTE
r-devel-linux-x86_64-fedora-clang 1.0 54.92 NOTE
r-devel-linux-x86_64-fedora-gcc 1.0 53.28 NOTE
r-devel-osx-x86_64-clang 1.0 45.88 NOTE
r-devel-windows-ix86+x86_64 1.0 4.00 73.00 77.00 NOTE
r-patched-linux-x86_64 1.0 0.54 27.88 28.42 NOTE
r-patched-solaris-sparc 1.0 568.40 NOTE
r-patched-solaris-x86 1.0 128.40 NOTE
r-release-linux-x86_64 1.0 0.61 28.56 29.16 NOTE
r-release-osx-x86_64-mavericks 1.0 NOTE
r-release-windows-ix86+x86_64 1.0 3.00 67.00 70.00 NOTE
r-oldrel-windows-ix86+x86_64 1.0 2.00 41.00 43.00 OK

Check Details

Version: 1.0
Check: R code for possible problems
Result: NOTE
    SPA: no visible global function definition for ‘var’
    Score.Test.Interact: no visible global function definition for ‘pchisq’
    Score.Test.Overall: no visible global function definition for ‘var’
    Score.Test.Overall: no visible global function definition for ‘pchisq’
    Undefined global functions or variables:
     pchisq var
    Consider adding
     importFrom("stats", "pchisq", "var")
    to your NAMESPACE file.
Flavors: r-devel-linux-x86_64-debian-clang, r-devel-linux-x86_64-debian-gcc, r-devel-linux-x86_64-fedora-clang, r-devel-linux-x86_64-fedora-gcc, r-devel-osx-x86_64-clang, r-devel-windows-ix86+x86_64, r-patched-linux-x86_64, r-patched-solaris-sparc, r-patched-solaris-x86, r-release-linux-x86_64, r-release-osx-x86_64-mavericks, r-release-windows-ix86+x86_64