CRAN Package Check Results for Package SPA3G

Last updated on 2018-04-26 00:47:45 CEST.

Flavor Version Tinstall Tcheck Ttotal Status Flags
r-devel-linux-x86_64-debian-clang 1.0 1.20 40.77 41.97 NOTE
r-devel-linux-x86_64-debian-gcc 1.0 1.03 34.70 35.73 NOTE
r-devel-linux-x86_64-fedora-clang 1.0 57.37 NOTE
r-devel-linux-x86_64-fedora-gcc 1.0 56.43 NOTE
r-devel-windows-ix86+x86_64 1.0 4.00 53.00 57.00 NOTE
r-patched-linux-x86_64 1.0 0.91 46.35 47.26 NOTE
r-patched-solaris-x86 1.0 144.90 NOTE
r-release-linux-x86_64 1.0 1.16 46.54 47.70 NOTE
r-release-windows-ix86+x86_64 1.0 4.00 53.00 57.00 NOTE
r-release-osx-x86_64 1.0 NOTE
r-oldrel-windows-ix86+x86_64 1.0 3.00 52.00 55.00 NOTE
r-oldrel-osx-x86_64 1.0 NOTE

Check Details

Version: 1.0
Check: R code for possible problems
Result: NOTE
    SPA: no visible global function definition for ‘var’
    Score.Test.Interact: no visible global function definition for ‘pchisq’
    Score.Test.Overall: no visible global function definition for ‘var’
    Score.Test.Overall: no visible global function definition for ‘pchisq’
    Undefined global functions or variables:
     pchisq var
    Consider adding
     importFrom("stats", "pchisq", "var")
    to your NAMESPACE file.
Flavors: r-devel-linux-x86_64-debian-clang, r-devel-linux-x86_64-debian-gcc, r-devel-linux-x86_64-fedora-clang, r-devel-linux-x86_64-fedora-gcc, r-devel-windows-ix86+x86_64, r-patched-linux-x86_64, r-patched-solaris-x86, r-release-linux-x86_64, r-release-windows-ix86+x86_64, r-release-osx-x86_64, r-oldrel-windows-ix86+x86_64, r-oldrel-osx-x86_64