CRAN Package Check Results for Package SPA3G

Last updated on 2017-04-23 15:48:49.

Flavor Version Tinstall Tcheck Ttotal Status Flags
r-devel-linux-x86_64-debian-clang 1.0 0.78 31.55 32.33 NOTE
r-devel-linux-x86_64-debian-gcc 1.0 0.63 30.77 31.40 NOTE
r-devel-linux-x86_64-fedora-clang 1.0 58.22 NOTE --no-stop-on-test-error
r-devel-linux-x86_64-fedora-gcc 1.0 56.12 NOTE --no-stop-on-test-error
r-devel-windows-ix86+x86_64 1.0 4.00 54.00 58.00 NOTE
r-patched-linux-x86_64 1.0 0.66 29.26 29.92 NOTE
r-patched-solaris-sparc 1.0 557.00 NOTE
r-patched-solaris-x86 1.0 130.80 NOTE
r-release-linux-x86_64 1.0 0.67 30.13 30.80 NOTE
r-release-windows-ix86+x86_64 1.0 2.00 53.00 55.00 NOTE
r-release-osx-x86_64 1.0 NOTE
r-oldrel-windows-ix86+x86_64 1.0 2.00 51.00 53.00 NOTE
r-oldrel-osx-x86_64 1.0 NOTE

Check Details

Version: 1.0
Check: R code for possible problems
Result: NOTE
    SPA: no visible global function definition for ‘var’
    Score.Test.Interact: no visible global function definition for ‘pchisq’
    Score.Test.Overall: no visible global function definition for ‘var’
    Score.Test.Overall: no visible global function definition for ‘pchisq’
    Undefined global functions or variables:
     pchisq var
    Consider adding
     importFrom("stats", "pchisq", "var")
    to your NAMESPACE file.
Flavors: r-devel-linux-x86_64-debian-clang, r-devel-linux-x86_64-debian-gcc, r-devel-windows-ix86+x86_64, r-patched-linux-x86_64, r-patched-solaris-sparc, r-patched-solaris-x86, r-release-linux-x86_64, r-release-windows-ix86+x86_64, r-release-osx-x86_64, r-oldrel-windows-ix86+x86_64, r-oldrel-osx-x86_64

Version: 1.0
Flags: --no-stop-on-test-error
Check: R code for possible problems
Result: NOTE
    SPA: no visible global function definition for ‘var’
    Score.Test.Interact: no visible global function definition for ‘pchisq’
    Score.Test.Overall: no visible global function definition for ‘var’
    Score.Test.Overall: no visible global function definition for ‘pchisq’
    Undefined global functions or variables:
     pchisq var
    Consider adding
     importFrom("stats", "pchisq", "var")
    to your NAMESPACE file.
Flavors: r-devel-linux-x86_64-fedora-clang, r-devel-linux-x86_64-fedora-gcc