CRAN Package Check Results for Package SPA3G

Last updated on 2016-02-09 16:47:12.

Flavor Version Tinstall Tcheck Ttotal Status Flags
r-devel-linux-x86_64-debian-gcc 1.0 0.64 28.61 29.25 NOTE
r-devel-linux-x86_64-fedora-clang 1.0 55.82 NOTE
r-devel-linux-x86_64-fedora-gcc 1.0 53.71 NOTE
r-devel-osx-x86_64-clang 1.0 63.13 NOTE
r-devel-windows-ix86+x86_64 1.0 3.00 64.00 67.00 NOTE
r-patched-linux-x86_64 1.0 0.60 29.65 30.25 OK
r-patched-solaris-sparc 1.0 565.30 OK
r-patched-solaris-x86 1.0 124.50 OK
r-release-linux-x86_64 1.0 0.65 28.83 29.48 OK
r-release-osx-x86_64-mavericks 1.0 OK
r-release-windows-ix86+x86_64 1.0 2.00 41.00 43.00 OK
r-oldrel-windows-ix86+x86_64 1.0 3.00 46.00 49.00 OK

Check Details

Version: 1.0
Check: R code for possible problems
Result: NOTE
    SPA: no visible global function definition for ‘var’
    Score.Test.Interact: no visible global function definition for ‘pchisq’
    Score.Test.Overall: no visible global function definition for ‘var’
    Score.Test.Overall: no visible global function definition for ‘pchisq’
    Undefined global functions or variables:
     pchisq var
    Consider adding
     importFrom("stats", "pchisq", "var")
    to your NAMESPACE file.
Flavors: r-devel-linux-x86_64-debian-gcc, r-devel-linux-x86_64-fedora-clang, r-devel-linux-x86_64-fedora-gcc, r-devel-osx-x86_64-clang, r-devel-windows-ix86+x86_64