CRAN Package Check Results for Package SPACECAP

Last updated on 2014-04-23 07:55:09.

Flavor Version Tinstall Tcheck Ttotal Status Flags
r-devel-linux-x86_64-debian-clang 1.0.6 1.11 16.82 17.94 NOTE
r-devel-linux-x86_64-debian-gcc 1.0.6 1.06 16.68 17.74 NOTE
r-devel-linux-x86_64-fedora-clang 1.0.6 34.04 NOTE
r-devel-linux-x86_64-fedora-gcc 1.0.6 32.10 NOTE
r-devel-osx-x86_64-clang 1.0.6 35.12 NOTE
r-devel-osx-x86_64-gcc 1.0.6 NOTE
r-devel-windows-ix86+x86_64 1.0.6 3.00 29.00 32.00 NOTE
r-patched-linux-x86_64 1.0.6 1.05 16.64 17.69 NOTE
r-patched-solaris-sparc 1.0.6 207.80 NOTE
r-patched-solaris-x86 1.0.6 64.00 NOTE
r-release-linux-ix86 1.0.6 2.00 33.00 35.00 NOTE
r-release-linux-x86_64 1.0.6 1.02 17.14 18.16 NOTE
r-release-osx-x86_64-mavericks 1.0.6 WARN
r-release-osx-x86_64-snowleopard 1.0.6 NOTE
r-release-windows-ix86+x86_64 1.0.6 4.00 27.00 31.00 NOTE
r-oldrel-windows-ix86+x86_64 1.0.6 5.00 32.00 37.00 NOTE

Check Details

Version: 1.0.6
Check: dependencies in R code
Result: NOTE
    'library' or 'require' calls to packages already attached by Depends:
     ‘TeachingDemos’ ‘coda’ ‘tcltk’
     Please remove these calls from your code.
    See the information on DESCRIPTION files in the chapter ‘Creating R
    packages’ of the ‘Writing R Extensions’ manual.
Flavors: r-devel-linux-x86_64-debian-clang, r-devel-linux-x86_64-debian-gcc, r-devel-linux-x86_64-fedora-clang, r-devel-linux-x86_64-fedora-gcc, r-devel-osx-x86_64-clang, r-devel-osx-x86_64-gcc, r-devel-windows-ix86+x86_64, r-patched-linux-x86_64, r-patched-solaris-sparc, r-patched-solaris-x86, r-release-linux-ix86, r-release-linux-x86_64, r-release-osx-x86_64-mavericks, r-release-osx-x86_64-snowleopard, r-release-windows-ix86+x86_64, r-oldrel-windows-ix86+x86_64

Version: 1.0.6
Check: PDF version of manual
Result: WARNING
    LaTeX errors when creating PDF version.
    This typically indicates Rd problems.
    LaTeX errors found:
    ! LaTeX Error: File `upquote.sty' not found.
    
    Type X to quit or <RETURN> to proceed,
    or enter new name. (Default extension: sty)
    
    3f4737e3/Rd2.tex:8: ==> Fatal error occurred, no output PDF file produced!
Flavor: r-release-osx-x86_64-mavericks