CRAN Package Check Results for Package SPARQL

Last updated on 2016-08-31 06:47:43.

Flavor Version Tinstall Tcheck Ttotal Status Flags
r-devel-linux-x86_64-debian-clang 1.16 1.04 13.73 14.77 NOTE
r-devel-linux-x86_64-debian-gcc 1.16 1.23 13.59 14.82 NOTE
r-devel-linux-x86_64-fedora-clang 1.16 27.29 NOTE
r-devel-linux-x86_64-fedora-gcc 1.16 25.66 NOTE
r-devel-osx-x86_64-clang 1.16 23.34 NOTE
r-devel-windows-ix86+x86_64 1.16 5.00 51.00 56.00 NOTE
r-patched-linux-x86_64 1.16 1.14 13.93 15.07 NOTE
r-patched-solaris-sparc 1.16 168.30 NOTE
r-patched-solaris-x86 1.16 39.50 NOTE
r-release-linux-x86_64 1.16 1.10 13.93 15.02 NOTE
r-release-osx-x86_64-mavericks 1.16 NOTE
r-release-windows-ix86+x86_64 1.16 5.00 49.00 54.00 NOTE
r-oldrel-windows-ix86+x86_64 1.16 4.00 32.00 36.00 NOTE

Check Details

Version: 1.16
Check: dependencies in R code
Result: NOTE
    Packages in Depends field not imported from:
     ‘RCurl’ ‘XML’
     These packages need to be imported from (in the NAMESPACE file)
     for when this namespace is loaded but not attached.
Flavors: r-devel-linux-x86_64-debian-clang, r-devel-linux-x86_64-debian-gcc, r-devel-linux-x86_64-fedora-clang, r-devel-linux-x86_64-fedora-gcc, r-devel-osx-x86_64-clang, r-devel-windows-ix86+x86_64, r-patched-linux-x86_64, r-patched-solaris-sparc, r-patched-solaris-x86, r-release-linux-x86_64, r-release-osx-x86_64-mavericks, r-release-windows-ix86+x86_64, r-oldrel-windows-ix86+x86_64

Version: 1.16
Check: R code for possible problems
Result: NOTE
    SPARQL : <anonymous>: no visible global function definition for
     ‘URLencode’
    SPARQL: no visible binding for global variable ‘getURL’
    SPARQL: no visible global function definition for ‘URLencode’
    SPARQL: no visible binding for global variable ‘xmlParse’
    SPARQL: no visible global function definition for ‘getNodeSet’
    SPARQL: no visible global function definition for ‘xpathApply’
    SPARQL: no visible binding for global variable ‘postForm’
    get_attr: no visible global function definition for ‘getNodeSet’
    get_attr : <anonymous> : <anonymous>: no visible global function
     definition for ‘getNodeSet’
    get_attr : <anonymous> : <anonymous>: no visible global function
     definition for ‘xmlDoc’
    get_value: no visible global function definition for ‘xmlDoc’
    get_value: no visible global function definition for ‘xpathSApply’
    get_value: no visible binding for global variable ‘xmlValue’
    get_value: no visible global function definition for ‘xpathApply’
    get_value: no visible binding for global variable ‘xmlGetAttr’
    readCSVstring: no visible global function definition for ‘read.csv’
    readTSVstring: no visible global function definition for ‘read.delim’
    Undefined global functions or variables:
     URLencode getNodeSet getURL postForm read.csv read.delim xmlDoc
     xmlGetAttr xmlParse xmlValue xpathApply xpathSApply
    Consider adding
     importFrom("utils", "URLencode", "read.csv", "read.delim")
    to your NAMESPACE file.
Flavors: r-devel-linux-x86_64-debian-clang, r-devel-linux-x86_64-debian-gcc, r-devel-linux-x86_64-fedora-clang, r-devel-linux-x86_64-fedora-gcc, r-devel-osx-x86_64-clang, r-devel-windows-ix86+x86_64, r-patched-linux-x86_64, r-patched-solaris-sparc, r-patched-solaris-x86, r-release-linux-x86_64, r-release-osx-x86_64-mavericks, r-release-windows-ix86+x86_64

Version: 1.16
Check: R code for possible problems
Result: NOTE
    SPARQL: no visible binding for global variable 'getURL'
    SPARQL: no visible binding for global variable 'xmlParse'
    SPARQL: no visible global function definition for 'getNodeSet'
    SPARQL: no visible global function definition for 'xpathApply'
    SPARQL: no visible binding for global variable 'postForm'
    get_attr: no visible global function definition for 'getNodeSet'
    get_attr : <anonymous> : <anonymous>: no visible global function
     definition for 'getNodeSet'
    get_attr : <anonymous> : <anonymous>: no visible global function
     definition for 'xmlDoc'
    get_value: no visible global function definition for 'xmlDoc'
    get_value: no visible global function definition for 'xpathSApply'
    get_value: no visible binding for global variable 'xmlValue'
    get_value: no visible global function definition for 'xpathApply'
    get_value: no visible binding for global variable 'xmlGetAttr'
Flavor: r-oldrel-windows-ix86+x86_64