CRAN Package Check Results for Package SPARQL

Last updated on 2017-02-25 23:48:09.

Flavor Version Tinstall Tcheck Ttotal Status Flags
r-devel-linux-x86_64-debian-clang 1.16 1.32 16.15 17.47 NOTE
r-devel-linux-x86_64-debian-gcc 1.16 1.13 16.50 17.63 NOTE
r-devel-linux-x86_64-fedora-clang 1.16 29.49 NOTE --no-stop-on-test-error
r-devel-linux-x86_64-fedora-gcc 1.16 28.81 NOTE --no-stop-on-test-error
r-devel-macos-x86_64-clang 1.16 25.64 NOTE --no-stop-on-test-error
r-devel-windows-ix86+x86_64 1.16 9.00 51.00 60.00 NOTE
r-patched-linux-x86_64 1.16 1.18 14.05 15.24 NOTE
r-patched-solaris-sparc 1.16 173.60 NOTE
r-patched-solaris-x86 1.16 38.40 NOTE
r-release-linux-x86_64 1.16 1.06 14.21 15.27 NOTE
r-release-osx-x86_64-mavericks 1.16 NOTE
r-release-windows-ix86+x86_64 1.16 9.00 51.00 60.00 NOTE
r-oldrel-windows-ix86+x86_64 1.16 10.00 38.00 48.00 NOTE

Check Details

Version: 1.16
Check: dependencies in R code
Result: NOTE
    Packages in Depends field not imported from:
     ‘RCurl’ ‘XML’
     These packages need to be imported from (in the NAMESPACE file)
     for when this namespace is loaded but not attached.
Flavors: r-devel-linux-x86_64-debian-clang, r-devel-linux-x86_64-debian-gcc, r-devel-windows-ix86+x86_64, r-patched-linux-x86_64, r-patched-solaris-sparc, r-patched-solaris-x86, r-release-linux-x86_64, r-release-osx-x86_64-mavericks, r-release-windows-ix86+x86_64, r-oldrel-windows-ix86+x86_64

Version: 1.16
Check: R code for possible problems
Result: NOTE
    SPARQL : <anonymous>: no visible global function definition for
     ‘URLencode’
    SPARQL: no visible binding for global variable ‘getURL’
    SPARQL: no visible global function definition for ‘URLencode’
    SPARQL: no visible binding for global variable ‘xmlParse’
    SPARQL: no visible global function definition for ‘getNodeSet’
    SPARQL: no visible global function definition for ‘xpathApply’
    SPARQL: no visible binding for global variable ‘postForm’
    get_attr: no visible global function definition for ‘getNodeSet’
    get_attr : <anonymous> : <anonymous>: no visible global function
     definition for ‘getNodeSet’
    get_attr : <anonymous> : <anonymous>: no visible global function
     definition for ‘xmlDoc’
    get_value: no visible global function definition for ‘xmlDoc’
    get_value: no visible global function definition for ‘xpathSApply’
    get_value: no visible binding for global variable ‘xmlValue’
    get_value: no visible global function definition for ‘xpathApply’
    get_value: no visible binding for global variable ‘xmlGetAttr’
    readCSVstring: no visible global function definition for ‘read.csv’
    readTSVstring: no visible global function definition for ‘read.delim’
    Undefined global functions or variables:
     URLencode getNodeSet getURL postForm read.csv read.delim xmlDoc
     xmlGetAttr xmlParse xmlValue xpathApply xpathSApply
    Consider adding
     importFrom("utils", "URLencode", "read.csv", "read.delim")
    to your NAMESPACE file.
Flavors: r-devel-linux-x86_64-debian-clang, r-devel-linux-x86_64-debian-gcc, r-devel-windows-ix86+x86_64, r-patched-linux-x86_64, r-patched-solaris-sparc, r-patched-solaris-x86, r-release-linux-x86_64, r-release-osx-x86_64-mavericks, r-release-windows-ix86+x86_64

Version: 1.16
Flags: --no-stop-on-test-error
Check: dependencies in R code
Result: NOTE
    Packages in Depends field not imported from:
     ‘RCurl’ ‘XML’
     These packages need to be imported from (in the NAMESPACE file)
     for when this namespace is loaded but not attached.
Flavors: r-devel-linux-x86_64-fedora-clang, r-devel-linux-x86_64-fedora-gcc, r-devel-macos-x86_64-clang

Version: 1.16
Flags: --no-stop-on-test-error
Check: R code for possible problems
Result: NOTE
    SPARQL : <anonymous>: no visible global function definition for
     ‘URLencode’
    SPARQL: no visible binding for global variable ‘getURL’
    SPARQL: no visible global function definition for ‘URLencode’
    SPARQL: no visible binding for global variable ‘xmlParse’
    SPARQL: no visible global function definition for ‘getNodeSet’
    SPARQL: no visible global function definition for ‘xpathApply’
    SPARQL: no visible binding for global variable ‘postForm’
    get_attr: no visible global function definition for ‘getNodeSet’
    get_attr : <anonymous> : <anonymous>: no visible global function
     definition for ‘getNodeSet’
    get_attr : <anonymous> : <anonymous>: no visible global function
     definition for ‘xmlDoc’
    get_value: no visible global function definition for ‘xmlDoc’
    get_value: no visible global function definition for ‘xpathSApply’
    get_value: no visible binding for global variable ‘xmlValue’
    get_value: no visible global function definition for ‘xpathApply’
    get_value: no visible binding for global variable ‘xmlGetAttr’
    readCSVstring: no visible global function definition for ‘read.csv’
    readTSVstring: no visible global function definition for ‘read.delim’
    Undefined global functions or variables:
     URLencode getNodeSet getURL postForm read.csv read.delim xmlDoc
     xmlGetAttr xmlParse xmlValue xpathApply xpathSApply
    Consider adding
     importFrom("utils", "URLencode", "read.csv", "read.delim")
    to your NAMESPACE file.
Flavors: r-devel-linux-x86_64-fedora-clang, r-devel-linux-x86_64-fedora-gcc, r-devel-macos-x86_64-clang

Version: 1.16
Check: R code for possible problems
Result: NOTE
    SPARQL: no visible binding for global variable 'getURL'
    SPARQL: no visible binding for global variable 'xmlParse'
    SPARQL: no visible global function definition for 'getNodeSet'
    SPARQL: no visible global function definition for 'xpathApply'
    SPARQL: no visible binding for global variable 'postForm'
    get_attr: no visible global function definition for 'getNodeSet'
    get_attr : <anonymous> : <anonymous>: no visible global function
     definition for 'getNodeSet'
    get_attr : <anonymous> : <anonymous>: no visible global function
     definition for 'xmlDoc'
    get_value: no visible global function definition for 'xmlDoc'
    get_value: no visible global function definition for 'xpathSApply'
    get_value: no visible binding for global variable 'xmlValue'
    get_value: no visible global function definition for 'xpathApply'
    get_value: no visible binding for global variable 'xmlGetAttr'
Flavor: r-oldrel-windows-ix86+x86_64