CRAN Package Check Results for Package SPARQL

Last updated on 2014-04-24 23:48:13.

Flavor Version Tinstall Tcheck Ttotal Status Flags
r-devel-linux-x86_64-debian-clang 1.16 1.57 19.40 20.96 NOTE
r-devel-linux-x86_64-debian-gcc 1.16 1.52 18.30 19.81 NOTE
r-devel-linux-x86_64-fedora-clang 1.16 42.12 NOTE
r-devel-linux-x86_64-fedora-gcc 1.16 39.47 NOTE
r-devel-osx-x86_64-clang 1.16 37.95 NOTE
r-devel-osx-x86_64-gcc 1.16 ERROR
r-devel-windows-ix86+x86_64 1.16 5.00 28.00 33.00 NOTE
r-patched-linux-x86_64 1.16 1.54 18.68 20.22 NOTE
r-patched-solaris-sparc 1.16 229.10 NOTE
r-patched-solaris-x86 1.16 56.70 NOTE
r-release-linux-ix86 1.16 3.00 33.00 36.00 NOTE
r-release-linux-x86_64 1.16 1.52 18.55 20.07 NOTE
r-release-osx-x86_64-mavericks 1.16 WARN
r-release-osx-x86_64-snowleopard 1.16 OK
r-release-windows-ix86+x86_64 1.16 7.00 37.00 44.00 NOTE
r-oldrel-windows-ix86+x86_64 1.16 5.00 28.00 33.00 NOTE

Check Details

Version: 1.16
Check: dependencies in R code
Result: NOTE
    Packages in Depends field not imported from:
     ‘RCurl’ ‘XML’
     These packages need to be imported from (in the NAMESPACE file)
     for when this namespace is loaded but not attached.
    See the information on DESCRIPTION files in the chapter ‘Creating R
    packages’ of the ‘Writing R Extensions’ manual.
Flavors: r-devel-linux-x86_64-debian-clang, r-devel-linux-x86_64-debian-gcc, r-devel-linux-x86_64-fedora-clang, r-devel-linux-x86_64-fedora-gcc, r-devel-osx-x86_64-clang, r-devel-windows-ix86+x86_64, r-patched-linux-x86_64, r-patched-solaris-sparc, r-patched-solaris-x86, r-release-linux-ix86, r-release-linux-x86_64, r-release-osx-x86_64-mavericks, r-release-windows-ix86+x86_64, r-oldrel-windows-ix86+x86_64

Version: 1.16
Check: package dependencies
Result: ERROR
    Package required but not available: ‘XML’
    
    See the information on DESCRIPTION files in the chapter ‘Creating R
    packages’ of the ‘Writing R Extensions’ manual.
Flavor: r-devel-osx-x86_64-gcc

Version: 1.16
Check: PDF version of manual
Result: WARNING
    LaTeX errors when creating PDF version.
    This typically indicates Rd problems.
    LaTeX errors found:
    ! LaTeX Error: File `upquote.sty' not found.
    
    Type X to quit or <RETURN> to proceed,
    or enter new name. (Default extension: sty)
    
    3436baa5/Rd2.tex:8: ==> Fatal error occurred, no output PDF file produced!
Flavor: r-release-osx-x86_64-mavericks