CRAN Package Check Results for Package SPARQL

Last updated on 2015-01-25 21:48:30.

Flavor Version Tinstall Tcheck Ttotal Status Flags
r-devel-linux-x86_64-debian-clang 1.16 1.27 15.76 17.03 NOTE
r-devel-linux-x86_64-debian-gcc 1.16 1.31 17.00 18.31 NOTE
r-devel-linux-x86_64-fedora-clang 1.16 41.15 NOTE
r-devel-linux-x86_64-fedora-gcc 1.16 37.82 NOTE
r-devel-osx-x86_64-clang 1.16 38.99 NOTE
r-devel-windows-ix86+x86_64 1.16 5.00 28.00 33.00 NOTE
r-patched-linux-x86_64 1.16 1.65 17.30 18.95 NOTE
r-patched-solaris-sparc 1.16 247.00 NOTE
r-patched-solaris-x86 1.16 55.00 NOTE
r-release-linux-ix86 1.16 1.74 23.13 24.87 NOTE
r-release-linux-x86_64 1.16 1.40 17.53 18.93 NOTE
r-release-osx-x86_64-mavericks 1.16 NOTE
r-release-osx-x86_64-snowleopard 1.16 OK
r-release-windows-ix86+x86_64 1.16 5.00 25.00 30.00 NOTE
r-oldrel-windows-ix86+x86_64 1.16 5.00 28.00 33.00 NOTE

Check Details

Version: 1.16
Check: dependencies in R code
Result: NOTE
    Packages in Depends field not imported from:
     ‘RCurl’ ‘XML’
     These packages need to be imported from (in the NAMESPACE file)
     for when this namespace is loaded but not attached.
Flavors: r-devel-linux-x86_64-debian-clang, r-devel-linux-x86_64-debian-gcc, r-devel-linux-x86_64-fedora-clang, r-devel-linux-x86_64-fedora-gcc, r-devel-osx-x86_64-clang, r-devel-windows-ix86+x86_64

Version: 1.16
Check: R code for possible problems
Result: NOTE
    SPARQL: no visible binding for global variable ‘getURL’
    SPARQL: no visible binding for global variable ‘xmlParse’
    SPARQL: no visible global function definition for ‘getNodeSet’
    SPARQL: no visible global function definition for ‘xpathApply’
    SPARQL: no visible binding for global variable ‘postForm’
    get_attr: no visible global function definition for ‘getNodeSet’
    get_attr : <anonymous> : <anonymous>: no visible global function
     definition for ‘getNodeSet’
    get_attr : <anonymous> : <anonymous>: no visible global function
     definition for ‘xmlDoc’
    get_value: no visible global function definition for ‘xmlDoc’
    get_value: no visible global function definition for ‘xpathSApply’
    get_value: no visible binding for global variable ‘xmlValue’
    get_value: no visible global function definition for ‘xpathApply’
    get_value: no visible binding for global variable ‘xmlGetAttr’
Flavors: r-devel-linux-x86_64-debian-clang, r-devel-linux-x86_64-debian-gcc, r-devel-linux-x86_64-fedora-clang, r-devel-linux-x86_64-fedora-gcc, r-devel-osx-x86_64-clang, r-devel-windows-ix86+x86_64, r-patched-linux-x86_64, r-patched-solaris-sparc, r-patched-solaris-x86, r-release-linux-ix86, r-release-linux-x86_64, r-release-osx-x86_64-mavericks, r-release-windows-ix86+x86_64

Version: 1.16
Check: dependencies in R code
Result: NOTE
    Packages in Depends field not imported from:
     ‘RCurl’ ‘XML’
     These packages need to be imported from (in the NAMESPACE file)
     for when this namespace is loaded but not attached.
    See the information on DESCRIPTION files in the chapter ‘Creating R
    packages’ of the ‘Writing R Extensions’ manual.
Flavors: r-patched-linux-x86_64, r-patched-solaris-sparc, r-patched-solaris-x86, r-release-linux-ix86, r-release-linux-x86_64, r-release-osx-x86_64-mavericks, r-release-windows-ix86+x86_64, r-oldrel-windows-ix86+x86_64