CRAN Package Check Results for Package SPARQL

Last updated on 2014-07-24 07:49:27.

Flavor Version Tinstall Tcheck Ttotal Status Flags
r-devel-linux-x86_64-debian-clang 1.16 1.44 18.16 19.60 NOTE
r-devel-linux-x86_64-debian-gcc 1.16 1.62 17.92 19.53 NOTE
r-devel-linux-x86_64-fedora-clang 1.16 41.26 NOTE
r-devel-linux-x86_64-fedora-gcc 1.16 39.61 NOTE
r-devel-osx-x86_64-clang 1.16 40.21 NOTE
r-devel-windows-ix86+x86_64 1.16 5.00 30.00 35.00 NOTE
r-patched-linux-x86_64 1.16 1.45 17.54 18.98 NOTE
r-patched-solaris-sparc 1.16 229.10 NOTE
r-patched-solaris-x86 1.16 55.40 NOTE
r-release-linux-ix86 1.16 1.87 26.76 28.62 NOTE
r-release-linux-x86_64 1.16 1.49 17.99 19.48 NOTE
r-release-osx-x86_64-mavericks 1.16 NOTE
r-release-osx-x86_64-snowleopard 1.16 OK
r-release-windows-ix86+x86_64 1.16 7.00 30.00 37.00 NOTE
r-oldrel-windows-ix86+x86_64 1.16 5.00 28.00 33.00 NOTE

Check Details

Version: 1.16
Check: dependencies in R code
Result: NOTE
    Packages in Depends field not imported from:
     ‘RCurl’ ‘XML’
     These packages need to be imported from (in the NAMESPACE file)
     for when this namespace is loaded but not attached.
    See the information on DESCRIPTION files in the chapter ‘Creating R
    packages’ of the ‘Writing R Extensions’ manual.
Flavors: r-devel-linux-x86_64-debian-clang, r-devel-linux-x86_64-debian-gcc, r-devel-linux-x86_64-fedora-clang, r-devel-linux-x86_64-fedora-gcc, r-devel-osx-x86_64-clang, r-devel-windows-ix86+x86_64, r-patched-linux-x86_64, r-patched-solaris-sparc, r-patched-solaris-x86, r-release-linux-ix86, r-release-linux-x86_64, r-release-osx-x86_64-mavericks, r-release-windows-ix86+x86_64, r-oldrel-windows-ix86+x86_64