CRAN Package Check Results for Package SPARQL

Last updated on 2015-08-29 06:47:57.

Flavor Version Tinstall Tcheck Ttotal Status Flags
r-devel-linux-x86_64-debian-clang 1.16 1.10 13.55 14.66 NOTE
r-devel-linux-x86_64-debian-gcc 1.16 1.06 13.26 14.32 NOTE
r-devel-linux-x86_64-fedora-clang 1.16 28.88 NOTE
r-devel-linux-x86_64-fedora-gcc 1.16 28.49 NOTE
r-devel-osx-x86_64-clang 1.16 25.89 NOTE
r-devel-windows-ix86+x86_64 1.16 6.00 28.00 34.00 NOTE
r-patched-linux-x86_64 1.16 1.21 14.34 15.55 NOTE
r-patched-solaris-sparc 1.16 201.80 NOTE
r-patched-solaris-x86 1.16 46.70 NOTE
r-release-linux-x86_64 1.16 1.15 14.66 15.80 NOTE
r-release-osx-x86_64-mavericks 1.16 NOTE
r-release-windows-ix86+x86_64 1.16 5.00 35.00 40.00 NOTE
r-oldrel-windows-ix86+x86_64 1.16 6.00 28.00 34.00 NOTE

Check Details

Version: 1.16
Check: dependencies in R code
Result: NOTE
    Packages in Depends field not imported from:
     ‘RCurl’ ‘XML’
     These packages need to be imported from (in the NAMESPACE file)
     for when this namespace is loaded but not attached.
Flavors: r-devel-linux-x86_64-debian-clang, r-devel-linux-x86_64-debian-gcc, r-devel-linux-x86_64-fedora-clang, r-devel-linux-x86_64-fedora-gcc, r-devel-osx-x86_64-clang, r-devel-windows-ix86+x86_64, r-patched-linux-x86_64, r-patched-solaris-sparc, r-patched-solaris-x86, r-release-linux-x86_64, r-release-osx-x86_64-mavericks, r-release-windows-ix86+x86_64, r-oldrel-windows-ix86+x86_64

Version: 1.16
Check: R code for possible problems
Result: NOTE
    SPARQL : <anonymous>: no visible global function definition for
     ‘URLencode’
    SPARQL: no visible binding for global variable ‘getURL’
    SPARQL: no visible global function definition for ‘URLencode’
    SPARQL: no visible binding for global variable ‘xmlParse’
    SPARQL: no visible global function definition for ‘getNodeSet’
    SPARQL: no visible global function definition for ‘xpathApply’
    SPARQL: no visible binding for global variable ‘postForm’
    get_attr: no visible global function definition for ‘getNodeSet’
    get_attr : <anonymous> : <anonymous>: no visible global function
     definition for ‘getNodeSet’
    get_attr : <anonymous> : <anonymous>: no visible global function
     definition for ‘xmlDoc’
    get_value: no visible global function definition for ‘xmlDoc’
    get_value: no visible global function definition for ‘xpathSApply’
    get_value: no visible binding for global variable ‘xmlValue’
    get_value: no visible global function definition for ‘xpathApply’
    get_value: no visible binding for global variable ‘xmlGetAttr’
    readCSVstring: no visible global function definition for ‘read.csv’
    readTSVstring: no visible global function definition for ‘read.delim’
    Undefined global functions or variables:
     URLencode getNodeSet getURL postForm read.csv read.delim xmlDoc
     xmlGetAttr xmlParse xmlValue xpathApply xpathSApply
    Consider adding
     importFrom("utils", "URLencode", "read.csv", "read.delim")
    to your NAMESPACE.
Flavors: r-devel-linux-x86_64-debian-clang, r-devel-linux-x86_64-debian-gcc, r-devel-linux-x86_64-fedora-clang, r-devel-linux-x86_64-fedora-gcc, r-devel-windows-ix86+x86_64

Version: 1.16
Check: R code for possible problems
Result: NOTE
    SPARQL: no visible binding for global variable ‘getURL’
    SPARQL: no visible binding for global variable ‘xmlParse’
    SPARQL: no visible global function definition for ‘getNodeSet’
    SPARQL: no visible global function definition for ‘xpathApply’
    SPARQL: no visible binding for global variable ‘postForm’
    get_attr: no visible global function definition for ‘getNodeSet’
    get_attr : <anonymous> : <anonymous>: no visible global function
     definition for ‘getNodeSet’
    get_attr : <anonymous> : <anonymous>: no visible global function
     definition for ‘xmlDoc’
    get_value: no visible global function definition for ‘xmlDoc’
    get_value: no visible global function definition for ‘xpathSApply’
    get_value: no visible binding for global variable ‘xmlValue’
    get_value: no visible global function definition for ‘xpathApply’
    get_value: no visible binding for global variable ‘xmlGetAttr’
    Undefined global functions or variables:
     getNodeSet getURL postForm xmlDoc xmlGetAttr xmlParse xmlValue
     xpathApply xpathSApply
Flavor: r-devel-osx-x86_64-clang

Version: 1.16
Check: R code for possible problems
Result: NOTE
    SPARQL: no visible binding for global variable ‘getURL’
    SPARQL: no visible binding for global variable ‘xmlParse’
    SPARQL: no visible global function definition for ‘getNodeSet’
    SPARQL: no visible global function definition for ‘xpathApply’
    SPARQL: no visible binding for global variable ‘postForm’
    get_attr: no visible global function definition for ‘getNodeSet’
    get_attr : <anonymous> : <anonymous>: no visible global function
     definition for ‘getNodeSet’
    get_attr : <anonymous> : <anonymous>: no visible global function
     definition for ‘xmlDoc’
    get_value: no visible global function definition for ‘xmlDoc’
    get_value: no visible global function definition for ‘xpathSApply’
    get_value: no visible binding for global variable ‘xmlValue’
    get_value: no visible global function definition for ‘xpathApply’
    get_value: no visible binding for global variable ‘xmlGetAttr’
Flavors: r-patched-linux-x86_64, r-patched-solaris-sparc, r-patched-solaris-x86, r-release-linux-x86_64, r-release-osx-x86_64-mavericks, r-release-windows-ix86+x86_64, r-oldrel-windows-ix86+x86_64