CRAN Package Check Results for Package SPARQL

Last updated on 2014-09-21 13:46:54.

Flavor Version Tinstall Tcheck Ttotal Status Flags
r-devel-linux-x86_64-debian-clang 1.16 1.36 17.51 18.87 NOTE
r-devel-linux-x86_64-debian-gcc 1.16 1.34 16.80 18.14 NOTE
r-devel-linux-x86_64-fedora-clang 1.16 38.85 NOTE
r-devel-linux-x86_64-fedora-gcc 1.16 37.23 NOTE
r-devel-osx-x86_64-clang 1.16 41.41 NOTE
r-devel-windows-ix86+x86_64 1.16 5.00 30.00 35.00 NOTE
r-patched-linux-x86_64 1.16 1.41 17.93 19.34 NOTE
r-patched-solaris-sparc 1.16 236.20 NOTE
r-patched-solaris-x86 1.16 55.80 NOTE
r-release-linux-ix86 1.16 1.89 25.31 27.20 NOTE
r-release-linux-x86_64 1.16 1.63 18.62 20.24 NOTE
r-release-osx-x86_64-mavericks 1.16 NOTE
r-release-osx-x86_64-snowleopard 1.16 OK
r-release-windows-ix86+x86_64 1.16 7.00 41.00 48.00 NOTE
r-oldrel-windows-ix86+x86_64 1.16 9.00 34.00 43.00 NOTE

Check Details

Version: 1.16
Check: dependencies in R code
Result: NOTE
    Packages in Depends field not imported from:
     ‘RCurl’ ‘XML’
     These packages need to be imported from (in the NAMESPACE file)
     for when this namespace is loaded but not attached.
    See the information on DESCRIPTION files in the chapter ‘Creating R
    packages’ of the ‘Writing R Extensions’ manual.
Flavors: r-devel-linux-x86_64-debian-clang, r-devel-linux-x86_64-debian-gcc, r-devel-linux-x86_64-fedora-clang, r-devel-linux-x86_64-fedora-gcc, r-devel-osx-x86_64-clang, r-devel-windows-ix86+x86_64, r-patched-linux-x86_64, r-patched-solaris-sparc, r-patched-solaris-x86, r-release-linux-ix86, r-release-linux-x86_64, r-release-osx-x86_64-mavericks, r-release-windows-ix86+x86_64, r-oldrel-windows-ix86+x86_64

Version: 1.16
Check: R code for possible problems
Result: NOTE
    SPARQL: no visible binding for global variable ‘getURL’
    SPARQL: no visible binding for global variable ‘xmlParse’
    SPARQL: no visible global function definition for ‘getNodeSet’
    SPARQL: no visible global function definition for ‘xpathApply’
    SPARQL: no visible binding for global variable ‘postForm’
    get_attr: no visible global function definition for ‘getNodeSet’
    get_attr : <anonymous> : <anonymous>: no visible global function
     definition for ‘getNodeSet’
    get_attr : <anonymous> : <anonymous>: no visible global function
     definition for ‘xmlDoc’
    get_value: no visible global function definition for ‘xmlDoc’
    get_value: no visible global function definition for ‘xpathSApply’
    get_value: no visible binding for global variable ‘xmlValue’
    get_value: no visible global function definition for ‘xpathApply’
    get_value: no visible binding for global variable ‘xmlGetAttr’
Flavors: r-devel-linux-x86_64-debian-clang, r-devel-linux-x86_64-debian-gcc, r-devel-linux-x86_64-fedora-clang, r-devel-linux-x86_64-fedora-gcc, r-devel-osx-x86_64-clang, r-devel-windows-ix86+x86_64