CRAN Package Check Results for Package SPARRAfairness

Last updated on 2024-02-22 07:52:24 CET.

Flavor Version Tinstall Tcheck Ttotal Status Flags
r-devel-linux-x86_64-debian-clang 0.0.0.1 NOTE
r-devel-linux-x86_64-debian-gcc 0.0.0.1 8.31 64.99 73.30 NOTE
r-devel-linux-x86_64-fedora-clang 0.0.0.1 125.26 NOTE
r-devel-linux-x86_64-fedora-gcc 0.0.0.1 164.35 NOTE
r-devel-windows-x86_64 0.0.0.1 9.00 83.00 92.00 OK
r-patched-linux-x86_64 0.0.0.1 11.85 84.77 96.62 OK
r-release-linux-x86_64 0.0.0.1 10.29 85.75 96.04 OK
r-release-macos-arm64 0.0.0.1 52.00 OK
r-release-macos-x86_64 0.0.0.1 105.00 OK
r-release-windows-x86_64 0.0.0.1 12.00 103.00 115.00 OK
r-oldrel-macos-arm64 0.0.0.1 46.00 OK
r-oldrel-windows-x86_64 0.0.0.1 13.00 98.00 111.00 OK

Check Details

Version: 0.0.0.1
Check: Rd files
Result: NOTE checkRd: (-1) counterfactual_yhat.Rd:47: Lost braces; missing escapes or markup? 47 | We want the counterfactual Yhat_{g' <- G} |X=x,G=g (or alternatively | ^ checkRd: (-1) counterfactual_yhat.Rd:48: Lost braces; missing escapes or markup? 48 | Yhat_{g' <- G} |G=g). | ^ checkRd: (-1) counterfactual_yhat.Rd:58: Lost braces; missing escapes or markup? 58 | To estimate Y'=Yhat_{g' <- G} | G=g, we need to | ^ checkRd: (-1) counterfactual_yhat.Rd:65: Lost braces; missing escapes or markup? 65 | To estimate Y'=Yhat_{g' <- G} |X=x, G=g, we need to | ^ checkRd: (-1) counterfactual_yhat.Rd:27: Lost braces; missing escapes or markup? 27 | indices representing sample(s) from counterfactual Yhat_{g' <- G} |X=x,G=g | ^ Flavors: r-devel-linux-x86_64-debian-clang, r-devel-linux-x86_64-debian-gcc, r-devel-linux-x86_64-fedora-clang, r-devel-linux-x86_64-fedora-gcc