CRAN Package Check Results for Package SPARTAAS

Last updated on 2021-11-30 18:50:09 CET.

Flavor Version Tinstall Tcheck Ttotal Status Flags
r-devel-linux-x86_64-debian-clang 1.1.0 43.81 395.13 438.94 OK
r-devel-linux-x86_64-debian-gcc 1.1.0 37.15 291.83 328.98 OK
r-devel-linux-x86_64-fedora-clang 1.1.0 560.78 NOTE
r-devel-linux-x86_64-fedora-gcc 1.1.0 520.32 OK
r-devel-windows-x86_64-new-UL 1.1.0 79.00 496.00 575.00 OK
r-devel-windows-x86_64-new-TK 1.1.0 OK
r-devel-windows-x86_64-old 1.1.0 77.00 343.00 420.00 OK
r-patched-linux-x86_64 1.1.0 47.01 376.71 423.72 OK
r-patched-solaris-x86 1.1.0 691.60 OK
r-release-linux-x86_64 1.1.0 44.32 375.07 419.39 OK
r-release-macos-arm64 1.1.0 OK
r-release-macos-x86_64 1.1.0 OK
r-release-windows-ix86+x86_64 1.1.0 113.00 468.00 581.00 OK
r-oldrel-macos-x86_64 1.1.0 OK
r-oldrel-windows-ix86+x86_64 1.1.0 80.00 344.00 424.00 OK

Check Details

Version: 1.1.0
Check: package dependencies
Result: NOTE
    Imports includes 31 non-default packages.
    Importing from so many packages makes the package vulnerable to any of
    them becoming unavailable. Move as many as possible to Suggests and
    use conditionally.
Flavor: r-devel-linux-x86_64-fedora-clang