Last updated on 2025-01-19 17:49:18 CET.
Flavor | Version | Tinstall | Tcheck | Ttotal | Status | Flags |
---|---|---|---|---|---|---|
r-devel-linux-x86_64-debian-clang | 0.1.0 | 8.72 | 65.99 | 74.71 | OK | |
r-devel-linux-x86_64-debian-gcc | 0.1.0 | 5.81 | 48.42 | 54.23 | OK | |
r-devel-linux-x86_64-fedora-clang | 0.1.0 | 115.32 | OK | |||
r-devel-linux-x86_64-fedora-gcc | 0.1.0 | 118.68 | OK | |||
r-devel-windows-x86_64 | 0.1.0 | 8.00 | 76.00 | 84.00 | OK | |
r-patched-linux-x86_64 | 0.1.0 | 8.12 | 60.54 | 68.66 | NOTE | |
r-release-linux-x86_64 | 0.1.0 | 7.42 | 60.91 | 68.33 | NOTE | |
r-release-macos-arm64 | 0.1.0 | 36.00 | NOTE | |||
r-release-macos-x86_64 | 0.1.0 | 54.00 | NOTE | |||
r-release-windows-x86_64 | 0.1.0 | 8.00 | 74.00 | 82.00 | NOTE | |
r-oldrel-macos-arm64 | 0.1.0 | 37.00 | NOTE | |||
r-oldrel-macos-x86_64 | 0.1.0 | 58.00 | NOTE | |||
r-oldrel-windows-x86_64 | 0.1.0 | 10.00 | 90.00 | 100.00 | NOTE |
Version: 0.1.0
Check: LazyData
Result: NOTE
'LazyData' is specified without a 'data' directory
Flavors: r-patched-linux-x86_64, r-release-linux-x86_64, r-release-macos-arm64, r-release-macos-x86_64, r-release-windows-x86_64, r-oldrel-macos-arm64, r-oldrel-macos-x86_64, r-oldrel-windows-x86_64