CRAN Package Check Results for Package SPEDInstabR

Last updated on 2019-02-19 20:47:54 CET.

Flavor Version Tinstall Tcheck Ttotal Status Flags
r-devel-linux-x86_64-debian-clang 1.8 2.44 25.23 27.67 OK
r-devel-linux-x86_64-debian-gcc 1.8 2.08 19.98 22.06 OK
r-devel-linux-x86_64-fedora-clang 1.8 33.21 NOTE
r-devel-linux-x86_64-fedora-gcc 1.8 31.10 NOTE
r-devel-windows-ix86+x86_64 1.8 5.00 50.00 55.00 OK
r-patched-linux-x86_64 1.8 2.16 22.05 24.21 OK
r-patched-solaris-x86 1.8 43.80 NOTE
r-release-linux-x86_64 1.8 2.00 22.03 24.03 OK
r-release-windows-ix86+x86_64 1.8 3.00 49.00 52.00 OK
r-release-osx-x86_64 1.8 NOTE
r-oldrel-windows-ix86+x86_64 1.8 2.00 33.00 35.00 OK
r-oldrel-osx-x86_64 1.8 NOTE

Check Details

Version: 1.8
Check: data for non-ASCII characters
Result: NOTE
     Note: found 5 marked Latin-1 strings
Flavors: r-devel-linux-x86_64-fedora-clang, r-devel-linux-x86_64-fedora-gcc, r-patched-solaris-x86, r-release-osx-x86_64, r-oldrel-osx-x86_64