CRAN Package Check Results for Package SPEDInstabR

Last updated on 2019-04-26 16:36:42 CEST.

Flavor Version Tinstall Tcheck Ttotal Status Flags
r-devel-linux-x86_64-debian-clang 1.8 2.63 24.64 27.27 OK
r-devel-linux-x86_64-debian-gcc 1.8 2.30 20.23 22.53 OK
r-devel-linux-x86_64-fedora-clang 1.8 34.33 NOTE
r-devel-linux-x86_64-fedora-gcc 1.8 31.41 NOTE
r-patched-linux-x86_64 1.8 2.30 24.72 27.02 OK
r-patched-solaris-x86 1.8 50.60 NOTE
r-release-linux-x86_64 1.8 2.13 21.94 24.07 OK
r-release-windows-ix86+x86_64 1.8 6.00 51.00 57.00 OK
r-release-osx-x86_64 1.8 NOTE
r-oldrel-windows-ix86+x86_64 1.8 4.00 44.00 48.00 OK
r-oldrel-osx-x86_64 1.8 NOTE

Check Details

Version: 1.8
Check: data for non-ASCII characters
Result: NOTE
     Note: found 5 marked Latin-1 strings
Flavors: r-devel-linux-x86_64-fedora-clang, r-devel-linux-x86_64-fedora-gcc, r-patched-solaris-x86, r-release-osx-x86_64, r-oldrel-osx-x86_64