CRAN Package Check Results for Package SPEDInstabR

Last updated on 2019-08-17 19:48:39 CEST.

Flavor Version Tinstall Tcheck Ttotal Status Flags
r-devel-linux-x86_64-debian-clang 1.8 2.95 24.39 27.34 OK
r-devel-linux-x86_64-debian-gcc 1.8 2.38 20.11 22.49 OK
r-devel-linux-x86_64-fedora-clang 1.8 33.57 NOTE
r-devel-linux-x86_64-fedora-gcc 1.8 31.87 NOTE
r-devel-windows-ix86+x86_64 1.8 8.00 54.00 62.00 OK
r-patched-linux-x86_64 1.8 2.20 24.59 26.79 OK
r-patched-solaris-x86 1.8 53.40 NOTE
r-release-linux-x86_64 1.8 2.31 24.27 26.58 OK
r-release-windows-ix86+x86_64 1.8 7.00 55.00 62.00 OK
r-release-osx-x86_64 1.8 NOTE
r-oldrel-windows-ix86+x86_64 1.8 5.00 45.00 50.00 OK
r-oldrel-osx-x86_64 1.8 NOTE

Check Details

Version: 1.8
Check: data for non-ASCII characters
Result: NOTE
     Note: found 5 marked Latin-1 strings
Flavors: r-devel-linux-x86_64-fedora-clang, r-devel-linux-x86_64-fedora-gcc, r-patched-solaris-x86, r-release-osx-x86_64, r-oldrel-osx-x86_64