CRAN Package Check Results for Package SPEI

Last updated on 2014-07-24 14:48:50.

Flavor Version Tinstall Tcheck Ttotal Status Flags
r-devel-linux-x86_64-debian-clang 1.6 0.69 12.66 13.35 OK
r-devel-linux-x86_64-debian-gcc 1.6 0.99 12.62 13.61 OK
r-devel-linux-x86_64-fedora-clang 1.6 27.97 OK
r-devel-linux-x86_64-fedora-gcc 1.6 27.20 OK
r-devel-osx-x86_64-clang 1.6 28.42 OK
r-devel-windows-ix86+x86_64 1.6 3.00 24.00 27.00 OK
r-patched-linux-x86_64 1.6 0.70 12.77 13.47 OK
r-patched-solaris-sparc 1.6 158.90 OK
r-patched-solaris-x86 1.6 39.40 OK
r-release-linux-ix86 1.6 1.05 20.46 21.51 OK
r-release-linux-x86_64 1.6 0.73 12.83 13.56 OK
r-release-osx-x86_64-mavericks 1.6 OK
r-release-osx-x86_64-snowleopard 1.6 WARN
r-release-windows-ix86+x86_64 1.6 4.00 23.00 27.00 OK
r-oldrel-windows-ix86+x86_64 1.6 3.00 22.00 25.00 OK

Check Details

Version: 1.6
Check: examples
Result: WARNING
    checking a package with encoding 'UTF-8' in an ASCII locale
    
     OK
Flavor: r-release-osx-x86_64-snowleopard