CRAN Package Check Results for Package SPEI

Last updated on 2015-02-27 16:48:02.

Flavor Version Tinstall Tcheck Ttotal Status Flags
r-devel-linux-x86_64-debian-clang 1.6 0.87 12.73 13.60 NOTE
r-devel-linux-x86_64-debian-gcc 1.6 0.64 12.28 12.92 NOTE
r-devel-linux-x86_64-fedora-clang 1.6 25.86 NOTE
r-devel-linux-x86_64-fedora-gcc 1.6 24.95 NOTE
r-devel-osx-x86_64-clang 1.6 27.67 NOTE
r-devel-windows-ix86+x86_64 1.6 3.00 22.00 25.00 NOTE
r-patched-linux-x86_64 1.6 0.75 13.37 14.12 NOTE
r-patched-solaris-sparc 1.6 187.50 NOTE
r-release-linux-ix86 1.6 1.02 19.98 21.00 NOTE
r-release-linux-x86_64 1.6 0.76 13.70 14.46 NOTE
r-release-osx-x86_64-mavericks 1.6 NOTE
r-release-osx-x86_64-snowleopard 1.6 WARN
r-release-windows-ix86+x86_64 1.6 4.00 22.00 26.00 NOTE
r-oldrel-windows-ix86+x86_64 1.6 4.00 23.00 27.00 OK

Check Details

Version: 1.6
Check: dependencies in R code
Result: NOTE
    Package in Depends field not imported from: ‘parallel’
     These packages need to be imported from (in the NAMESPACE file)
     for when this namespace is loaded but not attached.
Flavors: r-devel-linux-x86_64-debian-clang, r-devel-linux-x86_64-debian-gcc, r-devel-linux-x86_64-fedora-clang, r-devel-linux-x86_64-fedora-gcc, r-devel-osx-x86_64-clang, r-devel-windows-ix86+x86_64, r-patched-linux-x86_64

Version: 1.6
Check: S3 generic/method consistency
Result: NOTE
    Found the following apparent S3 methods exported but not registered:
     plot.spei print.spei summary.spei
    See section ‘Registering S3 methods’ in the ‘Writing R Extensions’
    manual.
Flavors: r-devel-linux-x86_64-debian-clang, r-devel-linux-x86_64-debian-gcc, r-devel-linux-x86_64-fedora-clang, r-devel-linux-x86_64-fedora-gcc, r-devel-osx-x86_64-clang

Version: 1.6
Check: dependencies in R code
Result: NOTE
    Package in Depends field not imported from: ‘parallel’
     These packages need to be imported from (in the NAMESPACE file)
     for when this namespace is loaded but not attached.
    See the information on DESCRIPTION files in the chapter ‘Creating R
    packages’ of the ‘Writing R Extensions’ manual.
Flavors: r-patched-solaris-sparc, r-release-linux-ix86, r-release-linux-x86_64, r-release-osx-x86_64-mavericks, r-release-windows-ix86+x86_64

Version: 1.6
Check: examples
Result: WARN
    checking a package with encoding 'UTF-8' in an ASCII locale
    
     OK
Flavor: r-release-osx-x86_64-snowleopard