CRAN Package Check Results for Package SPEI

Last updated on 2014-12-22 17:51:35.

Flavor Version Tinstall Tcheck Ttotal Status Flags
r-devel-linux-x86_64-debian-clang 1.6 0.71 14.01 14.72 NOTE
r-devel-linux-x86_64-debian-gcc 1.6 0.69 13.48 14.17 NOTE
r-devel-linux-x86_64-fedora-clang 1.6 30.13 NOTE
r-devel-linux-x86_64-fedora-gcc 1.6 27.15 NOTE
r-devel-osx-x86_64-clang 1.6 29.94 NOTE
r-devel-windows-ix86+x86_64 1.6 6.00 29.00 35.00 NOTE
r-patched-linux-x86_64 1.6 0.74 13.46 14.20 NOTE
r-patched-solaris-sparc 1.6 187.30 NOTE
r-patched-solaris-x86 1.6 40.40 NOTE
r-release-linux-ix86 1.6 1.05 19.19 20.24 NOTE
r-release-linux-x86_64 1.6 0.74 13.11 13.85 NOTE
r-release-osx-x86_64-mavericks 1.6 OK
r-release-osx-x86_64-snowleopard 1.6 WARN
r-release-windows-ix86+x86_64 1.6 3.00 22.00 25.00 NOTE
r-oldrel-windows-ix86+x86_64 1.6 3.00 24.00 27.00 OK

Check Details

Version: 1.6
Check: dependencies in R code
Result: NOTE
    Package in Depends field not imported from: ‘parallel’
     These packages need to be imported from (in the NAMESPACE file)
     for when this namespace is loaded but not attached.
    See the information on DESCRIPTION files in the chapter ‘Creating R
    packages’ of the ‘Writing R Extensions’ manual.
Flavors: r-devel-linux-x86_64-debian-clang, r-devel-linux-x86_64-debian-gcc, r-devel-linux-x86_64-fedora-clang, r-devel-linux-x86_64-fedora-gcc, r-devel-osx-x86_64-clang, r-devel-windows-ix86+x86_64, r-patched-linux-x86_64, r-patched-solaris-sparc, r-patched-solaris-x86, r-release-linux-ix86, r-release-linux-x86_64, r-release-windows-ix86+x86_64

Version: 1.6
Check: examples
Result: WARN
    checking a package with encoding 'UTF-8' in an ASCII locale
    
     OK
Flavor: r-release-osx-x86_64-snowleopard