CRAN Package Check Results for Package SPEI

Last updated on 2014-04-25 05:47:26.

Flavor Version Tinstall Tcheck Ttotal Status Flags
r-devel-linux-x86_64-debian-clang 1.6 0.83 13.32 14.14 OK
r-devel-linux-x86_64-debian-gcc 1.6 0.82 13.15 13.96 OK
r-devel-linux-x86_64-fedora-clang 1.6 27.92 OK
r-devel-linux-x86_64-fedora-gcc 1.6 26.48 OK
r-devel-osx-x86_64-clang 1.6 26.78 OK
r-devel-osx-x86_64-gcc 1.6 OK
r-devel-windows-ix86+x86_64 1.6 3.00 20.00 23.00 OK
r-patched-linux-x86_64 1.6 0.74 13.32 14.06 OK
r-patched-solaris-sparc 1.6 158.90 OK
r-patched-solaris-x86 1.6 40.30 OK
r-release-linux-ix86 1.6 2.00 26.00 28.00 OK
r-release-linux-x86_64 1.6 0.83 13.74 14.58 OK
r-release-osx-x86_64-mavericks 1.6 WARN
r-release-osx-x86_64-snowleopard 1.6 WARN
r-release-windows-ix86+x86_64 1.6 5.00 30.00 35.00 OK
r-oldrel-windows-ix86+x86_64 1.6 3.00 23.00 26.00 OK

Check Details

Version: 1.6
Check: PDF version of manual
Result: WARNING
    LaTeX errors when creating PDF version.
    This typically indicates Rd problems.
    LaTeX errors found:
    ! LaTeX Error: File `upquote.sty' not found.
    
    Type X to quit or <RETURN> to proceed,
    or enter new name. (Default extension: sty)
    
    311dc527/Rd2.tex:8: ==> Fatal error occurred, no output PDF file produced!
Flavor: r-release-osx-x86_64-mavericks

Version: 1.6
Check: examples
Result: WARNING
    checking a package with encoding 'UTF-8' in an ASCII locale
    
     OK
Flavor: r-release-osx-x86_64-snowleopard