CRAN Package Check Results for Package SPEI

Last updated on 2015-07-02 07:49:02.

Flavor Version Tinstall Tcheck Ttotal Status Flags
r-devel-linux-x86_64-debian-clang 1.6 0.61 12.08 12.69 NOTE
r-devel-linux-x86_64-debian-gcc 1.6 0.83 11.76 12.59 NOTE
r-devel-linux-x86_64-fedora-clang 1.6 24.31 NOTE
r-devel-linux-x86_64-fedora-gcc 1.6 22.24 NOTE
r-devel-osx-x86_64-clang 1.6 24.68 NOTE
r-devel-windows-ix86+x86_64 1.6 4.00 22.00 26.00 NOTE
r-patched-linux-x86_64 1.6 0.64 12.33 12.97 NOTE
r-patched-solaris-sparc 1.6 169.30 NOTE
r-patched-solaris-x86 1.6 36.40 NOTE
r-release-linux-x86_64 1.6 0.64 12.22 12.86 NOTE
r-release-osx-x86_64-mavericks 1.6 NOTE
r-release-windows-ix86+x86_64 1.6 3.00 21.00 24.00 NOTE
r-oldrel-windows-ix86+x86_64 1.6 4.00 23.00 27.00 NOTE

Check Details

Version: 1.6
Check: dependencies in R code
Result: NOTE
    Package in Depends field not imported from: ‘parallel’
     These packages need to be imported from (in the NAMESPACE file)
     for when this namespace is loaded but not attached.
Flavors: r-devel-linux-x86_64-debian-clang, r-devel-linux-x86_64-debian-gcc, r-devel-linux-x86_64-fedora-clang, r-devel-linux-x86_64-fedora-gcc, r-devel-osx-x86_64-clang, r-devel-windows-ix86+x86_64, r-patched-linux-x86_64, r-patched-solaris-sparc, r-patched-solaris-x86, r-release-linux-x86_64, r-release-osx-x86_64-mavericks, r-release-windows-ix86+x86_64, r-oldrel-windows-ix86+x86_64

Version: 1.6
Check: S3 generic/method consistency
Result: NOTE
    Found the following apparent S3 methods exported but not registered:
     plot.spei print.spei summary.spei
    See section ‘Registering S3 methods’ in the ‘Writing R Extensions’
    manual.
Flavors: r-devel-linux-x86_64-debian-clang, r-devel-linux-x86_64-debian-gcc, r-devel-linux-x86_64-fedora-clang, r-devel-linux-x86_64-fedora-gcc, r-devel-osx-x86_64-clang, r-patched-linux-x86_64, r-patched-solaris-sparc, r-patched-solaris-x86, r-release-linux-x86_64

Version: 1.6
Check: R code for possible problems
Result: NOTE
    .onAttach: no visible global function definition for
     ‘packageDescription’
    hargreaves: no visible global function definition for ‘is.ts’
    hargreaves: no visible global function definition for ‘frequency’
    hargreaves: no visible global function definition for ‘ts’
    hargreaves: no visible global function definition for ‘start’
    hargreaves: no visible global function definition for ‘cycle’
    kern.plot: no visible global function definition for ‘par’
    kern.plot: no visible global function definition for ‘plot’
    parglo.maxlik: no visible global function definition for ‘optim’
    penman: no visible global function definition for ‘is.ts’
    penman: no visible global function definition for ‘ts’
    penman: no visible global function definition for ‘frequency’
    penman: no visible global function definition for ‘start’
    penman: no visible global function definition for ‘cycle’
    plot.spei: no visible global function definition for ‘ts’
    plot.spei: no visible global function definition for ‘end’
    plot.spei: no visible global function definition for ‘frequency’
    plot.spei: no visible global function definition for ‘start’
    plot.spei: no visible global function definition for ‘par’
    plot.spei: no visible global function definition for ‘plot’
    plot.spei: no visible global function definition for ‘polygon’
    plot.spei: no visible global function definition for ‘abline’
    plot.spei: no visible global function definition for ‘grid’
    plot.spei: no visible global function definition for ‘lines’
    plot.spei: no visible global function definition for ‘points’
    spei: no visible global function definition for ‘is.ts’
    spei: no visible global function definition for ‘ts’
    spei: no visible global function definition for ‘frequency’
    spei: no visible global function definition for ‘start’
    spei: no visible global function definition for ‘window’
    spei: no visible global function definition for ‘embed’
    spei: no visible global function definition for ‘cycle’
    spei: no visible global function definition for ‘sd’
    spei: no visible global function definition for ‘qnorm’
    spei: no visible global function definition for ‘pnorm’
    thornthwaite: no visible global function definition for ‘is.ts’
    thornthwaite: no visible global function definition for ‘frequency’
    thornthwaite: no visible global function definition for ‘ts’
    thornthwaite: no visible global function definition for ‘start’
    thornthwaite: no visible global function definition for ‘cycle’
Flavors: r-devel-linux-x86_64-debian-clang, r-devel-linux-x86_64-debian-gcc, r-devel-linux-x86_64-fedora-gcc

Version: 1.6
Check: R code for possible problems
Result: NOTE
    .onAttach: no visible global function definition for
     ‘packageDescription’
    hargreaves: no visible global function definition for ‘is.ts’
    hargreaves: no visible global function definition for ‘frequency’
    hargreaves: no visible global function definition for ‘ts’
    hargreaves: no visible global function definition for ‘start’
    hargreaves: no visible global function definition for ‘cycle’
    kern.plot: no visible global function definition for ‘par’
    kern.plot: no visible global function definition for ‘plot’
    parglo.maxlik: no visible global function definition for ‘optim’
    penman: no visible global function definition for ‘is.ts’
    penman: no visible global function definition for ‘ts’
    penman: no visible global function definition for ‘frequency’
    penman: no visible global function definition for ‘start’
    penman: no visible global function definition for ‘cycle’
    plot.spei: no visible global function definition for ‘ts’
    plot.spei: no visible global function definition for ‘end’
    plot.spei: no visible global function definition for ‘frequency’
    plot.spei: no visible global function definition for ‘start’
    plot.spei: no visible global function definition for ‘par’
    plot.spei: no visible global function definition for ‘plot’
    plot.spei: no visible global function definition for ‘polygon’
    plot.spei: no visible global function definition for ‘abline’
    plot.spei: no visible global function definition for ‘grid’
    plot.spei: no visible global function definition for ‘lines’
    plot.spei: no visible global function definition for ‘points’
    spei: no visible global function definition for ‘is.ts’
    spei: no visible global function definition for ‘ts’
    spei: no visible global function definition for ‘frequency’
    spei: no visible global function definition for ‘start’
    spei: no visible global function definition for ‘window’
    spei: no visible global function definition for ‘embed’
    spei: no visible global function definition for ‘cycle’
    spei: no visible global function definition for ‘sd’
    spei: no visible global function definition for ‘qnorm’
    spei: no visible global function definition for ‘pnorm’
    thornthwaite: no visible global function definition for ‘is.ts’
    thornthwaite: no visible global function definition for ‘frequency’
    thornthwaite: no visible global function definition for ‘ts’
    thornthwaite: no visible global function definition for ‘start’
    thornthwaite: no visible global function definition for ‘cycle’
    Undefined global functions or variables:
     abline cycle embed end frequency grid is.ts lines optim
     packageDescription par plot pnorm points polygon qnorm sd start ts
     window
Flavor: r-devel-linux-x86_64-fedora-clang