CRAN Package Check Results for Package SPEI

Last updated on 2014-08-20 17:47:54.

Flavor Version Tinstall Tcheck Ttotal Status Flags
r-devel-linux-x86_64-debian-clang 1.6 0.68 12.54 13.22 NOTE
r-devel-linux-x86_64-debian-gcc 1.6 0.68 12.62 13.30 NOTE
r-devel-linux-x86_64-fedora-clang 1.6 28.12 NOTE
r-devel-linux-x86_64-fedora-gcc 1.6 27.35 NOTE
r-devel-osx-x86_64-clang 1.6 27.60 NOTE
r-devel-windows-ix86+x86_64 1.6 2.00 23.00 25.00 NOTE
r-patched-linux-x86_64 1.6 0.70 12.88 13.58 NOTE
r-patched-solaris-sparc 1.6 198.50 NOTE
r-patched-solaris-x86 1.6 39.10 NOTE
r-release-linux-ix86 1.6 1.06 19.80 20.86 OK
r-release-linux-x86_64 1.6 0.74 12.81 13.55 OK
r-release-osx-x86_64-mavericks 1.6 OK
r-release-osx-x86_64-snowleopard 1.6 WARN
r-release-windows-ix86+x86_64 1.6 4.00 23.00 27.00 OK
r-oldrel-windows-ix86+x86_64 1.6 3.00 22.00 25.00 OK

Check Details

Version: 1.6
Check: dependencies in R code
Result: NOTE
    Package in Depends field not imported from: ‘parallel’
     These packages need to be imported from (in the NAMESPACE file)
     for when this namespace is loaded but not attached.
    See the information on DESCRIPTION files in the chapter ‘Creating R
    packages’ of the ‘Writing R Extensions’ manual.
Flavors: r-devel-linux-x86_64-debian-clang, r-devel-linux-x86_64-debian-gcc, r-devel-linux-x86_64-fedora-clang, r-devel-linux-x86_64-fedora-gcc, r-devel-osx-x86_64-clang, r-devel-windows-ix86+x86_64, r-patched-linux-x86_64, r-patched-solaris-sparc, r-patched-solaris-x86

Version: 1.6
Check: examples
Result: WARNING
    checking a package with encoding 'UTF-8' in an ASCII locale
    
     OK
Flavor: r-release-osx-x86_64-snowleopard