CRAN Package Check Results for Package SPEI

Last updated on 2014-10-31 23:47:41.

Flavor Version Tinstall Tcheck Ttotal Status Flags
r-devel-linux-x86_64-debian-clang 1.6 0.72 13.48 14.20 NOTE
r-devel-linux-x86_64-debian-gcc 1.6 0.71 13.01 13.72 NOTE
r-devel-linux-x86_64-fedora-clang 1.6 28.39 NOTE
r-devel-linux-x86_64-fedora-gcc 1.6 27.22 NOTE
r-devel-osx-x86_64-clang 1.6 29.56 NOTE
r-devel-windows-ix86+x86_64 1.6 3.00 23.00 26.00 NOTE
r-patched-linux-x86_64 1.6 0.73 13.41 14.14 NOTE
r-patched-solaris-sparc 1.6 198.50 NOTE
r-patched-solaris-x86 1.6 41.30 NOTE
r-release-linux-ix86 1.6 1.05 19.98 21.03 OK
r-release-linux-x86_64 1.6 0.75 13.37 14.12 OK
r-release-osx-x86_64-mavericks 1.6 OK
r-release-osx-x86_64-snowleopard 1.6 WARN
r-release-windows-ix86+x86_64 1.6 3.00 24.00 27.00 OK
r-oldrel-windows-ix86+x86_64 1.6 4.00 24.00 28.00 OK

Check Details

Version: 1.6
Check: dependencies in R code
Result: NOTE
    Package in Depends field not imported from: ‘parallel’
     These packages need to be imported from (in the NAMESPACE file)
     for when this namespace is loaded but not attached.
    See the information on DESCRIPTION files in the chapter ‘Creating R
    packages’ of the ‘Writing R Extensions’ manual.
Flavors: r-devel-linux-x86_64-debian-clang, r-devel-linux-x86_64-debian-gcc, r-devel-linux-x86_64-fedora-clang, r-devel-linux-x86_64-fedora-gcc, r-devel-osx-x86_64-clang, r-devel-windows-ix86+x86_64, r-patched-linux-x86_64, r-patched-solaris-sparc, r-patched-solaris-x86

Version: 1.6
Check: examples
Result: WARN
    checking a package with encoding 'UTF-8' in an ASCII locale
    
     OK
Flavor: r-release-osx-x86_64-snowleopard