CRAN Package Check Results for Package SPEI

Last updated on 2015-04-28 21:46:50.

Flavor Version Tinstall Tcheck Ttotal Status Flags
r-devel-linux-x86_64-debian-clang 1.6 0.67 13.26 13.93 NOTE
r-devel-linux-x86_64-debian-gcc 1.6 0.64 12.42 13.06 NOTE
r-devel-linux-x86_64-fedora-clang 1.6 25.86 NOTE
r-devel-linux-x86_64-fedora-gcc 1.6 23.32 NOTE
r-devel-osx-x86_64-clang 1.6 26.19 NOTE
r-devel-windows-ix86+x86_64 1.6 3.00 21.00 24.00 NOTE
r-patched-linux-x86_64 1.6 0.65 12.43 13.08 NOTE
r-patched-solaris-sparc 1.6 182.20 NOTE
r-patched-solaris-x86 1.6 36.10 NOTE
r-release-linux-x86_64 1.6 0.67 12.59 13.26 NOTE
r-release-osx-x86_64-mavericks 1.6 NOTE
r-release-osx-x86_64-snowleopard 1.6 NOTE
r-release-windows-ix86+x86_64 1.6 2.00 18.00 20.00 NOTE
r-oldrel-windows-ix86+x86_64 1.6 4.00 23.00 27.00 NOTE

Check Details

Version: 1.6
Check: dependencies in R code
Result: NOTE
    Package in Depends field not imported from: ‘parallel’
     These packages need to be imported from (in the NAMESPACE file)
     for when this namespace is loaded but not attached.
Flavors: r-devel-linux-x86_64-debian-clang, r-devel-linux-x86_64-debian-gcc, r-devel-linux-x86_64-fedora-clang, r-devel-linux-x86_64-fedora-gcc, r-devel-osx-x86_64-clang, r-devel-windows-ix86+x86_64, r-patched-linux-x86_64, r-patched-solaris-sparc, r-patched-solaris-x86, r-release-linux-x86_64, r-release-osx-x86_64-mavericks, r-release-osx-x86_64-snowleopard, r-release-windows-ix86+x86_64, r-oldrel-windows-ix86+x86_64

Version: 1.6
Check: S3 generic/method consistency
Result: NOTE
    Found the following apparent S3 methods exported but not registered:
     plot.spei print.spei summary.spei
    See section ‘Registering S3 methods’ in the ‘Writing R Extensions’
    manual.
Flavors: r-devel-linux-x86_64-debian-clang, r-devel-linux-x86_64-debian-gcc, r-devel-linux-x86_64-fedora-clang, r-devel-linux-x86_64-fedora-gcc, r-devel-osx-x86_64-clang, r-patched-linux-x86_64, r-patched-solaris-x86, r-release-linux-x86_64