CRAN Package Check Results for Package SPEI

Last updated on 2014-11-23 09:50:26.

Flavor Version Tinstall Tcheck Ttotal Status Flags
r-devel-linux-x86_64-debian-clang 1.6 0.90 13.36 14.26 NOTE
r-devel-linux-x86_64-debian-gcc 1.6 0.74 12.81 13.55 NOTE
r-devel-linux-x86_64-fedora-clang 1.6 29.21 NOTE
r-devel-linux-x86_64-fedora-gcc 1.6 27.26 NOTE
r-devel-osx-x86_64-clang 1.6 30.33 NOTE
r-devel-windows-ix86+x86_64 1.6 3.00 24.00 27.00 NOTE
r-patched-linux-x86_64 1.6 0.75 13.22 13.98 NOTE
r-patched-solaris-sparc 1.6 198.50 NOTE
r-patched-solaris-x86 1.6 41.50 NOTE
r-release-linux-ix86 1.6 1.04 19.24 20.28 NOTE
r-release-linux-x86_64 1.6 0.75 13.20 13.95 NOTE
r-release-osx-x86_64-mavericks 1.6 OK
r-release-osx-x86_64-snowleopard 1.6 WARN
r-release-windows-ix86+x86_64 1.6 3.00 24.00 27.00 NOTE
r-oldrel-windows-ix86+x86_64 1.6 4.00 24.00 28.00 OK

Check Details

Version: 1.6
Check: dependencies in R code
Result: NOTE
    Package in Depends field not imported from: ‘parallel’
     These packages need to be imported from (in the NAMESPACE file)
     for when this namespace is loaded but not attached.
    See the information on DESCRIPTION files in the chapter ‘Creating R
    packages’ of the ‘Writing R Extensions’ manual.
Flavors: r-devel-linux-x86_64-debian-clang, r-devel-linux-x86_64-debian-gcc, r-devel-linux-x86_64-fedora-clang, r-devel-linux-x86_64-fedora-gcc, r-devel-osx-x86_64-clang, r-devel-windows-ix86+x86_64, r-patched-linux-x86_64, r-patched-solaris-sparc, r-patched-solaris-x86, r-release-linux-ix86, r-release-linux-x86_64, r-release-windows-ix86+x86_64

Version: 1.6
Check: examples
Result: WARN
    checking a package with encoding 'UTF-8' in an ASCII locale
    
     OK
Flavor: r-release-osx-x86_64-snowleopard