CRAN Package Check Results for Package SPEI

Last updated on 2014-09-16 19:48:44.

Flavor Version Tinstall Tcheck Ttotal Status Flags
r-devel-linux-x86_64-debian-clang 1.6 0.66 13.64 14.30 NOTE
r-devel-linux-x86_64-debian-gcc 1.6 0.90 12.63 13.53 NOTE
r-devel-linux-x86_64-fedora-clang 1.6 27.05 NOTE
r-devel-linux-x86_64-fedora-gcc 1.6 27.42 NOTE
r-devel-osx-x86_64-clang 1.6 27.42 NOTE
r-devel-windows-ix86+x86_64 1.6 3.00 23.00 26.00 NOTE
r-patched-linux-x86_64 1.6 0.74 12.67 13.42 NOTE
r-patched-solaris-sparc 1.6 198.50 NOTE
r-patched-solaris-x86 1.6 39.00 NOTE
r-release-linux-ix86 1.6 1.06 20.01 21.07 OK
r-release-linux-x86_64 1.6 0.88 13.78 14.66 OK
r-release-osx-x86_64-mavericks 1.6 OK
r-release-osx-x86_64-snowleopard 1.6 WARN
r-release-windows-ix86+x86_64 1.6 4.00 23.00 27.00 OK
r-oldrel-windows-ix86+x86_64 1.6 3.00 22.00 25.00 OK

Check Details

Version: 1.6
Check: dependencies in R code
Result: NOTE
    Package in Depends field not imported from: ‘parallel’
     These packages need to be imported from (in the NAMESPACE file)
     for when this namespace is loaded but not attached.
    See the information on DESCRIPTION files in the chapter ‘Creating R
    packages’ of the ‘Writing R Extensions’ manual.
Flavors: r-devel-linux-x86_64-debian-clang, r-devel-linux-x86_64-debian-gcc, r-devel-linux-x86_64-fedora-clang, r-devel-linux-x86_64-fedora-gcc, r-devel-osx-x86_64-clang, r-devel-windows-ix86+x86_64, r-patched-linux-x86_64, r-patched-solaris-sparc, r-patched-solaris-x86

Version: 1.6
Check: examples
Result: WARN
    checking a package with encoding 'UTF-8' in an ASCII locale
    
     OK
Flavor: r-release-osx-x86_64-snowleopard