CRAN Package Check Results for Package SPIn

Last updated on 2015-05-30 03:49:00.

Flavor Version Tinstall Tcheck Ttotal Status Flags
r-devel-linux-x86_64-debian-clang 1.1 0.53 10.02 10.55 NOTE
r-devel-linux-x86_64-debian-gcc 1.1 0.53 9.78 10.30 NOTE
r-devel-linux-x86_64-fedora-clang 1.1 20.79 NOTE
r-devel-linux-x86_64-fedora-gcc 1.1 18.88 NOTE
r-devel-osx-x86_64-clang 1.1 25.00 NOTE
r-devel-windows-ix86+x86_64 1.1 2.00 18.00 20.00 NOTE
r-patched-linux-x86_64 1.1 0.52 10.10 10.61 NOTE
r-patched-solaris-sparc 1.1 139.70 NOTE
r-patched-solaris-x86 1.1 30.20 NOTE
r-release-linux-x86_64 1.1 0.65 10.06 10.71 NOTE
r-release-osx-x86_64-mavericks 1.1 NOTE
r-release-osx-x86_64-snowleopard 1.1 NOTE
r-release-windows-ix86+x86_64 1.1 1.00 19.00 20.00 NOTE
r-oldrel-windows-ix86+x86_64 1.1 4.00 20.00 24.00 NOTE

Check Details

Version: 1.1
Check: dependencies in R code
Result: NOTE
    'library' or 'require' call to ‘quadprog’ which was already attached by Depends.
     Please remove these calls from your code.
    Package in Depends field not imported from: ‘quadprog’
     These packages need to be imported from (in the NAMESPACE file)
     for when this namespace is loaded but not attached.
Flavors: r-devel-linux-x86_64-debian-clang, r-devel-linux-x86_64-debian-gcc, r-devel-linux-x86_64-fedora-clang, r-devel-linux-x86_64-fedora-gcc, r-devel-osx-x86_64-clang, r-devel-windows-ix86+x86_64, r-patched-linux-x86_64, r-patched-solaris-sparc, r-patched-solaris-x86, r-release-linux-x86_64, r-release-osx-x86_64-mavericks, r-release-osx-x86_64-snowleopard, r-release-windows-ix86+x86_64, r-oldrel-windows-ix86+x86_64

Version: 1.1
Check: R code for possible problems
Result: NOTE
    SPIn: no visible global function definition for ‘solve.QP’
Flavors: r-devel-linux-x86_64-debian-clang, r-devel-linux-x86_64-debian-gcc, r-devel-linux-x86_64-fedora-clang, r-devel-linux-x86_64-fedora-gcc, r-devel-osx-x86_64-clang, r-devel-windows-ix86+x86_64, r-patched-linux-x86_64, r-patched-solaris-sparc, r-patched-solaris-x86, r-release-linux-x86_64, r-release-osx-x86_64-mavericks, r-release-osx-x86_64-snowleopard, r-release-windows-ix86+x86_64, r-oldrel-windows-ix86+x86_64