CRAN Package Check Results for Package SPIn

Last updated on 2014-09-19 06:46:52.

Flavor Version Tinstall Tcheck Ttotal Status Flags
r-devel-linux-x86_64-debian-clang 1.1 0.50 9.99 10.49 NOTE
r-devel-linux-x86_64-debian-gcc 1.1 0.56 9.81 10.37 NOTE
r-devel-linux-x86_64-fedora-clang 1.1 20.39 NOTE
r-devel-linux-x86_64-fedora-gcc 1.1 21.48 NOTE
r-devel-osx-x86_64-clang 1.1 24.75 NOTE
r-devel-windows-ix86+x86_64 1.1 2.00 18.00 20.00 NOTE
r-patched-linux-x86_64 1.1 0.52 10.32 10.84 NOTE
r-patched-solaris-sparc 1.1 122.70 NOTE
r-patched-solaris-x86 1.1 31.60 NOTE
r-release-linux-ix86 1.1 0.85 16.17 17.02 NOTE
r-release-linux-x86_64 1.1 0.56 10.55 11.11 NOTE
r-release-osx-x86_64-mavericks 1.1 NOTE
r-release-osx-x86_64-snowleopard 1.1 NOTE
r-release-windows-ix86+x86_64 1.1 3.00 19.00 22.00 NOTE
r-oldrel-windows-ix86+x86_64 1.1 2.00 18.00 20.00 NOTE

Check Details

Version: 1.1
Check: dependencies in R code
Result: NOTE
    'library' or 'require' call to ‘quadprog’ which was already attached by Depends.
     Please remove these calls from your code.
    Package in Depends field not imported from: ‘quadprog’
     These packages need to be imported from (in the NAMESPACE file)
     for when this namespace is loaded but not attached.
    See the information on DESCRIPTION files in the chapter ‘Creating R
    packages’ of the ‘Writing R Extensions’ manual.
Flavors: r-devel-linux-x86_64-debian-clang, r-devel-linux-x86_64-debian-gcc, r-devel-linux-x86_64-fedora-clang, r-devel-linux-x86_64-fedora-gcc, r-devel-osx-x86_64-clang, r-devel-windows-ix86+x86_64, r-patched-linux-x86_64, r-patched-solaris-sparc, r-patched-solaris-x86, r-release-linux-ix86, r-release-linux-x86_64, r-release-osx-x86_64-mavericks, r-release-windows-ix86+x86_64, r-oldrel-windows-ix86+x86_64

Version: 1.1
Check: R code for possible problems
Result: NOTE
    SPIn: no visible global function definition for ‘solve.QP’
Flavors: r-devel-linux-x86_64-debian-clang, r-devel-linux-x86_64-debian-gcc, r-devel-linux-x86_64-fedora-clang, r-devel-linux-x86_64-fedora-gcc, r-devel-osx-x86_64-clang, r-devel-windows-ix86+x86_64

Version: 1.1
Check: dependencies in R code
Result: NOTE
    'library' or 'require' call to 'quadprog' which was already attached by Depends.
     Please remove these calls from your code.
    See the information on DESCRIPTION files in the chapter 'Creating R
    packages' of the 'Writing R Extensions' manual.
Flavor: r-release-osx-x86_64-snowleopard