CRAN Package Check Results for Package SPIn

Last updated on 2014-04-20 22:47:07.

Flavor Version Tinstall Tcheck Ttotal Status Flags
r-devel-linux-x86_64-debian-clang 1.1 0.59 10.26 10.85 NOTE
r-devel-linux-x86_64-debian-gcc 1.1 0.58 10.42 11.00 NOTE
r-devel-linux-x86_64-fedora-clang 1.1 22.04 NOTE
r-devel-linux-x86_64-fedora-gcc 1.1 20.58 NOTE
r-devel-macosx-x86_64-clang 1.1 21.88 NOTE
r-devel-macosx-x86_64-gcc 1.1 NOTE
r-devel-windows-ix86+x86_64 1.1 2.00 17.00 19.00 NOTE
r-patched-linux-x86_64 1.1 0.61 10.45 11.06 NOTE
r-patched-solaris-sparc 1.1 120.60 NOTE
r-patched-solaris-x86 1.1 31.40 NOTE
r-release-linux-ix86 NOTE
r-release-linux-x86_64 1.1 0.65 10.24 10.88 NOTE
r-release-macosx-x86_64 1.1 NOTE
r-release-windows-ix86+x86_64 1.1 4.00 25.00 29.00 NOTE
r-oldrel-windows-ix86+x86_64 1.1 2.00 18.00 20.00 NOTE

Check Details

Version: 1.1
Check: dependencies in R code
Result: NOTE
    'library' or 'require' call to ‘quadprog’ which was already attached by Depends.
     Please remove these calls from your code.
    Package in Depends field not imported from: ‘quadprog’
     These packages need to be imported from (in the NAMESPACE file)
     for when this namespace is loaded but not attached.
    See the information on DESCRIPTION files in the chapter ‘Creating R
    packages’ of the ‘Writing R Extensions’ manual.
Flavors: r-devel-linux-x86_64-debian-clang, r-devel-linux-x86_64-debian-gcc, r-devel-linux-x86_64-fedora-clang, r-devel-linux-x86_64-fedora-gcc, r-devel-macosx-x86_64-clang, r-devel-macosx-x86_64-gcc, r-devel-windows-ix86+x86_64, r-patched-linux-x86_64, r-patched-solaris-sparc, r-patched-solaris-x86, r-release-linux-ix86, r-release-linux-x86_64, r-release-windows-ix86+x86_64, r-oldrel-windows-ix86+x86_64

Version: 1.1
Check: dependencies in R code
Result: NOTE
    'library' or 'require' call to 'quadprog' which was already attached by Depends.
     Please remove these calls from your code.
    See the information on DESCRIPTION files in the chapter 'Creating R
    packages' of the 'Writing R Extensions' manual.
Flavor: r-release-macosx-x86_64