CRAN Package Check Results for Package SPIn

Last updated on 2016-02-11 23:47:43.

Flavor Version Tinstall Tcheck Ttotal Status Flags
r-devel-linux-x86_64-debian-gcc 1.1 0.58 9.12 9.70 NOTE
r-devel-linux-x86_64-fedora-clang 1.1 16.80 NOTE
r-devel-linux-x86_64-fedora-gcc 1.1 15.70 NOTE
r-devel-osx-x86_64-clang 1.1 21.97 NOTE
r-devel-windows-ix86+x86_64 1.1 4.00 37.00 41.00 NOTE
r-patched-linux-x86_64 1.1 0.57 10.01 10.57 NOTE
r-patched-solaris-sparc 1.1 112.30 NOTE
r-patched-solaris-x86 1.1 26.30 NOTE
r-release-linux-x86_64 1.1 0.59 9.59 10.19 NOTE
r-release-osx-x86_64-mavericks 1.1 NOTE
r-release-windows-ix86+x86_64 1.1 2.00 19.00 21.00 NOTE
r-oldrel-windows-ix86+x86_64 1.1 4.00 20.00 24.00 NOTE

Check Details

Version: 1.1
Check: dependencies in R code
Result: NOTE
    'library' or 'require' call to ‘quadprog’ which was already attached by Depends.
     Please remove these calls from your code.
    Package in Depends field not imported from: ‘quadprog’
     These packages need to be imported from (in the NAMESPACE file)
     for when this namespace is loaded but not attached.
Flavors: r-devel-linux-x86_64-debian-gcc, r-devel-linux-x86_64-fedora-clang, r-devel-linux-x86_64-fedora-gcc, r-devel-osx-x86_64-clang, r-devel-windows-ix86+x86_64, r-patched-linux-x86_64, r-patched-solaris-sparc, r-patched-solaris-x86, r-release-linux-x86_64, r-release-osx-x86_64-mavericks, r-release-windows-ix86+x86_64, r-oldrel-windows-ix86+x86_64

Version: 1.1
Check: R code for possible problems
Result: NOTE
    SPIn: no visible global function definition for ‘density’
    SPIn: no visible global function definition for ‘quantile’
    SPIn: no visible global function definition for ‘solve.QP’
    bootSPIn: no visible global function definition for ‘runif’
    plot.SPIn: no visible global function definition for ‘hist’
    plot.SPIn: no visible global function definition for ‘lines’
    plot.SPIn: no visible global function definition for ‘text’
    plot.SPIn: no visible global function definition for ‘quantile’
    plot.SPIn: no visible global function definition for ‘legend’
    Undefined global functions or variables:
     density hist legend lines quantile runif solve.QP text
    Consider adding
     importFrom("graphics", "hist", "legend", "lines", "text")
     importFrom("stats", "density", "quantile", "runif")
    to your NAMESPACE file.
Flavors: r-devel-linux-x86_64-debian-gcc, r-devel-linux-x86_64-fedora-clang, r-devel-linux-x86_64-fedora-gcc, r-devel-osx-x86_64-clang, r-devel-windows-ix86+x86_64

Version: 1.1
Check: R code for possible problems
Result: NOTE
    SPIn: no visible global function definition for ‘solve.QP’
Flavors: r-patched-linux-x86_64, r-patched-solaris-sparc, r-patched-solaris-x86, r-release-linux-x86_64, r-release-osx-x86_64-mavericks, r-release-windows-ix86+x86_64, r-oldrel-windows-ix86+x86_64