CRAN Package Check Results for Package SPIn

Last updated on 2015-06-30 22:47:39.

Flavor Version Tinstall Tcheck Ttotal Status Flags
r-devel-linux-x86_64-debian-clang 1.1 0.50 9.74 10.24 NOTE
r-devel-linux-x86_64-debian-gcc 1.1 0.50 9.44 9.94 NOTE
r-devel-linux-x86_64-fedora-clang 1.1 19.28 NOTE
r-devel-linux-x86_64-fedora-gcc 1.1 17.15 NOTE
r-devel-osx-x86_64-clang 1.1 20.42 NOTE
r-devel-windows-ix86+x86_64 1.1 3.00 18.00 21.00 NOTE
r-patched-linux-x86_64 1.1 0.54 9.83 10.36 NOTE
r-patched-solaris-sparc 1.1 139.70 NOTE
r-patched-solaris-x86 1.1 30.30 NOTE
r-release-linux-x86_64 1.1 0.52 9.78 10.30 NOTE
r-release-osx-x86_64-mavericks 1.1 NOTE
r-release-windows-ix86+x86_64 1.1 1.00 19.00 20.00 NOTE
r-oldrel-windows-ix86+x86_64 1.1 4.00 20.00 24.00 NOTE

Check Details

Version: 1.1
Check: dependencies in R code
Result: NOTE
    'library' or 'require' call to ‘quadprog’ which was already attached by Depends.
     Please remove these calls from your code.
    Package in Depends field not imported from: ‘quadprog’
     These packages need to be imported from (in the NAMESPACE file)
     for when this namespace is loaded but not attached.
Flavors: r-devel-linux-x86_64-debian-clang, r-devel-linux-x86_64-debian-gcc, r-devel-linux-x86_64-fedora-clang, r-devel-linux-x86_64-fedora-gcc, r-devel-osx-x86_64-clang, r-devel-windows-ix86+x86_64, r-patched-linux-x86_64, r-patched-solaris-sparc, r-patched-solaris-x86, r-release-linux-x86_64, r-release-osx-x86_64-mavericks, r-release-windows-ix86+x86_64, r-oldrel-windows-ix86+x86_64

Version: 1.1
Check: R code for possible problems
Result: NOTE
    SPIn: no visible global function definition for ‘density’
    SPIn: no visible global function definition for ‘quantile’
    SPIn: no visible global function definition for ‘solve.QP’
    bootSPIn: no visible global function definition for ‘runif’
    plot.SPIn: no visible global function definition for ‘hist’
    plot.SPIn: no visible global function definition for ‘lines’
    plot.SPIn: no visible global function definition for ‘text’
    plot.SPIn: no visible global function definition for ‘quantile’
    plot.SPIn: no visible global function definition for ‘legend’
Flavors: r-devel-linux-x86_64-debian-clang, r-devel-linux-x86_64-debian-gcc, r-devel-linux-x86_64-fedora-clang, r-devel-linux-x86_64-fedora-gcc

Version: 1.1
Check: R code for possible problems
Result: NOTE
    SPIn: no visible global function definition for ‘solve.QP’
Flavors: r-devel-osx-x86_64-clang, r-devel-windows-ix86+x86_64, r-patched-linux-x86_64, r-patched-solaris-sparc, r-patched-solaris-x86, r-release-linux-x86_64, r-release-osx-x86_64-mavericks, r-release-windows-ix86+x86_64, r-oldrel-windows-ix86+x86_64