CRAN Package Check Results for Package SPIn

Last updated on 2017-06-29 17:50:34.

Flavor Version Tinstall Tcheck Ttotal Status Flags
r-devel-linux-x86_64-debian-clang 1.1 0.69 12.31 13.00 NOTE
r-devel-linux-x86_64-debian-gcc 1.1 0.61 12.17 12.78 NOTE
r-devel-linux-x86_64-fedora-clang 1.1 21.01 NOTE
r-devel-linux-x86_64-fedora-gcc 1.1 20.30 NOTE
r-devel-windows-ix86+x86_64 1.1 3.00 39.00 42.00 NOTE
r-patched-linux-x86_64 1.1 0.68 12.13 12.82 NOTE
r-patched-solaris-sparc 1.1 129.50 NOTE
r-patched-solaris-x86 1.1 30.00 NOTE
r-release-linux-x86_64 1.1 0.58 12.11 12.69 NOTE
r-release-windows-ix86+x86_64 1.1 2.00 28.00 30.00 NOTE
r-release-osx-x86_64 1.1 NOTE
r-oldrel-windows-ix86+x86_64 1.1 2.00 27.00 29.00 NOTE
r-oldrel-osx-x86_64 1.1 NOTE

Check Details

Version: 1.1
Check: dependencies in R code
Result: NOTE
    'library' or 'require' call to ‘quadprog’ which was already attached by Depends.
     Please remove these calls from your code.
    Package in Depends field not imported from: ‘quadprog’
     These packages need to be imported from (in the NAMESPACE file)
     for when this namespace is loaded but not attached.
Flavors: r-devel-linux-x86_64-debian-clang, r-devel-linux-x86_64-debian-gcc, r-devel-linux-x86_64-fedora-clang, r-devel-linux-x86_64-fedora-gcc, r-devel-windows-ix86+x86_64, r-patched-linux-x86_64, r-patched-solaris-sparc, r-patched-solaris-x86, r-release-linux-x86_64, r-release-windows-ix86+x86_64, r-release-osx-x86_64, r-oldrel-windows-ix86+x86_64, r-oldrel-osx-x86_64

Version: 1.1
Check: R code for possible problems
Result: NOTE
    SPIn: no visible global function definition for ‘density’
    SPIn: no visible global function definition for ‘quantile’
    SPIn: no visible global function definition for ‘solve.QP’
    bootSPIn: no visible global function definition for ‘runif’
    plot.SPIn: no visible global function definition for ‘hist’
    plot.SPIn: no visible global function definition for ‘lines’
    plot.SPIn: no visible global function definition for ‘text’
    plot.SPIn: no visible global function definition for ‘quantile’
    plot.SPIn: no visible global function definition for ‘legend’
    Undefined global functions or variables:
     density hist legend lines quantile runif solve.QP text
    Consider adding
     importFrom("graphics", "hist", "legend", "lines", "text")
     importFrom("stats", "density", "quantile", "runif")
    to your NAMESPACE file.
Flavors: r-devel-linux-x86_64-debian-clang, r-devel-linux-x86_64-debian-gcc, r-devel-linux-x86_64-fedora-clang, r-devel-linux-x86_64-fedora-gcc, r-devel-windows-ix86+x86_64, r-patched-linux-x86_64, r-patched-solaris-sparc, r-patched-solaris-x86, r-release-linux-x86_64, r-release-windows-ix86+x86_64, r-release-osx-x86_64, r-oldrel-windows-ix86+x86_64, r-oldrel-osx-x86_64