CRAN Package Check Results for Package SPLICE

Last updated on 2022-01-28 06:53:36 CET.

Flavor Version Tinstall Tcheck Ttotal Status Flags
r-devel-linux-x86_64-debian-clang 1.0.0 5.97 132.68 138.65 OK
r-devel-linux-x86_64-debian-gcc 1.0.0 5.85 99.89 105.74 OK
r-devel-linux-x86_64-fedora-clang 1.0.0 170.26 OK
r-devel-linux-x86_64-fedora-gcc 1.0.0 164.97 OK
r-devel-windows-x86_64-new-UL 1.0.0 22.00 157.00 179.00 OK
r-devel-windows-x86_64-new-TK 1.0.0 WARN
r-patched-linux-x86_64 1.0.0 5.81 121.56 127.37 OK
r-release-linux-x86_64 1.0.0 6.27 120.06 126.33 OK
r-release-macos-arm64 1.0.0 OK
r-release-macos-x86_64 1.0.0 OK
r-release-windows-ix86+x86_64 1.0.0 15.00 145.00 160.00 OK
r-oldrel-macos-x86_64 1.0.0 OK
r-oldrel-windows-ix86+x86_64 1.0.0 17.00 150.00 167.00 OK

Check Details

Version: 1.0.0
Check: package dependencies
Result: NOTE
    Package suggested but not available for checking: 'ChainLadder'
Flavor: r-devel-windows-x86_64-new-TK

Version: 1.0.0
Check: re-building of vignette outputs
Result: WARN
    Error(s) in re-building vignettes:
    --- re-building 'SPLICE-demo.Rmd' using rmarkdown
    Quitting from lines 700-715 (SPLICE-demo.Rmd)
    Error: processing vignette 'SPLICE-demo.Rmd' failed with diagnostics:
    there is no package called 'ChainLadder'
    --- failed re-building 'SPLICE-demo.Rmd'
    
    SUMMARY: processing the following file failed:
     'SPLICE-demo.Rmd'
    
    Error: Vignette re-building failed.
    Execution halted
Flavor: r-devel-windows-x86_64-new-TK