CRAN Package Check Results for Package SPMS

Last updated on 2014-10-21 14:48:30.

Flavor Version Tinstall Tcheck Ttotal Status Flags
r-devel-linux-x86_64-debian-clang 2.0 0.92 20.47 21.39 NOTE
r-devel-linux-x86_64-debian-gcc 2.0 1.02 20.62 21.64 NOTE
r-devel-linux-x86_64-fedora-clang 2.0 43.12 NOTE
r-devel-linux-x86_64-fedora-gcc 2.0 40.25 NOTE
r-devel-osx-x86_64-clang 2.0 45.16 NOTE
r-devel-windows-ix86+x86_64 2.0 3.00 29.00 32.00 NOTE
r-patched-linux-x86_64 2.0 0.92 20.76 21.68 NOTE
r-patched-solaris-sparc 2.0 248.70 NOTE
r-patched-solaris-x86 2.0 55.00 NOTE
r-release-linux-ix86 2.0 1.24 29.90 31.15 NOTE
r-release-linux-x86_64 2.0 0.94 22.06 23.00 NOTE
r-release-osx-x86_64-mavericks 2.0 NOTE
r-release-osx-x86_64-snowleopard 2.0 NOTE
r-release-windows-ix86+x86_64 2.0 3.00 33.00 36.00 NOTE
r-oldrel-windows-ix86+x86_64 2.0 3.00 35.00 38.00 NOTE

Check Details

Version: 2.0
Check: dependencies in R code
Result: NOTE
    Namespace in Imports field not imported from: ‘Matrix’
     All declared Imports should be used.
    See the information on DESCRIPTION files in the chapter ‘Creating R
    packages’ of the ‘Writing R Extensions’ manual.
Flavors: r-devel-linux-x86_64-debian-clang, r-devel-linux-x86_64-debian-gcc, r-devel-linux-x86_64-fedora-clang, r-devel-linux-x86_64-fedora-gcc, r-devel-osx-x86_64-clang, r-devel-windows-ix86+x86_64, r-patched-linux-x86_64, r-patched-solaris-sparc, r-patched-solaris-x86, r-release-linux-ix86, r-release-linux-x86_64, r-release-osx-x86_64-mavericks, r-release-windows-ix86+x86_64, r-oldrel-windows-ix86+x86_64

Version: 2.0
Check: R code for possible problems
Result: NOTE
    ErgodicPathShowing: no visible global function definition for
     ‘graph.data.frame’
    ErgodicPathShowing: no visible global function definition for ‘tkplot’
    broad_OnePictureShowing: no visible global function definition for
     ‘readPNG’
    broad_subPathwayGraph: no visible global function definition for
     ‘readPNG’
    depth_OnePictureShowing: no visible global function definition for
     ‘readPNG’
    depth_subPathwayGraph: no visible global function definition for
     ‘readPNG’
    depth_subPathwayMinner: no visible global function definition for
     ‘isAdjacent’
    depth_subPathwayMinner: no visible global function definition for
     ‘addEdge’
    depth_subPathwayMinner: no visible global function definition for
     ‘connComp’
    getData: no visible global function definition for ‘xmlRoot’
    getData: no visible global function definition for ‘xmlTreeParse’
    getData: no visible global function definition for ‘xmlName’
    getData: no visible global function definition for ‘xmlAttrs’
    getData: no visible global function definition for ‘xmlChildren’
    getData: no visible global function definition for ‘isAdjacent’
    getData: no visible global function definition for ‘addEdge’
    getData: no visible global function definition for ‘edges’
    getData: no visible global function definition for ‘connComp’
    getData: no visible global function definition for ‘dfs’
    getData: no visible global function definition for ‘sp.between’
    getData: no visible global function definition for ‘bfs’
    getNodesNum: no visible global function definition for ‘xmlRoot’
    getNodesNum: no visible global function definition for ‘xmlTreeParse’
    getNodesNum: no visible global function definition for ‘xmlName’
    getNodesNum: no visible global function definition for ‘xmlAttrs’
    getNodesNum: no visible global function definition for ‘xmlChildren’
    networkShowing_geneSymbol: no visible global function definition for
     ‘graph.data.frame’
    networkShowing_geneSymbol: no visible global function definition for
     ‘tkplot’
    networkShowing_geneSymbol: no visible global function definition for
     ‘V’
    networkShowing_hsa: no visible global function definition for
     ‘graph.data.frame’
    networkShowing_hsa: no visible global function definition for ‘tkplot’
    networkShowing_hsa: no visible global function definition for ‘V’
Flavors: r-devel-linux-x86_64-debian-clang, r-devel-linux-x86_64-debian-gcc, r-devel-linux-x86_64-fedora-clang, r-devel-linux-x86_64-fedora-gcc, r-devel-osx-x86_64-clang, r-devel-windows-ix86+x86_64, r-patched-linux-x86_64, r-patched-solaris-sparc, r-patched-solaris-x86

Version: 2.0
Check: package dependencies
Result: NOTE
    Package suggested but not available for checking: ‘EBImage’
Flavors: r-patched-solaris-sparc, r-patched-solaris-x86

Version: 2.0
Check: package dependencies
Result: NOTE
    Packages suggested but not available for checking: ‘RBGL’ ‘graph’ ‘EBImage’
Flavors: r-release-osx-x86_64-mavericks, r-release-osx-x86_64-snowleopard

Version: 2.0
Check: R code for possible problems
Result: NOTE
    depth_subPathwayMinner: no visible global function definition for
     ‘isAdjacent’
    depth_subPathwayMinner: no visible global function definition for
     ‘addEdge’
    depth_subPathwayMinner: no visible global function definition for
     ‘connComp’
    getData: no visible global function definition for ‘isAdjacent’
    getData: no visible global function definition for ‘addEdge’
    getData: no visible global function definition for ‘connComp’
    getData: no visible global function definition for ‘dfs’
    getData: no visible global function definition for ‘sp.between’
    getData: no visible global function definition for ‘bfs’
Flavors: r-release-osx-x86_64-mavericks, r-release-osx-x86_64-snowleopard