CRAN Package Check Results for Package SPMS

Last updated on 2014-07-25 01:48:53.

Flavor Version Tinstall Tcheck Ttotal Status Flags
r-devel-linux-x86_64-debian-clang 2.0 1.22 21.30 22.52 NOTE
r-devel-linux-x86_64-debian-gcc 2.0 0.85 20.83 21.68 NOTE
r-devel-linux-x86_64-fedora-clang 2.0 47.30 NOTE
r-devel-linux-x86_64-fedora-gcc 2.0 45.15 NOTE
r-devel-osx-x86_64-clang 2.0 44.40 NOTE
r-devel-windows-ix86+x86_64 2.0 3.00 33.00 36.00 NOTE
r-patched-linux-x86_64 2.0 0.86 21.30 22.16 NOTE
r-patched-solaris-sparc 2.0 252.90 NOTE
r-patched-solaris-x86 2.0 55.80 NOTE
r-release-linux-ix86 2.0 1.26 29.77 31.03 NOTE
r-release-linux-x86_64 2.0 1.19 21.37 22.56 NOTE
r-release-osx-x86_64-mavericks 2.0 NOTE
r-release-osx-x86_64-snowleopard 2.0 NOTE
r-release-windows-ix86+x86_64 2.0 3.00 35.00 38.00 NOTE
r-oldrel-windows-ix86+x86_64 2.0 3.00 33.00 36.00 NOTE

Check Details

Version: 2.0
Check: dependencies in R code
Result: NOTE
    Namespace in Imports field not imported from: ‘Matrix’
     All declared Imports should be used.
    See the information on DESCRIPTION files in the chapter ‘Creating R
    packages’ of the ‘Writing R Extensions’ manual.
Flavors: r-devel-linux-x86_64-debian-clang, r-devel-linux-x86_64-debian-gcc, r-devel-linux-x86_64-fedora-clang, r-devel-linux-x86_64-fedora-gcc, r-devel-osx-x86_64-clang, r-devel-windows-ix86+x86_64, r-patched-linux-x86_64, r-patched-solaris-sparc, r-patched-solaris-x86, r-release-linux-ix86, r-release-linux-x86_64, r-release-osx-x86_64-mavericks, r-release-windows-ix86+x86_64, r-oldrel-windows-ix86+x86_64

Version: 2.0
Check: package dependencies
Result: NOTE
    Package suggested but not available for checking: ‘EBImage’
Flavors: r-patched-solaris-sparc, r-patched-solaris-x86

Version: 2.0
Check: package dependencies
Result: NOTE
    Packages suggested but not available for checking: ‘RBGL’ ‘graph’ ‘EBImage’
Flavors: r-release-osx-x86_64-mavericks, r-release-osx-x86_64-snowleopard

Version: 2.0
Check: R code for possible problems
Result: NOTE
    depth_subPathwayMinner: no visible global function definition for
     ‘isAdjacent’
    depth_subPathwayMinner: no visible global function definition for
     ‘addEdge’
    depth_subPathwayMinner: no visible global function definition for
     ‘connComp’
    getData: no visible global function definition for ‘isAdjacent’
    getData: no visible global function definition for ‘addEdge’
    getData: no visible global function definition for ‘connComp’
    getData: no visible global function definition for ‘dfs’
    getData: no visible global function definition for ‘sp.between’
    getData: no visible global function definition for ‘bfs’
Flavors: r-release-osx-x86_64-mavericks, r-release-osx-x86_64-snowleopard