CRAN Package Check Results for Package SPSL

Last updated on 2015-08-28 21:47:00.

Flavor Version Tinstall Tcheck Ttotal Status Flags
r-devel-linux-x86_64-debian-clang 0.1-8 0.86 21.56 22.43 NOTE
r-devel-linux-x86_64-debian-gcc 0.1-8 0.87 20.67 21.54 NOTE
r-devel-linux-x86_64-fedora-clang 0.1-8 41.81 NOTE
r-devel-linux-x86_64-fedora-gcc 0.1-8 40.52 NOTE
r-devel-osx-x86_64-clang 0.1-8 33.15 NOTE
r-devel-windows-ix86+x86_64 0.1-8 9.00 74.00 83.00 NOTE
r-patched-linux-x86_64 0.1-8 0.92 21.41 22.33 NOTE
r-patched-solaris-sparc 0.1-8 320.00 NOTE
r-patched-solaris-x86 0.1-8 60.30 NOTE
r-release-linux-x86_64 0.1-8 0.97 21.42 22.39 NOTE
r-release-osx-x86_64-mavericks 0.1-8 NOTE
r-release-windows-ix86+x86_64 0.1-8 7.00 78.00 85.00 NOTE
r-oldrel-windows-ix86+x86_64 0.1-8 8.00 64.00 72.00 OK

Check Details

Version: 0.1-8
Check: DESCRIPTION meta-information
Result: NOTE
    Malformed Description field: should contain one or more complete sentences.
Flavors: r-devel-linux-x86_64-debian-clang, r-devel-linux-x86_64-debian-gcc, r-devel-linux-x86_64-fedora-clang, r-devel-linux-x86_64-fedora-gcc, r-devel-osx-x86_64-clang, r-devel-windows-ix86+x86_64, r-patched-linux-x86_64, r-patched-solaris-sparc, r-patched-solaris-x86, r-release-linux-x86_64, r-release-osx-x86_64-mavericks, r-release-windows-ix86+x86_64

Version: 0.1-8
Check: R code for possible problems
Result: NOTE
    fssa20: no visible global function definition for ‘runif’
    fssa2d: no visible global function definition for ‘runif’
    fssa30: no visible global function definition for ‘runif’
    fssa3d: no visible global function definition for ‘runif’
    ssa20: no visible global function definition for ‘runif’
    ssa2d: no visible global function definition for ‘runif’
    ssa30: no visible global function definition for ‘runif’
    ssa3d: no visible global function definition for ‘runif’
    ssi20: no visible global function definition for ‘runif’
    ssi2d: no visible global function definition for ‘runif’
    ssi30: no visible global function definition for ‘runif’
    ssi3d: no visible global function definition for ‘runif’
    Undefined global functions or variables:
     runif
    Consider adding
     importFrom("stats", "runif")
    to your NAMESPACE.
Flavors: r-devel-linux-x86_64-debian-clang, r-devel-linux-x86_64-debian-gcc, r-devel-linux-x86_64-fedora-clang, r-devel-linux-x86_64-fedora-gcc, r-devel-windows-ix86+x86_64

Version: 0.1-8
Check: Rd line widths
Result: NOTE
    Rd file 'fssa30.Rd':
     \examples lines wider than 100 characters:
     main="Relative frequency distribution in the z=17 slice\n of anisotropic 3D clusters with (1,0)-neighborhood")
    
    Rd file 'fssa3d.Rd':
     \examples lines wider than 100 characters:
     main="Relative frequency distribution in the z=17 slice\n of anisotropic 3D clusters with (1,1)-neighborhood")
    
    Rd file 'fssi30.Rd':
     \examples lines wider than 100 characters:
     main="Relative frequency distribution in the z=17 slice\n of isotropic 3D clusters with (1,0)-neighborhood")
    
    Rd file 'fssi3d.Rd':
     \examples lines wider than 100 characters:
     main="Relative frequency distribution in the z=17 slice\n of isotropic 3D clusters with (1,1)-neighborhood")
    
    These lines will be truncated in the PDF manual.
Flavors: r-devel-linux-x86_64-debian-clang, r-devel-linux-x86_64-debian-gcc, r-devel-linux-x86_64-fedora-clang, r-devel-linux-x86_64-fedora-gcc, r-patched-linux-x86_64, r-release-linux-x86_64