CRAN Package Check Results for Package SPSL

Last updated on 2015-01-25 09:51:40.

Flavor Version Tinstall Tcheck Ttotal Status Flags
r-devel-linux-x86_64-debian-clang 0.1-8 0.98 23.74 24.72 NOTE
r-devel-linux-x86_64-debian-gcc 0.1-8 0.92 23.16 24.08 NOTE
r-devel-linux-x86_64-fedora-clang 0.1-8 48.32 NOTE
r-devel-linux-x86_64-fedora-gcc 0.1-8 47.63 NOTE
r-devel-osx-x86_64-clang 0.1-8 44.56 OK
r-devel-windows-ix86+x86_64 0.1-8 7.00 57.00 64.00 OK
r-patched-linux-x86_64 0.1-8 1.05 23.15 24.20 NOTE
r-patched-solaris-sparc 0.1-8 306.80 OK
r-patched-solaris-x86 0.1-8 67.60 OK
r-release-linux-ix86 0.1-8 1.41 31.03 32.44 OK
r-release-linux-x86_64 0.1-8 0.97 24.83 25.80 NOTE
r-release-osx-x86_64-mavericks 0.1-8 OK
r-release-windows-ix86+x86_64 0.1-8 5.00 53.00 58.00 OK
r-oldrel-windows-ix86+x86_64 0.1-8 5.00 59.00 64.00 OK

Check Details

Version: 0.1-8
Check: Rd line widths
Result: NOTE
    Rd file 'fssa30.Rd':
     \examples lines wider than 100 characters:
     main="Relative frequency distribution in the z=17 slice\n of anisotropic 3D clusters with (1,0)-neighborhood")
    
    Rd file 'fssa3d.Rd':
     \examples lines wider than 100 characters:
     main="Relative frequency distribution in the z=17 slice\n of anisotropic 3D clusters with (1,1)-neighborhood")
    
    Rd file 'fssi30.Rd':
     \examples lines wider than 100 characters:
     main="Relative frequency distribution in the z=17 slice\n of isotropic 3D clusters with (1,0)-neighborhood")
    
    Rd file 'fssi3d.Rd':
     \examples lines wider than 100 characters:
     main="Relative frequency distribution in the z=17 slice\n of isotropic 3D clusters with (1,1)-neighborhood")
    
    These lines will be truncated in the PDF manual.
Flavors: r-devel-linux-x86_64-debian-clang, r-devel-linux-x86_64-debian-gcc, r-devel-linux-x86_64-fedora-clang, r-devel-linux-x86_64-fedora-gcc, r-patched-linux-x86_64, r-release-linux-x86_64