CRAN Package Check Results for Package SPSL

Last updated on 2014-09-20 23:48:13.

Flavor Version Tinstall Tcheck Ttotal Status Flags
r-devel-linux-x86_64-debian-clang 0.1-8 0.98 22.71 23.69 NOTE
r-devel-linux-x86_64-debian-gcc 0.1-8 0.90 22.32 23.22 NOTE
r-devel-linux-x86_64-fedora-clang 0.1-8 47.06 NOTE
r-devel-linux-x86_64-fedora-gcc 0.1-8 46.00 NOTE
r-devel-osx-x86_64-clang 0.1-8 42.89 OK
r-devel-windows-ix86+x86_64 0.1-8 5.00 49.00 54.00 OK
r-patched-linux-x86_64 0.1-8 0.98 11.06 12.04 NOTE
r-patched-solaris-sparc 0.1-8 296.10 OK
r-patched-solaris-x86 0.1-8 64.40 OK
r-release-linux-ix86 0.1-8 1.45 32.10 33.55 OK
r-release-linux-x86_64 0.1-8 0.97 12.17 13.14 NOTE
r-release-osx-x86_64-mavericks 0.1-8 OK
r-release-windows-ix86+x86_64 0.1-8 5.00 52.00 57.00 OK
r-oldrel-windows-ix86+x86_64 0.1-8 5.00 55.00 60.00 OK

Check Details

Version: 0.1-8
Check: Rd line widths
Result: NOTE
    Rd file 'fssa30.Rd':
     \examples lines wider than 100 characters:
     main="Relative frequency distribution in the z=17 slice\n of anisotropic 3D clusters with (1,0)-neighborhood")
    
    Rd file 'fssa3d.Rd':
     \examples lines wider than 100 characters:
     main="Relative frequency distribution in the z=17 slice\n of anisotropic 3D clusters with (1,1)-neighborhood")
    
    Rd file 'fssi30.Rd':
     \examples lines wider than 100 characters:
     main="Relative frequency distribution in the z=17 slice\n of isotropic 3D clusters with (1,0)-neighborhood")
    
    Rd file 'fssi3d.Rd':
     \examples lines wider than 100 characters:
     main="Relative frequency distribution in the z=17 slice\n of isotropic 3D clusters with (1,1)-neighborhood")
    
    These lines will be truncated in the PDF manual.
Flavors: r-devel-linux-x86_64-debian-clang, r-devel-linux-x86_64-debian-gcc, r-devel-linux-x86_64-fedora-clang, r-devel-linux-x86_64-fedora-gcc, r-patched-linux-x86_64, r-release-linux-x86_64