CRAN Package Check Results for Package SPSL

Last updated on 2016-09-30 09:48:24.

Flavor Version Tinstall Tcheck Ttotal Status Flags
r-devel-linux-x86_64-debian-clang 0.1-8 1.04 23.84 24.89 NOTE
r-devel-linux-x86_64-debian-gcc 0.1-8 1.04 21.28 22.32 NOTE
r-devel-linux-x86_64-fedora-clang 0.1-8 39.96 NOTE
r-devel-linux-x86_64-fedora-gcc 0.1-8 36.24 NOTE
r-devel-macos-x86_64-clang 0.1-8 31.99 NOTE
r-devel-windows-ix86+x86_64 0.1-8 5.00 74.00 79.00 NOTE
r-patched-linux-x86_64 0.1-8 0.92 19.74 20.66 NOTE
r-patched-solaris-sparc 0.1-8 274.00 NOTE
r-patched-solaris-x86 0.1-8 53.40 NOTE
r-release-linux-x86_64 0.1-8 0.97 19.33 20.29 NOTE
r-release-osx-x86_64-mavericks 0.1-8 NOTE
r-release-windows-ix86+x86_64 0.1-8 5.00 87.00 92.00 NOTE
r-oldrel-windows-ix86+x86_64 0.1-8 10.00 77.00 87.00 NOTE

Check Details

Version: 0.1-8
Check: DESCRIPTION meta-information
Result: NOTE
    Malformed Description field: should contain one or more complete sentences.
Flavors: r-devel-linux-x86_64-debian-clang, r-devel-linux-x86_64-debian-gcc, r-devel-linux-x86_64-fedora-clang, r-devel-linux-x86_64-fedora-gcc, r-devel-macos-x86_64-clang, r-devel-windows-ix86+x86_64, r-patched-linux-x86_64, r-patched-solaris-sparc, r-patched-solaris-x86, r-release-linux-x86_64, r-release-osx-x86_64-mavericks, r-release-windows-ix86+x86_64, r-oldrel-windows-ix86+x86_64

Version: 0.1-8
Check: R code for possible problems
Result: NOTE
    fssa20: no visible global function definition for ‘runif’
    fssa2d: no visible global function definition for ‘runif’
    fssa30: no visible global function definition for ‘runif’
    fssa3d: no visible global function definition for ‘runif’
    ssa20: no visible global function definition for ‘runif’
    ssa2d: no visible global function definition for ‘runif’
    ssa30: no visible global function definition for ‘runif’
    ssa3d: no visible global function definition for ‘runif’
    ssi20: no visible global function definition for ‘runif’
    ssi2d: no visible global function definition for ‘runif’
    ssi30: no visible global function definition for ‘runif’
    ssi3d: no visible global function definition for ‘runif’
    Undefined global functions or variables:
     runif
    Consider adding
     importFrom("stats", "runif")
    to your NAMESPACE file.
Flavors: r-devel-linux-x86_64-debian-clang, r-devel-linux-x86_64-debian-gcc, r-devel-linux-x86_64-fedora-clang, r-devel-linux-x86_64-fedora-gcc, r-devel-macos-x86_64-clang, r-devel-windows-ix86+x86_64, r-patched-linux-x86_64, r-patched-solaris-sparc, r-patched-solaris-x86, r-release-linux-x86_64, r-release-osx-x86_64-mavericks, r-release-windows-ix86+x86_64

Version: 0.1-8
Check: Rd line widths
Result: NOTE
    Rd file 'fssa30.Rd':
     \examples lines wider than 100 characters:
     main="Relative frequency distribution in the z=17 slice\n of anisotropic 3D clusters with (1,0)-neighborhood")
    
    Rd file 'fssa3d.Rd':
     \examples lines wider than 100 characters:
     main="Relative frequency distribution in the z=17 slice\n of anisotropic 3D clusters with (1,1)-neighborhood")
    
    Rd file 'fssi30.Rd':
     \examples lines wider than 100 characters:
     main="Relative frequency distribution in the z=17 slice\n of isotropic 3D clusters with (1,0)-neighborhood")
    
    Rd file 'fssi3d.Rd':
     \examples lines wider than 100 characters:
     main="Relative frequency distribution in the z=17 slice\n of isotropic 3D clusters with (1,1)-neighborhood")
    
    These lines will be truncated in the PDF manual.
Flavors: r-devel-linux-x86_64-debian-clang, r-devel-linux-x86_64-debian-gcc, r-devel-linux-x86_64-fedora-clang, r-devel-linux-x86_64-fedora-gcc, r-patched-linux-x86_64, r-release-linux-x86_64