CRAN Package Check Results for Package SPSL

Last updated on 2017-06-25 22:48:27.

Flavor Version Tinstall Tcheck Ttotal Status Flags
r-devel-linux-x86_64-debian-clang 0.1-8 1.02 27.14 28.16 NOTE
r-devel-linux-x86_64-debian-gcc 0.1-8 1.02 24.50 25.51 NOTE
r-devel-linux-x86_64-fedora-clang 0.1-8 41.57 NOTE
r-devel-linux-x86_64-fedora-gcc 0.1-8 38.13 NOTE
r-devel-windows-ix86+x86_64 0.1-8 7.00 90.00 97.00 NOTE
r-patched-linux-x86_64 0.1-8 1.05 23.86 24.90 NOTE
r-patched-solaris-sparc 0.1-8 314.40 NOTE
r-patched-solaris-x86 0.1-8 62.90 NOTE
r-release-linux-x86_64 0.1-8 1.04 23.64 24.69 NOTE
r-release-windows-ix86+x86_64 0.1-8 15.00 92.00 107.00 NOTE
r-release-osx-x86_64 0.1-8 NOTE
r-oldrel-windows-ix86+x86_64 0.1-8 5.00 80.00 85.00 NOTE
r-oldrel-osx-x86_64 0.1-8 NOTE

Additional issues

rchk

Check Details

Version: 0.1-8
Check: DESCRIPTION meta-information
Result: NOTE
    Malformed Description field: should contain one or more complete sentences.
Flavors: r-devel-linux-x86_64-debian-clang, r-devel-linux-x86_64-debian-gcc, r-devel-linux-x86_64-fedora-clang, r-devel-linux-x86_64-fedora-gcc, r-devel-windows-ix86+x86_64, r-patched-linux-x86_64, r-patched-solaris-sparc, r-patched-solaris-x86, r-release-linux-x86_64, r-release-windows-ix86+x86_64, r-release-osx-x86_64, r-oldrel-windows-ix86+x86_64, r-oldrel-osx-x86_64

Version: 0.1-8
Check: R code for possible problems
Result: NOTE
    fssa20: no visible global function definition for ‘runif’
    fssa2d: no visible global function definition for ‘runif’
    fssa30: no visible global function definition for ‘runif’
    fssa3d: no visible global function definition for ‘runif’
    ssa20: no visible global function definition for ‘runif’
    ssa2d: no visible global function definition for ‘runif’
    ssa30: no visible global function definition for ‘runif’
    ssa3d: no visible global function definition for ‘runif’
    ssi20: no visible global function definition for ‘runif’
    ssi2d: no visible global function definition for ‘runif’
    ssi30: no visible global function definition for ‘runif’
    ssi3d: no visible global function definition for ‘runif’
    Undefined global functions or variables:
     runif
    Consider adding
     importFrom("stats", "runif")
    to your NAMESPACE file.
Flavors: r-devel-linux-x86_64-debian-clang, r-devel-linux-x86_64-debian-gcc, r-devel-linux-x86_64-fedora-clang, r-devel-linux-x86_64-fedora-gcc, r-devel-windows-ix86+x86_64, r-patched-linux-x86_64, r-patched-solaris-sparc, r-patched-solaris-x86, r-release-linux-x86_64, r-release-windows-ix86+x86_64, r-release-osx-x86_64, r-oldrel-windows-ix86+x86_64, r-oldrel-osx-x86_64

Version: 0.1-8
Check: Rd line widths
Result: NOTE
    Rd file 'fssa30.Rd':
     \examples lines wider than 100 characters:
     main="Relative frequency distribution in the z=17 slice\n of anisotropic 3D clusters with (1,0)-neighborhood")
    
    Rd file 'fssa3d.Rd':
     \examples lines wider than 100 characters:
     main="Relative frequency distribution in the z=17 slice\n of anisotropic 3D clusters with (1,1)-neighborhood")
    
    Rd file 'fssi30.Rd':
     \examples lines wider than 100 characters:
     main="Relative frequency distribution in the z=17 slice\n of isotropic 3D clusters with (1,0)-neighborhood")
    
    Rd file 'fssi3d.Rd':
     \examples lines wider than 100 characters:
     main="Relative frequency distribution in the z=17 slice\n of isotropic 3D clusters with (1,1)-neighborhood")
    
    These lines will be truncated in the PDF manual.
Flavors: r-devel-linux-x86_64-debian-clang, r-devel-linux-x86_64-debian-gcc, r-devel-linux-x86_64-fedora-clang, r-devel-linux-x86_64-fedora-gcc, r-patched-linux-x86_64, r-release-linux-x86_64

Version: 0.1-8
Check: compiled code
Result: NOTE
    File ‘SPSL/libs/SPSL.so’:
     Found no calls to: ‘R_registerRoutines’, ‘R_useDynamicSymbols’
    
    It is good practice to register native routines and to disable symbol
    search.
    
    See ‘Writing portable packages’ in the ‘Writing R Extensions’ manual.
Flavors: r-devel-linux-x86_64-debian-clang, r-devel-linux-x86_64-debian-gcc, r-devel-linux-x86_64-fedora-clang, r-devel-linux-x86_64-fedora-gcc, r-patched-linux-x86_64, r-release-linux-x86_64