CRAN Package Check Results for Package SPSL

Last updated on 2014-04-25 05:47:26.

Flavor Version Tinstall Tcheck Ttotal Status Flags
r-devel-linux-x86_64-debian-clang 0.1-8 1.05 23.92 24.97 OK
r-devel-linux-x86_64-debian-gcc 0.1-8 1.01 22.53 23.54 OK
r-devel-linux-x86_64-fedora-clang 0.1-8 47.65 NOTE
r-devel-linux-x86_64-fedora-gcc 0.1-8 46.33 NOTE
r-devel-osx-x86_64-clang 0.1-8 37.82 OK
r-devel-osx-x86_64-gcc 0.1-8 OK
r-devel-windows-ix86+x86_64 0.1-8 5.00 51.00 56.00 OK
r-patched-linux-x86_64 0.1-8 1.03 22.64 23.67 OK
r-patched-solaris-sparc 0.1-8 292.30 OK
r-patched-solaris-x86 0.1-8 65.30 OK
r-release-linux-ix86 0.1-8 2.00 41.00 43.00 OK
r-release-linux-x86_64 0.1-8 1.04 23.38 24.42 OK
r-release-osx-x86_64-mavericks 0.1-8 WARN
r-release-windows-ix86+x86_64 0.1-8 5.00 52.00 57.00 OK
r-oldrel-windows-ix86+x86_64 0.1-8 5.00 53.00 58.00 OK

Check Details

Version: 0.1-8
Check: Rd line widths
Result: NOTE
    Rd file 'fssa30.Rd':
     \examples lines wider than 100 characters:
     main="Relative frequency distribution in the z=17 slice\n of anisotropic 3D clusters with (1,0)-neighborhood")
    
    Rd file 'fssa3d.Rd':
     \examples lines wider than 100 characters:
     main="Relative frequency distribution in the z=17 slice\n of anisotropic 3D clusters with (1,1)-neighborhood")
    
    Rd file 'fssi30.Rd':
     \examples lines wider than 100 characters:
     main="Relative frequency distribution in the z=17 slice\n of isotropic 3D clusters with (1,0)-neighborhood")
    
    Rd file 'fssi3d.Rd':
     \examples lines wider than 100 characters:
     main="Relative frequency distribution in the z=17 slice\n of isotropic 3D clusters with (1,1)-neighborhood")
    
    These lines will be truncated in the PDF manual.
Flavors: r-devel-linux-x86_64-fedora-clang, r-devel-linux-x86_64-fedora-gcc

Version: 0.1-8
Check: PDF version of manual
Result: WARNING
    LaTeX errors when creating PDF version.
    This typically indicates Rd problems.
    LaTeX errors found:
    ! LaTeX Error: File `upquote.sty' not found.
    
    Type X to quit or <RETURN> to proceed,
    or enter new name. (Default extension: sty)
    
    49949060/Rd2.tex:8: ==> Fatal error occurred, no output PDF file produced!
Flavor: r-release-osx-x86_64-mavericks