CRAN Package Check Results for Package SPSL

Last updated on 2015-05-23 03:48:56.

Flavor Version Tinstall Tcheck Ttotal Status Flags
r-devel-linux-x86_64-debian-clang 0.1-8 0.96 22.34 23.30 NOTE
r-devel-linux-x86_64-debian-gcc 0.1-8 0.91 21.78 22.69 NOTE
r-devel-linux-x86_64-fedora-clang 0.1-8 45.26 NOTE
r-devel-linux-x86_64-fedora-gcc 0.1-8 43.57 NOTE
r-devel-osx-x86_64-clang 0.1-8 42.96 NOTE
r-devel-windows-ix86+x86_64 0.1-8 6.00 53.00 59.00 NOTE
r-patched-linux-x86_64 0.1-8 1.06 22.40 23.45 NOTE
r-patched-solaris-sparc 0.1-8 315.10 NOTE
r-patched-solaris-x86 0.1-8 60.40 NOTE
r-release-linux-x86_64 0.1-8 0.96 21.96 22.92 NOTE
r-release-osx-x86_64-mavericks 0.1-8 NOTE
r-release-osx-x86_64-snowleopard 0.1-8 NOTE
r-release-windows-ix86+x86_64 0.1-8 5.00 57.00 62.00 NOTE
r-oldrel-windows-ix86+x86_64 0.1-8 5.00 81.00 86.00 OK

Check Details

Version: 0.1-8
Check: DESCRIPTION meta-information
Result: NOTE
    Malformed Description field: should contain one or more complete sentences.
Flavors: r-devel-linux-x86_64-debian-clang, r-devel-linux-x86_64-debian-gcc, r-devel-linux-x86_64-fedora-clang, r-devel-linux-x86_64-fedora-gcc, r-devel-osx-x86_64-clang, r-devel-windows-ix86+x86_64, r-patched-linux-x86_64, r-patched-solaris-sparc, r-patched-solaris-x86, r-release-linux-x86_64, r-release-osx-x86_64-mavericks, r-release-osx-x86_64-snowleopard, r-release-windows-ix86+x86_64

Version: 0.1-8
Check: Rd line widths
Result: NOTE
    Rd file 'fssa30.Rd':
     \examples lines wider than 100 characters:
     main="Relative frequency distribution in the z=17 slice\n of anisotropic 3D clusters with (1,0)-neighborhood")
    
    Rd file 'fssa3d.Rd':
     \examples lines wider than 100 characters:
     main="Relative frequency distribution in the z=17 slice\n of anisotropic 3D clusters with (1,1)-neighborhood")
    
    Rd file 'fssi30.Rd':
     \examples lines wider than 100 characters:
     main="Relative frequency distribution in the z=17 slice\n of isotropic 3D clusters with (1,0)-neighborhood")
    
    Rd file 'fssi3d.Rd':
     \examples lines wider than 100 characters:
     main="Relative frequency distribution in the z=17 slice\n of isotropic 3D clusters with (1,1)-neighborhood")
    
    These lines will be truncated in the PDF manual.
Flavors: r-devel-linux-x86_64-debian-clang, r-devel-linux-x86_64-debian-gcc, r-devel-linux-x86_64-fedora-clang, r-devel-linux-x86_64-fedora-gcc, r-patched-linux-x86_64, r-release-linux-x86_64