CRAN Package Check Results for Package SPSL

Last updated on 2014-12-22 09:54:27.

Flavor Version Tinstall Tcheck Ttotal Status Flags
r-devel-linux-x86_64-debian-clang 0.1-8 1.00 23.47 24.47 NOTE
r-devel-linux-x86_64-debian-gcc 0.1-8 0.92 22.82 23.75 NOTE
r-devel-linux-x86_64-fedora-clang 0.1-8 49.03 NOTE
r-devel-linux-x86_64-fedora-gcc 0.1-8 47.35 NOTE
r-devel-osx-x86_64-clang 0.1-8 43.76 OK
r-devel-windows-ix86+x86_64 0.1-8 5.00 52.00 57.00 OK
r-patched-linux-x86_64 0.1-8 1.14 23.44 24.58 NOTE
r-patched-solaris-sparc 0.1-8 306.10 OK
r-patched-solaris-x86 0.1-8 66.20 OK
r-release-linux-ix86 0.1-8 1.38 31.17 32.55 OK
r-release-linux-x86_64 0.1-8 1.03 23.40 24.43 NOTE
r-release-osx-x86_64-mavericks 0.1-8 OK
r-release-windows-ix86+x86_64 0.1-8 6.00 56.00 62.00 OK
r-oldrel-windows-ix86+x86_64 0.1-8 5.00 52.00 57.00 OK

Check Details

Version: 0.1-8
Check: Rd line widths
Result: NOTE
    Rd file 'fssa30.Rd':
     \examples lines wider than 100 characters:
     main="Relative frequency distribution in the z=17 slice\n of anisotropic 3D clusters with (1,0)-neighborhood")
    
    Rd file 'fssa3d.Rd':
     \examples lines wider than 100 characters:
     main="Relative frequency distribution in the z=17 slice\n of anisotropic 3D clusters with (1,1)-neighborhood")
    
    Rd file 'fssi30.Rd':
     \examples lines wider than 100 characters:
     main="Relative frequency distribution in the z=17 slice\n of isotropic 3D clusters with (1,0)-neighborhood")
    
    Rd file 'fssi3d.Rd':
     \examples lines wider than 100 characters:
     main="Relative frequency distribution in the z=17 slice\n of isotropic 3D clusters with (1,1)-neighborhood")
    
    These lines will be truncated in the PDF manual.
Flavors: r-devel-linux-x86_64-debian-clang, r-devel-linux-x86_64-debian-gcc, r-devel-linux-x86_64-fedora-clang, r-devel-linux-x86_64-fedora-gcc, r-patched-linux-x86_64, r-release-linux-x86_64