CRAN Package Check Results for Package SPSL

Last updated on 2014-08-23 06:48:44.

Flavor Version Tinstall Tcheck Ttotal Status Flags
r-devel-linux-x86_64-debian-clang 0.1-8 0.94 22.65 23.59 OK
r-devel-linux-x86_64-debian-gcc 0.1-8 0.95 21.86 22.81 OK
r-devel-linux-x86_64-fedora-clang 0.1-8 46.33 NOTE
r-devel-linux-x86_64-fedora-gcc 0.1-8 45.37 NOTE
r-devel-osx-x86_64-clang 0.1-8 42.41 OK
r-devel-windows-ix86+x86_64 0.1-8 5.00 50.00 55.00 OK
r-patched-linux-x86_64 0.1-8 0.92 22.54 23.46 OK
r-patched-solaris-sparc 0.1-8 296.10 OK
r-patched-solaris-x86 0.1-8 64.20 OK
r-release-linux-ix86 0.1-8 1.41 32.40 33.81 OK
r-release-linux-x86_64 0.1-8 0.97 22.47 23.44 OK
r-release-osx-x86_64-mavericks 0.1-8 OK
r-release-windows-ix86+x86_64 0.1-8 5.00 51.00 56.00 OK
r-oldrel-windows-ix86+x86_64 0.1-8 5.00 51.00 56.00 OK

Check Details

Version: 0.1-8
Check: Rd line widths
Result: NOTE
    Rd file 'fssa30.Rd':
     \examples lines wider than 100 characters:
     main="Relative frequency distribution in the z=17 slice\n of anisotropic 3D clusters with (1,0)-neighborhood")
    
    Rd file 'fssa3d.Rd':
     \examples lines wider than 100 characters:
     main="Relative frequency distribution in the z=17 slice\n of anisotropic 3D clusters with (1,1)-neighborhood")
    
    Rd file 'fssi30.Rd':
     \examples lines wider than 100 characters:
     main="Relative frequency distribution in the z=17 slice\n of isotropic 3D clusters with (1,0)-neighborhood")
    
    Rd file 'fssi3d.Rd':
     \examples lines wider than 100 characters:
     main="Relative frequency distribution in the z=17 slice\n of isotropic 3D clusters with (1,1)-neighborhood")
    
    These lines will be truncated in the PDF manual.
Flavors: r-devel-linux-x86_64-fedora-clang, r-devel-linux-x86_64-fedora-gcc