CRAN Package Check Results for Package SQN

Last updated on 2015-07-05 22:47:48.

Flavor Version Tinstall Tcheck Ttotal Status Flags
r-devel-linux-x86_64-debian-clang 1.0.5 0.53 9.24 9.78 NOTE
r-devel-linux-x86_64-debian-gcc 1.0.5 0.54 9.79 10.33 NOTE
r-devel-linux-x86_64-fedora-clang 1.0.5 18.05 NOTE
r-devel-linux-x86_64-fedora-gcc 1.0.5 17.08 NOTE
r-devel-osx-x86_64-clang 1.0.5 18.06 OK
r-devel-windows-ix86+x86_64 1.0.5 3.00 16.00 19.00 NOTE
r-patched-linux-x86_64 1.0.5 0.55 9.24 9.79 OK
r-patched-solaris-sparc 1.0.5 117.90 OK
r-patched-solaris-x86 1.0.5 31.60 OK
r-release-linux-x86_64 1.0.5 0.60 9.22 9.82 OK
r-release-osx-x86_64-mavericks 1.0.5 OK
r-release-windows-ix86+x86_64 1.0.5 4.00 19.00 23.00 OK
r-oldrel-windows-ix86+x86_64 1.0.5 5.00 34.00 39.00 OK

Check Details

Version: 1.0.5
Check: R code for possible problems
Result: NOTE
    SQN: no visible binding for global variable ‘median’
    SQN: no visible global function definition for ‘quantile’
    SQN.demo.data: no visible global function definition for ‘rnorm’
    mix.qn: no visible global function definition for ‘ecdf’
    mix.qn: no visible global function definition for ‘quantile’
    Undefined global functions or variables:
     ecdf median quantile rnorm
Flavors: r-devel-linux-x86_64-debian-clang, r-devel-linux-x86_64-debian-gcc, r-devel-linux-x86_64-fedora-clang, r-devel-linux-x86_64-fedora-gcc, r-devel-windows-ix86+x86_64