CRAN Package Check Results for Package SQN

Last updated on 2017-03-23 23:51:13.

Flavor Version Tinstall Tcheck Ttotal Status Flags
r-devel-linux-x86_64-debian-clang 1.0.5 0.58 11.87 12.45 NOTE
r-devel-linux-x86_64-debian-gcc 1.0.5 0.61 11.71 12.32 NOTE
r-devel-linux-x86_64-fedora-clang 1.0.5 20.67 NOTE --no-stop-on-test-error
r-devel-linux-x86_64-fedora-gcc 1.0.5 19.50 NOTE --no-stop-on-test-error
r-devel-macos-x86_64-clang 1.0.5 18.15 NOTE --no-stop-on-test-error
r-devel-windows-ix86+x86_64 1.0.5 2.00 27.00 29.00 NOTE
r-patched-linux-x86_64 1.0.5 0.64 9.83 10.47 NOTE
r-patched-solaris-sparc 1.0.5 124.50 NOTE
r-patched-solaris-x86 1.0.5 30.20 NOTE
r-release-linux-x86_64 1.0.5 0.63 9.83 10.46 NOTE
r-release-osx-x86_64-mavericks 1.0.5 NOTE
r-release-windows-ix86+x86_64 1.0.5 4.00 27.00 31.00 NOTE
r-oldrel-windows-ix86+x86_64 1.0.5 5.00 30.00 35.00 OK

Check Details

Version: 1.0.5
Check: R code for possible problems
Result: NOTE
    SQN: no visible binding for global variable ‘median’
    SQN: no visible global function definition for ‘quantile’
    SQN.demo.data: no visible global function definition for ‘rnorm’
    mix.qn: no visible global function definition for ‘ecdf’
    mix.qn: no visible global function definition for ‘quantile’
    Undefined global functions or variables:
     ecdf median quantile rnorm
    Consider adding
     importFrom("stats", "ecdf", "median", "quantile", "rnorm")
    to your NAMESPACE file.
Flavors: r-devel-linux-x86_64-debian-clang, r-devel-linux-x86_64-debian-gcc, r-devel-windows-ix86+x86_64, r-patched-linux-x86_64, r-patched-solaris-sparc, r-patched-solaris-x86, r-release-linux-x86_64, r-release-osx-x86_64-mavericks, r-release-windows-ix86+x86_64

Version: 1.0.5
Flags: --no-stop-on-test-error
Check: R code for possible problems
Result: NOTE
    SQN: no visible binding for global variable ‘median’
    SQN: no visible global function definition for ‘quantile’
    SQN.demo.data: no visible global function definition for ‘rnorm’
    mix.qn: no visible global function definition for ‘ecdf’
    mix.qn: no visible global function definition for ‘quantile’
    Undefined global functions or variables:
     ecdf median quantile rnorm
    Consider adding
     importFrom("stats", "ecdf", "median", "quantile", "rnorm")
    to your NAMESPACE file.
Flavors: r-devel-linux-x86_64-fedora-clang, r-devel-linux-x86_64-fedora-gcc, r-devel-macos-x86_64-clang