CRAN Package Check Results for Package SQN

Last updated on 2015-09-04 14:47:19.

Flavor Version Tinstall Tcheck Ttotal Status Flags
r-devel-linux-x86_64-debian-clang 1.0.5 0.57 9.24 9.80 NOTE
r-devel-linux-x86_64-debian-gcc 1.0.5 0.50 8.84 9.34 NOTE
r-devel-linux-x86_64-fedora-clang 1.0.5 17.84 NOTE
r-devel-linux-x86_64-fedora-gcc 1.0.5 17.09 NOTE
r-devel-osx-x86_64-clang 1.0.5 15.92 OK
r-devel-windows-ix86+x86_64 1.0.5 2.00 21.00 23.00 NOTE
r-patched-linux-x86_64 1.0.5 0.56 10.10 10.66 OK
r-patched-solaris-sparc 1.0.5 126.20 OK
r-patched-solaris-x86 1.0.5 30.90 OK
r-release-linux-x86_64 1.0.5 0.57 9.48 10.05 OK
r-release-osx-x86_64-mavericks 1.0.5 OK
r-release-windows-ix86+x86_64 1.0.5 3.00 18.00 21.00 OK
r-oldrel-windows-ix86+x86_64 1.0.5 4.00 24.00 28.00 OK

Check Details

Version: 1.0.5
Check: R code for possible problems
Result: NOTE
    SQN: no visible binding for global variable ‘median’
    SQN: no visible global function definition for ‘quantile’
    SQN.demo.data: no visible global function definition for ‘rnorm’
    mix.qn: no visible global function definition for ‘ecdf’
    mix.qn: no visible global function definition for ‘quantile’
    Undefined global functions or variables:
     ecdf median quantile rnorm
    Consider adding
     importFrom("stats", "ecdf", "median", "quantile", "rnorm")
    to your NAMESPACE.
Flavors: r-devel-linux-x86_64-debian-clang, r-devel-linux-x86_64-debian-gcc, r-devel-linux-x86_64-fedora-clang, r-devel-linux-x86_64-fedora-gcc, r-devel-windows-ix86+x86_64