CRAN Package Check Results for Package SQN

Last updated on 2016-06-29 05:48:52.

Flavor Version Tinstall Tcheck Ttotal Status Flags
r-devel-linux-x86_64-debian-gcc 1.0.5 0.60 10.51 11.11 NOTE
r-devel-linux-x86_64-fedora-clang 1.0.5 16.47 NOTE
r-devel-linux-x86_64-fedora-gcc 1.0.5 15.37 NOTE
r-devel-osx-x86_64-clang 1.0.5 15.33 NOTE
r-devel-windows-ix86+x86_64 1.0.5 3.00 43.00 46.00 NOTE
r-patched-linux-x86_64 1.0.5 0.68 9.77 10.45 NOTE
r-patched-solaris-sparc 1.0.5 100.80 NOTE
r-patched-solaris-x86 1.0.5 24.80 NOTE
r-release-linux-x86_64 1.0.5 0.66 9.64 10.30 NOTE
r-release-osx-x86_64-mavericks 1.0.5 NOTE
r-release-windows-ix86+x86_64 1.0.5 3.00 39.00 42.00 NOTE
r-oldrel-windows-ix86+x86_64 1.0.5 4.00 25.00 29.00 OK

Check Details

Version: 1.0.5
Check: R code for possible problems
Result: NOTE
    SQN: no visible binding for global variable ‘median’
    SQN: no visible global function definition for ‘quantile’
    SQN.demo.data: no visible global function definition for ‘rnorm’
    mix.qn: no visible global function definition for ‘ecdf’
    mix.qn: no visible global function definition for ‘quantile’
    Undefined global functions or variables:
     ecdf median quantile rnorm
    Consider adding
     importFrom("stats", "ecdf", "median", "quantile", "rnorm")
    to your NAMESPACE file.
Flavors: r-devel-linux-x86_64-debian-gcc, r-devel-linux-x86_64-fedora-clang, r-devel-linux-x86_64-fedora-gcc, r-devel-osx-x86_64-clang, r-devel-windows-ix86+x86_64, r-patched-linux-x86_64, r-patched-solaris-sparc, r-patched-solaris-x86, r-release-linux-x86_64, r-release-osx-x86_64-mavericks, r-release-windows-ix86+x86_64