CRAN Package Check Results for Package SQN

Last updated on 2017-06-25 16:52:34.

Flavor Version Tinstall Tcheck Ttotal Status Flags
r-devel-linux-x86_64-debian-clang 1.0.5 0.62 11.87 12.48 NOTE
r-devel-linux-x86_64-debian-gcc 1.0.5 0.63 12.06 12.69 NOTE
r-devel-linux-x86_64-fedora-clang 1.0.5 20.76 NOTE
r-devel-linux-x86_64-fedora-gcc 1.0.5 19.51 NOTE
r-devel-windows-ix86+x86_64 1.0.5 3.00 37.00 40.00 NOTE
r-patched-linux-x86_64 1.0.5 0.61 11.76 12.37 NOTE
r-patched-solaris-sparc 1.0.5 124.50 NOTE
r-patched-solaris-x86 1.0.5 30.20 NOTE
r-release-linux-x86_64 1.0.5 0.66 11.57 12.23 NOTE
r-release-windows-ix86+x86_64 1.0.5 6.00 38.00 44.00 NOTE
r-release-osx-x86_64 1.0.5 NOTE
r-oldrel-windows-ix86+x86_64 1.0.5 2.00 35.00 37.00 NOTE
r-oldrel-osx-x86_64 1.0.5 NOTE

Check Details

Version: 1.0.5
Check: R code for possible problems
Result: NOTE
    SQN: no visible binding for global variable ‘median’
    SQN: no visible global function definition for ‘quantile’
    SQN.demo.data: no visible global function definition for ‘rnorm’
    mix.qn: no visible global function definition for ‘ecdf’
    mix.qn: no visible global function definition for ‘quantile’
    Undefined global functions or variables:
     ecdf median quantile rnorm
    Consider adding
     importFrom("stats", "ecdf", "median", "quantile", "rnorm")
    to your NAMESPACE file.
Flavors: r-devel-linux-x86_64-debian-clang, r-devel-linux-x86_64-debian-gcc, r-devel-linux-x86_64-fedora-clang, r-devel-linux-x86_64-fedora-gcc, r-devel-windows-ix86+x86_64, r-patched-linux-x86_64, r-patched-solaris-sparc, r-patched-solaris-x86, r-release-linux-x86_64, r-release-windows-ix86+x86_64, r-release-osx-x86_64, r-oldrel-windows-ix86+x86_64, r-oldrel-osx-x86_64