CRAN Package Check Results for Package SQN

Last updated on 2017-10-21 18:47:38.

Flavor Version Tinstall Tcheck Ttotal Status Flags
r-devel-linux-x86_64-debian-clang 1.0.5 0.59 11.87 12.45 NOTE
r-devel-linux-x86_64-debian-gcc 1.0.5 0.84 13.33 14.17 NOTE
r-devel-linux-x86_64-fedora-clang 1.0.5 21.75 NOTE
r-devel-linux-x86_64-fedora-gcc 1.0.5 20.49 NOTE
r-devel-windows-ix86+x86_64 1.0.5 2.00 42.00 44.00 NOTE
r-patched-linux-x86_64 1.0.5 0.65 11.88 12.53 NOTE
r-patched-solaris-x86 1.0.5 31.50 NOTE
r-release-linux-x86_64 1.0.5 0.63 11.97 12.59 NOTE
r-release-windows-ix86+x86_64 1.0.5 3.00 40.00 43.00 NOTE
r-release-osx-x86_64 1.0.5 NOTE
r-oldrel-windows-ix86+x86_64 1.0.5 2.00 33.00 35.00 NOTE
r-oldrel-osx-x86_64 1.0.5 NOTE

Check Details

Version: 1.0.5
Check: R code for possible problems
Result: NOTE
    SQN: no visible binding for global variable ‘median’
    SQN: no visible global function definition for ‘quantile’
    SQN.demo.data: no visible global function definition for ‘rnorm’
    mix.qn: no visible global function definition for ‘ecdf’
    mix.qn: no visible global function definition for ‘quantile’
    Undefined global functions or variables:
     ecdf median quantile rnorm
    Consider adding
     importFrom("stats", "ecdf", "median", "quantile", "rnorm")
    to your NAMESPACE file.
Flavors: r-devel-linux-x86_64-debian-clang, r-devel-linux-x86_64-debian-gcc, r-devel-linux-x86_64-fedora-clang, r-devel-linux-x86_64-fedora-gcc, r-devel-windows-ix86+x86_64, r-patched-linux-x86_64, r-patched-solaris-x86, r-release-linux-x86_64, r-release-windows-ix86+x86_64, r-release-osx-x86_64, r-oldrel-windows-ix86+x86_64, r-oldrel-osx-x86_64