CRAN Package Check Results for Package SQN

Last updated on 2015-08-05 03:48:23.

Flavor Version Tinstall Tcheck Ttotal Status Flags
r-devel-linux-x86_64-debian-clang 1.0.5 0.52 9.26 9.78 NOTE
r-devel-linux-x86_64-debian-gcc 1.0.5 0.50 9.52 10.02 NOTE
r-devel-linux-x86_64-fedora-clang 1.0.5 19.16 NOTE
r-devel-linux-x86_64-fedora-gcc 1.0.5 17.16 NOTE
r-devel-osx-x86_64-clang 1.0.5 20.10 OK
r-devel-windows-ix86+x86_64 1.0.5 3.00 19.00 22.00 NOTE
r-patched-linux-x86_64 1.0.5 0.56 9.39 9.96 OK
r-patched-solaris-sparc 1.0.5 126.20 OK
r-patched-solaris-x86 1.0.5 31.30 OK
r-release-linux-x86_64 1.0.5 0.69 9.73 10.42 OK
r-release-osx-x86_64-mavericks 1.0.5 OK
r-release-windows-ix86+x86_64 1.0.5 3.00 28.00 31.00 OK
r-oldrel-windows-ix86+x86_64 1.0.5 6.00 36.00 42.00 OK

Check Details

Version: 1.0.5
Check: R code for possible problems
Result: NOTE
    SQN: no visible binding for global variable ‘median’
    SQN: no visible global function definition for ‘quantile’
    SQN.demo.data: no visible global function definition for ‘rnorm’
    mix.qn: no visible global function definition for ‘ecdf’
    mix.qn: no visible global function definition for ‘quantile’
    Undefined global functions or variables:
     ecdf median quantile rnorm
    Consider adding
     importFrom("stats", "ecdf", "median", "quantile", "rnorm")
    to your NAMESPACE.
Flavors: r-devel-linux-x86_64-debian-clang, r-devel-linux-x86_64-debian-gcc, r-devel-linux-x86_64-fedora-clang, r-devel-linux-x86_64-fedora-gcc, r-devel-windows-ix86+x86_64