CRAN Package Check Results for Package SQN

Last updated on 2016-12-03 12:48:40.

Flavor Version Tinstall Tcheck Ttotal Status Flags
r-devel-linux-x86_64-debian-clang 1.0.5 0.62 11.60 12.22 NOTE
r-devel-linux-x86_64-debian-gcc 1.0.5 0.67 11.60 12.27 NOTE
r-devel-linux-x86_64-fedora-clang 1.0.5 20.83 NOTE
r-devel-linux-x86_64-fedora-gcc 1.0.5 19.72 NOTE
r-devel-macos-x86_64-clang 1.0.5 18.64 NOTE
r-devel-windows-ix86+x86_64 1.0.5 2.00 38.00 40.00 NOTE
r-patched-linux-x86_64 1.0.5 0.64 9.70 10.33 NOTE
r-patched-solaris-sparc 1.0.5 100.80 NOTE
r-patched-solaris-x86 1.0.5 24.40 NOTE
r-release-linux-x86_64 1.0.5 0.56 9.73 10.28 NOTE
r-release-osx-x86_64-mavericks 1.0.5 NOTE
r-release-windows-ix86+x86_64 1.0.5 4.00 32.00 36.00 NOTE
r-oldrel-windows-ix86+x86_64 1.0.5 5.00 23.00 28.00 OK

Check Details

Version: 1.0.5
Check: R code for possible problems
Result: NOTE
    SQN: no visible binding for global variable ‘median’
    SQN: no visible global function definition for ‘quantile’
    SQN.demo.data: no visible global function definition for ‘rnorm’
    mix.qn: no visible global function definition for ‘ecdf’
    mix.qn: no visible global function definition for ‘quantile’
    Undefined global functions or variables:
     ecdf median quantile rnorm
    Consider adding
     importFrom("stats", "ecdf", "median", "quantile", "rnorm")
    to your NAMESPACE file.
Flavors: r-devel-linux-x86_64-debian-clang, r-devel-linux-x86_64-debian-gcc, r-devel-linux-x86_64-fedora-clang, r-devel-linux-x86_64-fedora-gcc, r-devel-macos-x86_64-clang, r-devel-windows-ix86+x86_64, r-patched-linux-x86_64, r-patched-solaris-sparc, r-patched-solaris-x86, r-release-linux-x86_64, r-release-osx-x86_64-mavericks, r-release-windows-ix86+x86_64