CRAN Package Check Results for Package SQN

Last updated on 2018-05-21 14:52:12 CEST.

Flavor Version Tinstall Tcheck Ttotal Status Flags
r-devel-linux-x86_64-debian-clang 1.0.5 0.85 16.80 17.65 NOTE
r-devel-linux-x86_64-debian-gcc 1.0.5 0.73 14.77 15.50 NOTE
r-devel-linux-x86_64-fedora-clang 1.0.5 23.33 NOTE
r-devel-linux-x86_64-fedora-gcc 1.0.5 21.57 NOTE
r-devel-windows-ix86+x86_64 1.0.5 3.00 32.00 35.00 NOTE
r-patched-linux-x86_64 1.0.5 0.92 17.50 18.42 NOTE
r-patched-solaris-x86 1.0.5 37.80 NOTE
r-release-linux-x86_64 1.0.5 0.67 17.29 17.96 NOTE
r-release-windows-ix86+x86_64 1.0.5 4.00 42.00 46.00 NOTE
r-release-osx-x86_64 1.0.5 NOTE
r-oldrel-windows-ix86+x86_64 1.0.5 5.00 30.00 35.00 NOTE
r-oldrel-osx-x86_64 1.0.5 NOTE

Check Details

Version: 1.0.5
Check: R code for possible problems
Result: NOTE
    SQN: no visible binding for global variable ‘median’
    SQN: no visible global function definition for ‘quantile’
    SQN.demo.data: no visible global function definition for ‘rnorm’
    mix.qn: no visible global function definition for ‘ecdf’
    mix.qn: no visible global function definition for ‘quantile’
    Undefined global functions or variables:
     ecdf median quantile rnorm
    Consider adding
     importFrom("stats", "ecdf", "median", "quantile", "rnorm")
    to your NAMESPACE file.
Flavors: r-devel-linux-x86_64-debian-clang, r-devel-linux-x86_64-debian-gcc, r-devel-linux-x86_64-fedora-clang, r-devel-linux-x86_64-fedora-gcc, r-devel-windows-ix86+x86_64, r-patched-linux-x86_64, r-patched-solaris-x86, r-release-linux-x86_64, r-release-windows-ix86+x86_64, r-release-osx-x86_64, r-oldrel-windows-ix86+x86_64, r-oldrel-osx-x86_64