CRAN Package Check Results for Package SQN

Last updated on 2016-09-28 05:48:33.

Flavor Version Tinstall Tcheck Ttotal Status Flags
r-devel-linux-x86_64-debian-clang 1.0.5 0.57 10.02 10.59 NOTE
r-devel-linux-x86_64-debian-gcc 1.0.5 0.69 10.45 11.13 NOTE
r-devel-linux-x86_64-fedora-clang 1.0.5 17.62 NOTE
r-devel-linux-x86_64-fedora-gcc 1.0.5 16.38 NOTE
r-devel-macos-x86_64-clang 1.0.5 15.69 NOTE
r-devel-windows-ix86+x86_64 1.0.5 3.00 42.00 45.00 NOTE
r-patched-linux-x86_64 1.0.5 0.58 9.45 10.03 NOTE
r-patched-solaris-sparc 1.0.5 100.80 NOTE
r-patched-solaris-x86 1.0.5 24.10 NOTE
r-release-linux-x86_64 1.0.5 0.59 9.80 10.39 NOTE
r-release-osx-x86_64-mavericks 1.0.5 NOTE
r-release-windows-ix86+x86_64 1.0.5 4.00 26.00 30.00 NOTE
r-oldrel-windows-ix86+x86_64 1.0.5 4.00 31.00 35.00 OK

Check Details

Version: 1.0.5
Check: R code for possible problems
Result: NOTE
    SQN: no visible binding for global variable ‘median’
    SQN: no visible global function definition for ‘quantile’
    SQN.demo.data: no visible global function definition for ‘rnorm’
    mix.qn: no visible global function definition for ‘ecdf’
    mix.qn: no visible global function definition for ‘quantile’
    Undefined global functions or variables:
     ecdf median quantile rnorm
    Consider adding
     importFrom("stats", "ecdf", "median", "quantile", "rnorm")
    to your NAMESPACE file.
Flavors: r-devel-linux-x86_64-debian-clang, r-devel-linux-x86_64-debian-gcc, r-devel-linux-x86_64-fedora-clang, r-devel-linux-x86_64-fedora-gcc, r-devel-macos-x86_64-clang, r-devel-windows-ix86+x86_64, r-patched-linux-x86_64, r-patched-solaris-sparc, r-patched-solaris-x86, r-release-linux-x86_64, r-release-osx-x86_64-mavericks, r-release-windows-ix86+x86_64