CRAN Package Check Results for Package SQN

Last updated on 2017-08-16 16:47:06.

Flavor Version Tinstall Tcheck Ttotal Status Flags
r-devel-linux-x86_64-debian-clang 1.0.5 0.77 12.10 12.87 NOTE
r-devel-linux-x86_64-debian-gcc 1.0.5 0.59 11.65 12.24 NOTE
r-devel-linux-x86_64-fedora-clang 1.0.5 20.60 NOTE
r-devel-linux-x86_64-fedora-gcc 1.0.5 20.02 NOTE
r-devel-windows-ix86+x86_64 1.0.5 3.00 28.00 31.00 NOTE
r-patched-linux-x86_64 1.0.5 0.71 11.63 12.34 NOTE
r-patched-solaris-x86 1.0.5 31.70 NOTE
r-release-linux-x86_64 1.0.5 0.70 12.04 12.74 NOTE
r-release-windows-ix86+x86_64 1.0.5 2.00 36.00 38.00 NOTE
r-release-osx-x86_64 1.0.5 NOTE
r-oldrel-windows-ix86+x86_64 1.0.5 3.00 27.00 30.00 NOTE
r-oldrel-osx-x86_64 1.0.5 NOTE

Check Details

Version: 1.0.5
Check: R code for possible problems
Result: NOTE
    SQN: no visible binding for global variable ‘median’
    SQN: no visible global function definition for ‘quantile’
    SQN.demo.data: no visible global function definition for ‘rnorm’
    mix.qn: no visible global function definition for ‘ecdf’
    mix.qn: no visible global function definition for ‘quantile’
    Undefined global functions or variables:
     ecdf median quantile rnorm
    Consider adding
     importFrom("stats", "ecdf", "median", "quantile", "rnorm")
    to your NAMESPACE file.
Flavors: r-devel-linux-x86_64-debian-clang, r-devel-linux-x86_64-debian-gcc, r-devel-linux-x86_64-fedora-clang, r-devel-linux-x86_64-fedora-gcc, r-devel-windows-ix86+x86_64, r-patched-linux-x86_64, r-patched-solaris-x86, r-release-linux-x86_64, r-release-windows-ix86+x86_64, r-release-osx-x86_64, r-oldrel-windows-ix86+x86_64, r-oldrel-osx-x86_64