CRAN Package Check Results for Package SQN

Last updated on 2014-04-23 20:47:23.

Flavor Version Tinstall Tcheck Ttotal Status Flags
r-devel-linux-x86_64-debian-clang 1.0.5 0.74 10.85 11.59 OK
r-devel-linux-x86_64-debian-gcc 1.0.5 0.67 11.03 11.70 OK
r-devel-linux-x86_64-fedora-clang 1.0.5 23.23 OK
r-devel-linux-x86_64-fedora-gcc 1.0.5 21.69 OK
r-devel-osx-x86_64-clang 1.0.5 21.97 OK
r-devel-osx-x86_64-gcc 1.0.5 OK
r-devel-windows-ix86+x86_64 1.0.5 3.00 19.00 22.00 OK
r-patched-linux-x86_64 1.0.5 0.62 11.05 11.66 OK
r-patched-solaris-sparc 1.0.5 128.10 OK
r-patched-solaris-x86 1.0.5 34.80 OK
r-release-linux-ix86 1.0.5 1.00 25.00 26.00 OK
r-release-linux-x86_64 1.0.5 0.64 11.31 11.95 OK
r-release-osx-x86_64-mavericks 1.0.5 WARN
r-release-osx-x86_64-snowleopard 1.0.5 OK
r-release-windows-ix86+x86_64 1.0.5 3.00 19.00 22.00 OK
r-oldrel-windows-ix86+x86_64 1.0.5 3.00 20.00 23.00 OK

Check Details

Version: 1.0.5
Check: PDF version of manual
Result: WARNING
    LaTeX errors when creating PDF version.
    This typically indicates Rd problems.
    LaTeX errors found:
    ! LaTeX Error: File `upquote.sty' not found.
    
    Type X to quit or <RETURN> to proceed,
    or enter new name. (Default extension: sty)
    
    c5c65e/Rd2.tex:8: ==> Fatal error occurred, no output PDF file produced!
Flavor: r-release-osx-x86_64-mavericks