CRAN Package Check Results for Package SQN

Last updated on 2016-08-24 23:48:46.

Flavor Version Tinstall Tcheck Ttotal Status Flags
r-devel-linux-x86_64-debian-clang 1.0.5 0.55 9.88 10.43 NOTE
r-devel-linux-x86_64-debian-gcc 1.0.5 0.66 9.64 10.30 NOTE
r-devel-linux-x86_64-fedora-clang 1.0.5 17.13 NOTE
r-devel-linux-x86_64-fedora-gcc 1.0.5 15.94 NOTE
r-devel-osx-x86_64-clang 1.0.5 15.51 NOTE
r-devel-windows-ix86+x86_64 1.0.5 5.00 34.00 39.00 NOTE
r-patched-linux-x86_64 1.0.5 0.58 9.80 10.39 NOTE
r-patched-solaris-sparc 1.0.5 100.80 NOTE
r-patched-solaris-x86 1.0.5 24.30 NOTE
r-release-linux-x86_64 1.0.5 0.69 9.84 10.53 NOTE
r-release-osx-x86_64-mavericks 1.0.5 NOTE
r-release-windows-ix86+x86_64 1.0.5 4.00 34.00 38.00 NOTE
r-oldrel-windows-ix86+x86_64 1.0.5 2.00 34.00 36.00 OK

Check Details

Version: 1.0.5
Check: R code for possible problems
Result: NOTE
    SQN: no visible binding for global variable ‘median’
    SQN: no visible global function definition for ‘quantile’
    SQN.demo.data: no visible global function definition for ‘rnorm’
    mix.qn: no visible global function definition for ‘ecdf’
    mix.qn: no visible global function definition for ‘quantile’
    Undefined global functions or variables:
     ecdf median quantile rnorm
    Consider adding
     importFrom("stats", "ecdf", "median", "quantile", "rnorm")
    to your NAMESPACE file.
Flavors: r-devel-linux-x86_64-debian-clang, r-devel-linux-x86_64-debian-gcc, r-devel-linux-x86_64-fedora-clang, r-devel-linux-x86_64-fedora-gcc, r-devel-osx-x86_64-clang, r-devel-windows-ix86+x86_64, r-patched-linux-x86_64, r-patched-solaris-sparc, r-patched-solaris-x86, r-release-linux-x86_64, r-release-osx-x86_64-mavericks, r-release-windows-ix86+x86_64