CRAN Package Check Results for Package SQUAREM

Last updated on 2015-09-03 03:48:45.

Flavor Version Tinstall Tcheck Ttotal Status Flags
r-devel-linux-x86_64-debian-clang 2014.8-1 0.53 11.76 12.29 NOTE
r-devel-linux-x86_64-debian-gcc 2014.8-1 0.50 11.73 12.22 NOTE
r-devel-linux-x86_64-fedora-clang 2014.8-1 23.41 NOTE
r-devel-linux-x86_64-fedora-gcc 2014.8-1 22.36 NOTE
r-devel-osx-x86_64-clang 2014.8-1 21.13 OK
r-devel-windows-ix86+x86_64 2014.8-1 2.00 26.00 28.00 NOTE
r-patched-linux-x86_64 2014.8-1 0.59 12.14 12.73 OK
r-patched-solaris-sparc 2014.8-1 161.40 OK
r-patched-solaris-x86 2014.8-1 37.00 OK
r-release-linux-x86_64 2014.8-1 0.58 12.30 12.88 OK
r-release-osx-x86_64-mavericks 2014.8-1 OK
r-release-windows-ix86+x86_64 2014.8-1 3.00 33.00 36.00 OK
r-oldrel-windows-ix86+x86_64 2014.8-1 4.00 26.00 30.00 OK

Check Details

Version: 2014.8-1
Check: R code for possible problems
Result: NOTE
    cyclem1: no visible global function definition for ‘modifyList’
    cyclem2: no visible global function definition for ‘modifyList’
    fpiter: no visible global function definition for ‘modifyList’
    squarem: no visible global function definition for ‘modifyList’
    squarem1: no visible global function definition for ‘modifyList’
    squarem2: no visible global function definition for ‘modifyList’
    Undefined global functions or variables:
     modifyList
    Consider adding
     importFrom("utils", "modifyList")
    to your NAMESPACE.
Flavors: r-devel-linux-x86_64-debian-clang, r-devel-linux-x86_64-debian-gcc, r-devel-linux-x86_64-fedora-clang, r-devel-linux-x86_64-fedora-gcc, r-devel-windows-ix86+x86_64