CRAN Package Check Results for Package SQUAREM

Last updated on 2017-03-27 21:49:15.

Flavor Version Tinstall Tcheck Ttotal Status Flags
r-devel-linux-x86_64-debian-clang 2016.8-2 0.63 23.58 24.20 OK
r-devel-linux-x86_64-debian-gcc 2016.8-2 0.64 23.34 23.99 OK
r-devel-linux-x86_64-fedora-clang 2016.8-2 44.03 OK --no-stop-on-test-error
r-devel-linux-x86_64-fedora-gcc 2016.8-2 43.16 OK --no-stop-on-test-error
r-devel-macos-x86_64-clang 2016.8-2 35.09 OK --no-stop-on-test-error
r-devel-windows-ix86+x86_64 2016.8-2 2.00 50.00 52.00 OK
r-patched-linux-x86_64 2016.8-2 0.66 23.14 23.80 OK
r-patched-solaris-sparc 2016.8-2 266.20 OK
r-patched-solaris-x86 2016.8-2 55.10 OK
r-release-linux-x86_64 2016.8-2 0.56 21.15 21.71 OK
r-release-osx-x86_64-mavericks 2016.8-2 OK
r-release-windows-ix86+x86_64 2016.8-2 2.00 51.00 53.00 OK
r-oldrel-windows-ix86+x86_64 2016.8-2 3.00 54.00 57.00 WARN

Check Details

Version: 2016.8-2
Check: running R code from vignettes
Result: WARN
    Errors in running code in vignettes:
    when running code in 'SQUAREM.Rnw'
     ...
    + Ap <- pvec * tA
    + pnew <- colMeans(t(Ap)/colSums(Ap))
    + pnew * (pnew > 0)
    + }
    
    > library(interval)
    
     When sourcing 'SQUAREM.R':
    Error: there is no package called 'interval'
    Execution halted
Flavor: r-oldrel-windows-ix86+x86_64