CRAN Package Check Results for Package SQUAREM

Last updated on 2016-09-29 12:48:08.

Flavor Version Tinstall Tcheck Ttotal Status Flags
r-devel-linux-x86_64-debian-clang 2016.8-2 0.56 21.76 22.32 OK
r-devel-linux-x86_64-debian-gcc 2016.8-2 0.56 20.71 21.26 OK
r-devel-linux-x86_64-fedora-clang 2016.8-2 40.32 OK
r-devel-linux-x86_64-fedora-gcc 2016.8-2 37.82 OK
r-devel-macos-x86_64-clang 2016.8-2 31.91 OK
r-devel-windows-ix86+x86_64 2016.8-2 3.00 49.00 52.00 OK
r-patched-linux-x86_64 2016.8-2 0.60 21.18 21.78 OK
r-patched-solaris-sparc 2016.8-2 240.40 OK
r-patched-solaris-x86 2016.8-2 48.30 OK
r-release-linux-x86_64 2016.8-2 0.56 21.00 21.56 OK
r-release-osx-x86_64-mavericks 2016.8-2 OK
r-release-windows-ix86+x86_64 2016.8-2 2.00 53.00 55.00 OK
r-oldrel-windows-ix86+x86_64 2016.8-2 4.00 87.00 91.00 WARN

Check Details

Version: 2016.8-2
Check: running R code from vignettes
Result: WARN
    Errors in running code in vignettes:
    when running code in 'SQUAREM.Rnw'
     ...
    + Ap <- pvec * tA
    + pnew <- colMeans(t(Ap)/colSums(Ap))
    + pnew * (pnew > 0)
    + }
    
    > library(interval)
    
     When sourcing 'SQUAREM.R':
    Error: there is no package called 'interval'
    Execution halted
Flavor: r-oldrel-windows-ix86+x86_64