CRAN Package Check Results for Package SQUAREM

Last updated on 2017-01-24 23:50:13.

Flavor Version Tinstall Tcheck Ttotal Status Flags
r-devel-linux-x86_64-debian-clang 2016.8-2 0.67 23.62 24.29 OK
r-devel-linux-x86_64-debian-gcc 2016.8-2 0.58 23.65 24.23 OK
r-devel-linux-x86_64-fedora-clang 2016.8-2 42.87 OK --no-stop-on-test-error
r-devel-linux-x86_64-fedora-gcc 2016.8-2 42.31 OK --no-stop-on-test-error
r-devel-macos-x86_64-clang 2016.8-2 35.60 OK --no-stop-on-test-error
r-devel-windows-ix86+x86_64 2016.8-2 3.00 52.00 55.00 OK
r-patched-linux-x86_64 2016.8-2 0.57 20.82 21.39 OK
r-patched-solaris-sparc 2016.8-2 248.40 OK
r-patched-solaris-x86 2016.8-2 49.00 OK
r-release-linux-x86_64 2016.8-2 0.56 21.75 22.31 OK
r-release-osx-x86_64-mavericks 2016.8-2 OK
r-release-windows-ix86+x86_64 2016.8-2 2.00 51.00 53.00 OK
r-oldrel-windows-ix86+x86_64 2016.8-2 3.00 54.00 57.00 WARN

Check Details

Version: 2016.8-2
Check: running R code from vignettes
Result: WARN
    Errors in running code in vignettes:
    when running code in 'SQUAREM.Rnw'
     ...
    + Ap <- pvec * tA
    + pnew <- colMeans(t(Ap)/colSums(Ap))
    + pnew * (pnew > 0)
    + }
    
    > library(interval)
    
     When sourcing 'SQUAREM.R':
    Error: there is no package called 'interval'
    Execution halted
Flavor: r-oldrel-windows-ix86+x86_64