CRAN Package Check Results for Package SQUAREM

Last updated on 2016-08-28 15:47:14.

Flavor Version Tinstall Tcheck Ttotal Status Flags
r-devel-linux-x86_64-debian-clang 2016.8-2 0.57 21.69 22.26 OK
r-devel-linux-x86_64-debian-gcc 2016.8-2 0.64 20.87 21.51 OK
r-devel-linux-x86_64-fedora-clang 2016.8-2 40.47 OK
r-devel-linux-x86_64-fedora-gcc 2016.8-2 37.05 OK
r-devel-osx-x86_64-clang 2016.8-2 32.00 OK
r-devel-windows-ix86+x86_64 2016.8-2 3.00 70.00 73.00 OK
r-patched-linux-x86_64 2016.8-2 0.59 21.08 21.67 OK
r-patched-solaris-sparc 2016.8-2 240.40 OK
r-patched-solaris-x86 2016.8-2 49.40 OK
r-release-linux-x86_64 2016.8-2 0.58 21.97 22.55 OK
r-release-osx-x86_64-mavericks 2016.8-2 OK
r-release-windows-ix86+x86_64 2016.8-2 5.00 75.00 80.00 OK
r-oldrel-windows-ix86+x86_64 2016.8-2 4.00 87.00 91.00 WARN

Check Details

Version: 2016.8-2
Check: running R code from vignettes
Result: WARN
    Errors in running code in vignettes:
    when running code in 'SQUAREM.Rnw'
     ...
    + Ap <- pvec * tA
    + pnew <- colMeans(t(Ap)/colSums(Ap))
    + pnew * (pnew > 0)
    + }
    
    > library(interval)
    
     When sourcing 'SQUAREM.R':
    Error: there is no package called 'interval'
    Execution halted
Flavor: r-oldrel-windows-ix86+x86_64