CRAN Package Check Results for Package SQUAREM

Last updated on 2017-02-25 16:48:41.

Flavor Version Tinstall Tcheck Ttotal Status Flags
r-devel-linux-x86_64-debian-clang 2016.8-2 0.59 23.89 24.48 OK
r-devel-linux-x86_64-debian-gcc 2016.8-2 0.70 23.63 24.32 OK
r-devel-linux-x86_64-fedora-clang 2016.8-2 44.03 OK --no-stop-on-test-error
r-devel-linux-x86_64-fedora-gcc 2016.8-2 42.95 OK --no-stop-on-test-error
r-devel-macos-x86_64-clang 2016.8-2 36.73 OK --no-stop-on-test-error
r-devel-windows-ix86+x86_64 2016.8-2 2.00 68.00 70.00 OK
r-patched-linux-x86_64 2016.8-2 0.59 20.60 21.19 OK
r-patched-solaris-sparc 2016.8-2 248.40 OK
r-patched-solaris-x86 2016.8-2 48.70 OK
r-release-linux-x86_64 2016.8-2 0.55 21.23 21.78 OK
r-release-osx-x86_64-mavericks 2016.8-2 OK
r-release-windows-ix86+x86_64 2016.8-2 2.00 51.00 53.00 OK
r-oldrel-windows-ix86+x86_64 2016.8-2 3.00 54.00 57.00 WARN

Check Details

Version: 2016.8-2
Check: running R code from vignettes
Result: WARN
    Errors in running code in vignettes:
    when running code in 'SQUAREM.Rnw'
     ...
    + Ap <- pvec * tA
    + pnew <- colMeans(t(Ap)/colSums(Ap))
    + pnew * (pnew > 0)
    + }
    
    > library(interval)
    
     When sourcing 'SQUAREM.R':
    Error: there is no package called 'interval'
    Execution halted
Flavor: r-oldrel-windows-ix86+x86_64