CRAN Package Check Results for Package SQUAREM

Last updated on 2016-05-28 21:47:33.

Flavor Version Tinstall Tcheck Ttotal Status Flags
r-devel-linux-x86_64-debian-gcc 2014.8-1 0.59 12.38 12.97 NOTE
r-devel-linux-x86_64-fedora-clang 2014.8-1 21.41 NOTE
r-devel-linux-x86_64-fedora-gcc 2014.8-1 20.34 NOTE
r-devel-osx-x86_64-clang 2014.8-1 25.47 NOTE
r-devel-windows-ix86+x86_64 2014.8-1 3.00 35.00 38.00 NOTE
r-patched-linux-x86_64 2014.8-1 0.60 12.29 12.89 NOTE
r-patched-solaris-sparc 2014.8-1 138.80 NOTE
r-patched-solaris-x86 2014.8-1 33.20 NOTE
r-release-linux-x86_64 2014.8-1 0.64 12.35 12.98 NOTE
r-release-osx-x86_64-mavericks 2014.8-1 NOTE
r-release-windows-ix86+x86_64 2014.8-1 3.00 51.00 54.00 NOTE
r-oldrel-windows-ix86+x86_64 2014.8-1 2.00 25.00 27.00 OK

Check Details

Version: 2014.8-1
Check: R code for possible problems
Result: NOTE
    cyclem1: no visible global function definition for ‘modifyList’
    cyclem2: no visible global function definition for ‘modifyList’
    fpiter: no visible global function definition for ‘modifyList’
    squarem: no visible global function definition for ‘modifyList’
    squarem1: no visible global function definition for ‘modifyList’
    squarem2: no visible global function definition for ‘modifyList’
    Undefined global functions or variables:
     modifyList
    Consider adding
     importFrom("utils", "modifyList")
    to your NAMESPACE file.
Flavors: r-devel-linux-x86_64-debian-gcc, r-devel-linux-x86_64-fedora-clang, r-devel-linux-x86_64-fedora-gcc, r-devel-osx-x86_64-clang, r-devel-windows-ix86+x86_64, r-patched-linux-x86_64, r-patched-solaris-sparc, r-patched-solaris-x86, r-release-linux-x86_64, r-release-osx-x86_64-mavericks, r-release-windows-ix86+x86_64