CRAN Package Check Results for Package SQUAREM

Last updated on 2014-08-23 20:47:05.

Flavor Version Tinstall Tcheck Ttotal Status Flags
r-devel-linux-x86_64-debian-clang 2012.7-1 0.52 10.18 10.69 NOTE
r-devel-linux-x86_64-debian-gcc 2012.7-1 0.65 10.22 10.87 NOTE
r-devel-linux-x86_64-fedora-clang 2012.7-1 22.56 NOTE
r-devel-linux-x86_64-fedora-gcc 2012.7-1 21.55 NOTE
r-devel-osx-x86_64-clang 2012.7-1 23.25 NOTE
r-devel-windows-ix86+x86_64 2012.7-1 2.00 18.00 20.00 NOTE
r-patched-linux-x86_64 2012.7-1 0.71 10.43 11.14 NOTE
r-patched-solaris-sparc 2012.7-1 135.10 NOTE
r-patched-solaris-x86 2012.7-1 34.10 NOTE
r-release-linux-ix86 2012.7-1 0.85 17.16 18.01 NOTE
r-release-linux-x86_64 2012.7-1 0.58 10.50 11.08 NOTE
r-release-osx-x86_64-mavericks 2012.7-1 NOTE
r-release-windows-ix86+x86_64 2012.7-1 3.00 20.00 23.00 NOTE
r-oldrel-windows-ix86+x86_64 2012.7-1 2.00 23.00 25.00 NOTE

Check Details

Version: 2012.7-1
Check: top-level files
Result: NOTE
    File
     LICENSE
    is not mentioned in the DESCRIPTION file.
Flavors: r-devel-linux-x86_64-debian-clang, r-devel-linux-x86_64-debian-gcc, r-devel-linux-x86_64-fedora-clang, r-devel-linux-x86_64-fedora-gcc, r-devel-osx-x86_64-clang, r-devel-windows-ix86+x86_64, r-patched-linux-x86_64, r-patched-solaris-sparc, r-patched-solaris-x86, r-release-linux-ix86, r-release-linux-x86_64, r-release-osx-x86_64-mavericks, r-release-windows-ix86+x86_64, r-oldrel-windows-ix86+x86_64

Version: 2012.7-1
Check: for old-style vignette sources
Result: NOTE
    Vignette sources only in ‘inst/doc’:
     ‘SQUAREM.Stex’
    A ‘vignettes’ directory is required as from R 3.1.0
    and these will not be indexed nor checked
Flavors: r-devel-linux-x86_64-debian-clang, r-devel-linux-x86_64-debian-gcc, r-devel-linux-x86_64-fedora-clang, r-devel-linux-x86_64-fedora-gcc, r-devel-osx-x86_64-clang, r-devel-windows-ix86+x86_64, r-patched-linux-x86_64, r-patched-solaris-sparc, r-patched-solaris-x86, r-release-linux-ix86, r-release-linux-x86_64, r-release-osx-x86_64-mavericks, r-release-windows-ix86+x86_64

Version: 2012.7-1
Check: for old-style vignette sources
Result: NOTE
    Vignette sources only in 'inst/doc':
     'SQUAREM.Stex'
    A 'vignettes' directory will be required as from R 3.1.0
Flavor: r-oldrel-windows-ix86+x86_64