CRAN Package Check Results for Package SQUAREM

Last updated on 2015-07-30 15:48:31.

Flavor Version Tinstall Tcheck Ttotal Status Flags
r-devel-linux-x86_64-debian-clang 2014.8-1 0.56 12.16 12.72 NOTE
r-devel-linux-x86_64-debian-gcc 2014.8-1 0.56 11.78 12.34 NOTE
r-devel-linux-x86_64-fedora-clang 2014.8-1 24.47 NOTE
r-devel-linux-x86_64-fedora-gcc 2014.8-1 22.55 NOTE
r-devel-osx-x86_64-clang 2014.8-1 25.17 OK
r-devel-windows-ix86+x86_64 2014.8-1 3.00 24.00 27.00 NOTE
r-patched-linux-x86_64 2014.8-1 0.58 12.61 13.20 OK
r-patched-solaris-sparc 2014.8-1 161.40 OK
r-patched-solaris-x86 2014.8-1 37.00 OK
r-release-linux-x86_64 2014.8-1 0.61 12.06 12.67 OK
r-release-osx-x86_64-mavericks 2014.8-1 OK
r-release-windows-ix86+x86_64 2014.8-1 2.00 22.00 24.00 OK
r-oldrel-windows-ix86+x86_64 2014.8-1 4.00 26.00 30.00 OK

Check Details

Version: 2014.8-1
Check: R code for possible problems
Result: NOTE
    cyclem1: no visible global function definition for ‘modifyList’
    cyclem2: no visible global function definition for ‘modifyList’
    fpiter: no visible global function definition for ‘modifyList’
    squarem: no visible global function definition for ‘modifyList’
    squarem1: no visible global function definition for ‘modifyList’
    squarem2: no visible global function definition for ‘modifyList’
    Undefined global functions or variables:
     modifyList
    Consider adding
     importFrom("utils", "modifyList")
    to your NAMESPACE.
Flavors: r-devel-linux-x86_64-debian-clang, r-devel-linux-x86_64-debian-gcc, r-devel-linux-x86_64-fedora-clang, r-devel-linux-x86_64-fedora-gcc, r-devel-windows-ix86+x86_64