CRAN Package Check Results for Package SQUAREM

Last updated on 2016-02-09 20:47:22.

Flavor Version Tinstall Tcheck Ttotal Status Flags
r-devel-linux-x86_64-debian-gcc 2014.8-1 0.59 11.20 11.79 NOTE
r-devel-linux-x86_64-fedora-clang 2014.8-1 21.38 NOTE
r-devel-linux-x86_64-fedora-gcc 2014.8-1 19.77 NOTE
r-devel-osx-x86_64-clang 2014.8-1 25.08 NOTE
r-devel-windows-ix86+x86_64 2014.8-1 4.00 43.00 47.00 NOTE
r-patched-linux-x86_64 2014.8-1 0.68 12.16 12.84 OK
r-patched-solaris-sparc 2014.8-1 139.70 OK
r-patched-solaris-x86 2014.8-1 31.50 OK
r-release-linux-x86_64 2014.8-1 0.63 12.62 13.25 OK
r-release-osx-x86_64-mavericks 2014.8-1 OK
r-release-windows-ix86+x86_64 2014.8-1 2.00 25.00 27.00 OK
r-oldrel-windows-ix86+x86_64 2014.8-1 4.00 26.00 30.00 OK

Check Details

Version: 2014.8-1
Check: R code for possible problems
Result: NOTE
    cyclem1: no visible global function definition for ‘modifyList’
    cyclem2: no visible global function definition for ‘modifyList’
    fpiter: no visible global function definition for ‘modifyList’
    squarem: no visible global function definition for ‘modifyList’
    squarem1: no visible global function definition for ‘modifyList’
    squarem2: no visible global function definition for ‘modifyList’
    Undefined global functions or variables:
     modifyList
    Consider adding
     importFrom("utils", "modifyList")
    to your NAMESPACE file.
Flavors: r-devel-linux-x86_64-debian-gcc, r-devel-linux-x86_64-fedora-clang, r-devel-linux-x86_64-fedora-gcc, r-devel-osx-x86_64-clang, r-devel-windows-ix86+x86_64