CRAN Package Check Results for Package SQUAREM

Last updated on 2014-04-16 15:49:36.

Flavor Version Tinstall Tcheck Ttotal Status Flags
r-devel-linux-x86_64-debian-clang 2012.7-1 0.58 10.70 11.28 NOTE
r-devel-linux-x86_64-debian-gcc 2012.7-1 0.58 10.99 11.57 NOTE
r-devel-linux-x86_64-fedora-clang 2012.7-1 23.37 NOTE
r-devel-linux-x86_64-fedora-gcc 2012.7-1 22.18 NOTE
r-devel-macosx-x86_64-clang 2012.7-1 23.77 NOTE
r-devel-macosx-x86_64-gcc 2012.7-1 NOTE
r-devel-windows-ix86+x86_64 2012.7-1 2.00 24.00 26.00 NOTE
r-patched-linux-x86_64 2012.7-1 0.59 10.71 11.30 NOTE
r-patched-solaris-sparc 2012.7-1 128.70 NOTE
r-patched-solaris-x86 2012.7-1 33.60 NOTE
r-release-linux-ix86 2012.7-1 2.00 24.00 26.00 NOTE
r-release-linux-x86_64 2012.7-1 0.64 10.96 11.61 NOTE
r-release-windows-ix86+x86_64 2012.7-1 4.00 27.00 31.00 NOTE
r-oldrel-windows-ix86+x86_64 2012.7-1 2.00 23.00 25.00 NOTE

Check Details

Version: 2012.7-1
Check: top-level files
Result: NOTE
    File
     LICENSE
    is not mentioned in the DESCRIPTION file.
Flavors: r-devel-linux-x86_64-debian-clang, r-devel-linux-x86_64-debian-gcc, r-devel-linux-x86_64-fedora-clang, r-devel-linux-x86_64-fedora-gcc, r-devel-macosx-x86_64-clang, r-devel-macosx-x86_64-gcc, r-devel-windows-ix86+x86_64, r-patched-linux-x86_64, r-patched-solaris-sparc, r-patched-solaris-x86, r-release-linux-ix86, r-release-linux-x86_64, r-release-windows-ix86+x86_64, r-oldrel-windows-ix86+x86_64

Version: 2012.7-1
Check: for old-style vignette sources
Result: NOTE
    Vignette sources only in ‘inst/doc’:
     ‘SQUAREM.Stex’
    A ‘vignettes’ directory is required as from R 3.1.0
    and these will not be indexed nor checked
Flavors: r-devel-linux-x86_64-debian-clang, r-devel-linux-x86_64-debian-gcc, r-devel-linux-x86_64-fedora-clang, r-devel-linux-x86_64-fedora-gcc, r-devel-macosx-x86_64-clang, r-devel-macosx-x86_64-gcc, r-devel-windows-ix86+x86_64, r-patched-linux-x86_64, r-patched-solaris-sparc, r-patched-solaris-x86, r-release-linux-ix86, r-release-linux-x86_64, r-release-windows-ix86+x86_64

Version: 2012.7-1
Check: for old-style vignette sources
Result: NOTE
    Vignette sources only in 'inst/doc':
     'SQUAREM.Stex'
    A 'vignettes' directory will be required as from R 3.1.0
Flavor: r-oldrel-windows-ix86+x86_64