CRAN Package Check Results for Package SQUAREM

Last updated on 2017-08-17 01:47:19.

Flavor Version Tinstall Tcheck Ttotal Status Flags
r-devel-linux-x86_64-debian-clang 2016.8-2 0.62 24.18 24.80 OK
r-devel-linux-x86_64-debian-gcc 2016.8-2 0.70 24.65 25.35 OK
r-devel-linux-x86_64-fedora-clang 2016.8-2 44.65 OK
r-devel-linux-x86_64-fedora-gcc 2016.8-2 44.47 OK
r-devel-windows-ix86+x86_64 2016.8-2 3.00 72.00 75.00 OK
r-patched-linux-x86_64 2016.8-2 0.61 24.04 24.64 OK
r-patched-solaris-x86 2016.8-2 56.60 OK
r-release-linux-x86_64 2016.8-2 0.62 24.62 25.24 OK
r-release-windows-ix86+x86_64 2016.8-2 2.00 52.00 54.00 OK
r-release-osx-x86_64 2016.8-2 WARN
r-oldrel-windows-ix86+x86_64 2016.8-2 2.00 51.00 53.00 OK
r-oldrel-osx-x86_64 2016.8-2 OK

Check Details

Version: 2016.8-2
Check: running R code from vignettes
Result: WARN
    Errors in running code in vignettes:
    when running code in ‘SQUAREM.Rnw’
     ...
    + Ap <- pvec * tA
    + pnew <- colMeans(t(Ap)/colSums(Ap))
    + pnew * (pnew > 0)
    + }
    
    > library(interval)
    
     When sourcing ‘SQUAREM.R’:
    Error: there is no package called ‘interval’
    Execution halted
Flavor: r-release-osx-x86_64

Version: 2016.8-2
Check: re-building of vignette outputs
Result: NOTE
    Error in re-building vignettes:
     ...
    URL: http://www.jhsph.edu/agingandhealth/People/Faculty_personal_pages/Varadhan.html
    Repository: CRAN
    NeedsCompilation: no
    Packaged: 2016-08-18 16:13:21 UTC; rvaradh1
    Date/Publication: 2016-08-18 23:27:39
    Built: R 3.4.0; ; 2017-04-22 00:14:02 UTC; unix
    
    Index:
    
    fpiter Fixed-Point Iteration Scheme
    squarem Squared Extrapolation Methods for Accelerating
     Slowly-Convergent Fixed-Point Iterations
    
    Further information is available in the following vignettes in
    directory
    ‘/Volumes/XT3/Builds/R-dev-web/QA/Simon/packages/el-capitan-x86_64/results/3.4/SQUAREM.Rcheck/SQUAREM/doc’:
    
    SQUAREM: SQUAREM Tutorial (source, pdf)
    
    Loading required package: setRNG
    
    Error: processing vignette 'SQUAREM.Rnw' failed with diagnostics:
     chunk 27 (label = libinterval)
    Error in library(interval) : there is no package called ‘interval’
    Execution halted
Flavor: r-release-osx-x86_64