CRAN Package Check Results for Package SQUAREM

Last updated on 2016-12-10 12:54:07.

Flavor Version Tinstall Tcheck Ttotal Status Flags
r-devel-linux-x86_64-debian-clang 2016.8-2 0.62 24.33 24.95 OK
r-devel-linux-x86_64-debian-gcc 2016.8-2 0.62 23.89 24.50 OK
r-devel-linux-x86_64-fedora-clang 2016.8-2 46.00 OK --no-stop-on-test-error
r-devel-linux-x86_64-fedora-gcc 2016.8-2 42.86 OK --no-stop-on-test-error
r-devel-macos-x86_64-clang 2016.8-2 35.75 OK --no-stop-on-test-error
r-devel-windows-ix86+x86_64 2016.8-2 6.00 66.00 72.00 OK
r-patched-linux-x86_64 2016.8-2 0.61 20.87 21.47 OK
r-patched-solaris-sparc 2016.8-2 240.40 OK
r-patched-solaris-x86 2016.8-2 48.90 OK
r-release-linux-x86_64 2016.8-2 0.61 21.09 21.70 OK
r-release-osx-x86_64-mavericks 2016.8-2 OK
r-release-windows-ix86+x86_64 2016.8-2 2.00 51.00 53.00 OK
r-oldrel-windows-ix86+x86_64 2016.8-2 3.00 54.00 57.00 WARN

Check Details

Version: 2016.8-2
Check: running R code from vignettes
Result: WARN
    Errors in running code in vignettes:
    when running code in 'SQUAREM.Rnw'
     ...
    + Ap <- pvec * tA
    + pnew <- colMeans(t(Ap)/colSums(Ap))
    + pnew * (pnew > 0)
    + }
    
    > library(interval)
    
     When sourcing 'SQUAREM.R':
    Error: there is no package called 'interval'
    Execution halted
Flavor: r-oldrel-windows-ix86+x86_64