CRAN Package Check Results for Package SQUAREM

Last updated on 2014-09-02 08:47:27.

Flavor Version Tinstall Tcheck Ttotal Status Flags
r-devel-linux-x86_64-debian-clang 2014.8-1 0.54 11.83 12.38 OK
r-devel-linux-x86_64-debian-gcc 2014.8-1 0.52 11.80 12.32 OK
r-devel-linux-x86_64-fedora-clang 2014.8-1 16.26 OK
r-devel-linux-x86_64-fedora-gcc 2014.8-1 25.46 OK
r-devel-osx-x86_64-clang 2014.8-1 27.30 OK
r-devel-windows-ix86+x86_64 2014.8-1 2.00 23.00 25.00 OK
r-patched-linux-x86_64 2014.8-1 0.56 12.18 12.75 OK
r-patched-solaris-sparc 2014.8-1 156.80 OK
r-patched-solaris-x86 2014.8-1 38.50 OK
r-release-linux-ix86 2012.7-1 0.88 17.23 18.11 NOTE
r-release-linux-x86_64 2014.8-1 0.58 12.33 12.91 OK
r-release-osx-x86_64-mavericks 2014.8-1 OK
r-release-osx-x86_64-snowleopard 2014.8-1 OK
r-release-windows-ix86+x86_64 2014.8-1 2.00 25.00 27.00 OK
r-oldrel-windows-ix86+x86_64 2014.8-1 3.00 28.00 31.00 OK

Check Details

Version: 2012.7-1
Check: top-level files
Result: NOTE
    File
     LICENSE
    is not mentioned in the DESCRIPTION file.
Flavor: r-release-linux-ix86

Version: 2012.7-1
Check: for old-style vignette sources
Result: NOTE
    Vignette sources only in ‘inst/doc’:
     ‘SQUAREM.Stex’
    A ‘vignettes’ directory is required as from R 3.1.0
    and these will not be indexed nor checked
Flavor: r-release-linux-ix86