CRAN Package Check Results for Package SRPM

Last updated on 2014-09-02 10:51:59.

Flavor Version Tinstall Tcheck Ttotal Status Flags
r-devel-linux-x86_64-debian-clang 0.1-7 1.91 19.42 21.33 NOTE
r-devel-linux-x86_64-debian-gcc 0.1-7 1.20 19.00 20.21 NOTE
r-devel-linux-x86_64-fedora-clang 0.1-7 50.31 NOTE
r-devel-linux-x86_64-fedora-gcc 0.1-7 42.69 NOTE
r-devel-osx-x86_64-clang 0.1-7 43.11 NOTE
r-devel-windows-ix86+x86_64 0.1-7 5.00 35.00 40.00 NOTE
r-patched-linux-x86_64 0.1-7 1.38 19.74 21.12 NOTE
r-patched-solaris-sparc 0.1-7 255.80 NOTE
r-patched-solaris-x86 0.1-7 63.40 NOTE
r-release-linux-ix86 0.1-7 1.82 29.35 31.17 NOTE
r-release-linux-x86_64 0.1-7 1.40 20.04 21.44 NOTE
r-release-osx-x86_64-mavericks 0.1-7 NOTE
r-release-osx-x86_64-snowleopard 0.1-7 NOTE
r-release-windows-ix86+x86_64 0.1-7 6.00 35.00 41.00 NOTE
r-oldrel-windows-ix86+x86_64 0.1-7 4.00 35.00 39.00 NOTE

Check Details

Version: 0.1-7
Check: dependencies in R code
Result: NOTE
    Package in Depends field not imported from: ‘methods’
     These packages need to be imported from (in the NAMESPACE file)
     for when this namespace is loaded but not attached.
    Missing object imported by a ':::' call: ‘cacheSweave:::makeMapFileName’
    See the information on DESCRIPTION files in the chapter ‘Creating R
    packages’ of the ‘Writing R Extensions’ manual.
Flavors: r-devel-linux-x86_64-debian-clang, r-devel-linux-x86_64-debian-gcc, r-devel-linux-x86_64-fedora-clang, r-devel-linux-x86_64-fedora-gcc, r-devel-osx-x86_64-clang, r-devel-windows-ix86+x86_64, r-patched-linux-x86_64, r-patched-solaris-sparc, r-patched-solaris-x86, r-release-linux-ix86, r-release-linux-x86_64, r-release-osx-x86_64-mavericks, r-release-windows-ix86+x86_64, r-oldrel-windows-ix86+x86_64

Version: 0.1-7
Check: R code for possible problems
Result: NOTE
    loadcache: no visible global function definition for ‘dbLazyLoad’
Flavors: r-devel-linux-x86_64-debian-clang, r-devel-linux-x86_64-debian-gcc, r-devel-linux-x86_64-fedora-clang, r-devel-linux-x86_64-fedora-gcc, r-devel-osx-x86_64-clang, r-devel-windows-ix86+x86_64

Version: 0.1-7
Check: dependencies in R code
Result: NOTE
    Package in Depends field not imported from: 'methods'
     These packages need to be imported from for the case when
     this namespace is loaded but not attached.
    See the information on DESCRIPTION files in the chapter 'Creating R
    packages' of the 'Writing R Extensions' manual.
Flavor: r-release-osx-x86_64-snowleopard