CRAN Package Check Results for Package SRPM

Last updated on 2014-08-23 08:51:45.

Flavor Version Tinstall Tcheck Ttotal Status Flags
r-devel-linux-x86_64-debian-clang 0.1-7 1.27 19.43 20.70 NOTE
r-devel-linux-x86_64-debian-gcc 0.1-7 1.29 19.02 20.31 NOTE
r-devel-linux-x86_64-fedora-clang 0.1-7 45.93 NOTE
r-devel-linux-x86_64-fedora-gcc 0.1-7 43.37 NOTE
r-devel-osx-x86_64-clang 0.1-7 44.75 NOTE
r-devel-windows-ix86+x86_64 0.1-7 5.00 33.00 38.00 NOTE
r-patched-linux-x86_64 0.1-7 1.33 20.06 21.40 NOTE
r-patched-solaris-sparc 0.1-7 255.80 NOTE
r-patched-solaris-x86 0.1-7 63.50 NOTE
r-release-linux-ix86 0.1-7 1.80 29.58 31.39 NOTE
r-release-linux-x86_64 0.1-7 1.48 20.35 21.83 NOTE
r-release-osx-x86_64-mavericks 0.1-7 NOTE
r-release-osx-x86_64-snowleopard 0.1-7 NOTE
r-release-windows-ix86+x86_64 0.1-7 6.00 35.00 41.00 NOTE
r-oldrel-windows-ix86+x86_64 0.1-7 4.00 35.00 39.00 NOTE

Check Details

Version: 0.1-7
Check: dependencies in R code
Result: NOTE
    Package in Depends field not imported from: ‘methods’
     These packages need to be imported from (in the NAMESPACE file)
     for when this namespace is loaded but not attached.
    Missing object imported by a ':::' call: ‘cacheSweave:::makeMapFileName’
    See the information on DESCRIPTION files in the chapter ‘Creating R
    packages’ of the ‘Writing R Extensions’ manual.
Flavors: r-devel-linux-x86_64-debian-clang, r-devel-linux-x86_64-debian-gcc, r-devel-linux-x86_64-fedora-clang, r-devel-linux-x86_64-fedora-gcc, r-devel-osx-x86_64-clang, r-devel-windows-ix86+x86_64, r-patched-linux-x86_64, r-patched-solaris-sparc, r-patched-solaris-x86, r-release-linux-ix86, r-release-linux-x86_64, r-release-osx-x86_64-mavericks, r-release-windows-ix86+x86_64, r-oldrel-windows-ix86+x86_64

Version: 0.1-7
Check: R code for possible problems
Result: NOTE
    loadcache: no visible global function definition for ‘dbLazyLoad’
Flavors: r-devel-linux-x86_64-debian-clang, r-devel-linux-x86_64-debian-gcc, r-devel-linux-x86_64-fedora-clang, r-devel-linux-x86_64-fedora-gcc, r-devel-osx-x86_64-clang

Version: 0.1-7
Check: dependencies in R code
Result: NOTE
    Package in Depends field not imported from: 'methods'
     These packages need to be imported from for the case when
     this namespace is loaded but not attached.
    See the information on DESCRIPTION files in the chapter 'Creating R
    packages' of the 'Writing R Extensions' manual.
Flavor: r-release-osx-x86_64-snowleopard