CRAN Package Check Results for Package SRPM

Last updated on 2014-04-20 11:47:03.

Flavor Version Tinstall Tcheck Ttotal Status Flags
r-devel-linux-x86_64-debian-clang 0.1-7 1.58 20.94 22.52 NOTE
r-devel-linux-x86_64-debian-gcc 0.1-7 1.44 20.72 22.16 NOTE
r-devel-linux-x86_64-fedora-clang 0.1-7 46.34 NOTE
r-devel-linux-x86_64-fedora-gcc 0.1-7 43.52 NOTE
r-devel-macosx-x86_64-clang 0.1-7 40.04 NOTE
r-devel-macosx-x86_64-gcc 0.1-7 NOTE
r-devel-windows-ix86+x86_64 0.1-7 5.00 34.00 39.00 NOTE
r-patched-linux-x86_64 0.1-7 1.41 20.55 21.96 NOTE
r-patched-solaris-sparc 0.1-7 247.50 NOTE
r-patched-solaris-x86 0.1-7 64.60 NOTE
r-release-linux-ix86 NOTE
r-release-linux-x86_64 0.1-7 1.50 20.40 21.89 NOTE
r-release-macosx-x86_64 0.1-7 NOTE
r-release-windows-ix86+x86_64 0.1-7 8.00 47.00 55.00 NOTE
r-oldrel-windows-ix86+x86_64 0.1-7 4.00 35.00 39.00 NOTE

Check Details

Version: 0.1-7
Check: dependencies in R code
Result: NOTE
    Package in Depends field not imported from: ‘methods’
     These packages need to be imported from (in the NAMESPACE file)
     for when this namespace is loaded but not attached.
    Missing object imported by a ':::' call: ‘cacheSweave:::makeMapFileName’
    See the information on DESCRIPTION files in the chapter ‘Creating R
    packages’ of the ‘Writing R Extensions’ manual.
Flavors: r-devel-linux-x86_64-debian-clang, r-devel-linux-x86_64-debian-gcc, r-devel-linux-x86_64-fedora-clang, r-devel-linux-x86_64-fedora-gcc, r-devel-macosx-x86_64-clang, r-devel-macosx-x86_64-gcc, r-devel-windows-ix86+x86_64, r-patched-linux-x86_64, r-patched-solaris-sparc, r-patched-solaris-x86, r-release-linux-ix86, r-release-linux-x86_64, r-release-windows-ix86+x86_64, r-oldrel-windows-ix86+x86_64

Version: 0.1-7
Check: dependencies in R code
Result: NOTE
    Package in Depends field not imported from: 'methods'
     These packages need to be imported from for the case when
     this namespace is loaded but not attached.
    See the information on DESCRIPTION files in the chapter 'Creating R
    packages' of the 'Writing R Extensions' manual.
Flavor: r-release-macosx-x86_64