CRAN Package Check Results for Package SRRS

Last updated on 2014-12-19 03:47:45.

Flavor Version Tinstall Tcheck Ttotal Status Flags
r-devel-linux-x86_64-debian-clang 0.1.1 1.27 13.48 14.75 NOTE
r-devel-linux-x86_64-debian-gcc 0.1.1 0.81 12.50 13.32 NOTE
r-devel-linux-x86_64-fedora-clang 0.1.1 27.83 NOTE
r-devel-linux-x86_64-fedora-gcc 0.1.1 25.25 NOTE
r-devel-osx-x86_64-clang 0.1.1 31.25 NOTE
r-devel-windows-ix86+x86_64 0.1.1 20.00 40.00 60.00 NOTE
r-patched-linux-x86_64 0.1.1 0.87 12.48 13.35 NOTE
r-patched-solaris-sparc 0.1.1 152.90 NOTE
r-patched-solaris-x86 0.1.1 42.60 NOTE
r-release-linux-ix86 0.1.1 1.22 20.13 21.34 NOTE
r-release-linux-x86_64 0.1.1 0.86 12.63 13.49 NOTE
r-release-osx-x86_64-mavericks 0.1.1 OK
r-release-osx-x86_64-snowleopard 0.1.1 OK
r-release-windows-ix86+x86_64 0.1.1 9.00 21.00 30.00 NOTE
r-oldrel-windows-ix86+x86_64 0.1.1 11.00 53.00 64.00 OK

Check Details

Version: 0.1.1
Check: dependencies in R code
Result: NOTE
    Package in Depends field not imported from: ‘tcltk’
     These packages need to be imported from (in the NAMESPACE file)
     for when this namespace is loaded but not attached.
    See the information on DESCRIPTION files in the chapter ‘Creating R
    packages’ of the ‘Writing R Extensions’ manual.
Flavors: r-devel-linux-x86_64-debian-clang, r-devel-linux-x86_64-debian-gcc, r-devel-linux-x86_64-fedora-clang, r-devel-linux-x86_64-fedora-gcc, r-devel-osx-x86_64-clang, r-devel-windows-ix86+x86_64, r-patched-linux-x86_64, r-patched-solaris-sparc, r-patched-solaris-x86, r-release-linux-ix86, r-release-linux-x86_64, r-release-windows-ix86+x86_64

Version: 0.1.1
Check: R code for possible problems
Result: NOTE
    SRRS : doSRRS: no visible global function definition for ‘tclvalue’
    SRRS : doSRRS: no visible global function definition for ‘tcl’
    SRRS : doSRRS: no visible global function definition for ‘tktoplevel’
    SRRS : doSRRS: no visible global function definition for ‘tkwm.title’
    SRRS : doSRRS: no visible global function definition for ‘tclRequire’
    SRRS : doSRRS: no visible global function definition for ‘tclArray’
    SRRS : doSRRS: no visible global function definition for ‘tkwidget’
    SRRS : doSRRS: no visible global function definition for ‘tkgrid’
    SRRS : doSRRS : OnOK: no visible global function definition for
     ‘tkdestroy’
    SRRS : doSRRS: no visible global function definition for ‘tkbutton’
    SRRS : getDMfile: no visible global function definition for ‘tclvalue’
    SRRS : getDMfile: no visible global function definition for
     ‘tkgetOpenFile’
    SRRS : getRVfile: no visible global function definition for ‘tclvalue’
    SRRS : getRVfile: no visible global function definition for
     ‘tkgetOpenFile’
    SRRS : PressedAbout: no visible global function definition for
     ‘tkmessageBox’
    SRRS : PressedQ1: no visible global function definition for
     ‘tkmessageBox’
    SRRS : PressedQ2: no visible global function definition for
     ‘tkmessageBox’
    SRRS : PressedQ3: no visible global function definition for
     ‘tkmessageBox’
    SRRS : PressedQ4: no visible global function definition for
     ‘tkmessageBox’
    SRRS : PressedQ5: no visible global function definition for
     ‘tkmessageBox’
    SRRS : PressedQ6: no visible global function definition for
     ‘tkmessageBox’
    SRRS: no visible global function definition for ‘tktoplevel’
    SRRS: no visible global function definition for ‘tkwm.title’
    SRRS: no visible global function definition for ‘tkbutton’
    SRRS: no visible global function definition for ‘tkgrid’
    SRRS: no visible global function definition for ‘tklabel’
    SRRS: no visible global function definition for ‘tkcheckbutton’
    SRRS: no visible global function definition for ‘tclVar’
    SRRS: no visible global function definition for ‘tkconfigure’
    SRRS: no visible global function definition for ‘tkentry’
    SRRS: no visible global function definition for ‘tclRequire’
    SRRS: no visible global function definition for ‘tkwidget’
Flavors: r-devel-linux-x86_64-debian-clang, r-devel-linux-x86_64-debian-gcc, r-devel-linux-x86_64-fedora-clang, r-devel-linux-x86_64-fedora-gcc, r-devel-osx-x86_64-clang, r-devel-windows-ix86+x86_64, r-patched-linux-x86_64, r-patched-solaris-sparc, r-patched-solaris-x86, r-release-linux-ix86, r-release-linux-x86_64, r-release-windows-ix86+x86_64