CRAN Package Check Results for Package SRRS

Last updated on 2014-04-23 17:47:55.

Flavor Version Tinstall Tcheck Ttotal Status Flags
r-devel-linux-x86_64-debian-clang 0.1 1.41 19.12 20.54 NOTE
r-devel-linux-x86_64-debian-gcc 0.1 1.38 19.02 20.40 NOTE
r-devel-linux-x86_64-fedora-clang 0.1 37.53 NOTE
r-devel-linux-x86_64-fedora-gcc 0.1 36.50 NOTE
r-devel-osx-x86_64-clang 0.1 41.86 NOTE
r-devel-osx-x86_64-gcc 0.1 NOTE
r-devel-windows-ix86+x86_64 0.1 14.00 48.00 62.00 NOTE
r-patched-linux-x86_64 0.1 1.37 19.08 20.44 NOTE
r-patched-solaris-sparc 0.1 208.80 NOTE
r-patched-solaris-x86 0.1 64.00 NOTE
r-release-linux-ix86 0.1 3.00 39.00 42.00 NOTE
r-release-linux-x86_64 0.1 1.36 19.15 20.51 NOTE
r-release-osx-x86_64-mavericks 0.1 WARN
r-release-osx-x86_64-snowleopard 0.1 NOTE
r-release-windows-ix86+x86_64 0.1 12.00 52.00 64.00 NOTE
r-oldrel-windows-ix86+x86_64 0.1 13.00 52.00 65.00 NOTE

Check Details

Version: 0.1
Check: dependencies in R code
Result: NOTE
    'library' or 'require' calls to packages already attached by Depends:
     ‘gregmisc’ ‘tcltk’ ‘tcltk2’
     Please remove these calls from your code.
    Packages in Depends field not imported from:
     ‘gregmisc’ ‘tcltk2’
     These packages need to be imported from (in the NAMESPACE file)
     for when this namespace is loaded but not attached.
    See the information on DESCRIPTION files in the chapter ‘Creating R
    packages’ of the ‘Writing R Extensions’ manual.
Flavors: r-devel-linux-x86_64-debian-clang, r-devel-linux-x86_64-debian-gcc, r-devel-linux-x86_64-fedora-clang, r-devel-linux-x86_64-fedora-gcc, r-devel-osx-x86_64-clang, r-devel-osx-x86_64-gcc, r-devel-windows-ix86+x86_64, r-patched-linux-x86_64, r-patched-solaris-sparc, r-patched-solaris-x86, r-release-linux-ix86, r-release-linux-x86_64, r-release-osx-x86_64-mavericks, r-release-windows-ix86+x86_64, r-oldrel-windows-ix86+x86_64

Version: 0.1
Check: PDF version of manual
Result: WARNING
    LaTeX errors when creating PDF version.
    This typically indicates Rd problems.
    LaTeX errors found:
    ! LaTeX Error: File `upquote.sty' not found.
    
    Type X to quit or <RETURN> to proceed,
    or enter new name. (Default extension: sty)
    
    1d20d1/Rd2.tex:8: ==> Fatal error occurred, no output PDF file produced!
Flavor: r-release-osx-x86_64-mavericks

Version: 0.1
Check: dependencies in R code
Result: NOTE
    ‘library’ or ‘require’ calls to packages already attached by Depends:
     ‘gregmisc’ ‘tcltk’ ‘tcltk2’
     Please remove these calls from your code.
    See the information on DESCRIPTION files in the chapter ‘Creating R
    packages’ of the ‘Writing R Extensions’ manual.
Flavor: r-release-osx-x86_64-snowleopard