CRAN Package Check Results for Package SRRS

Last updated on 2015-07-31 08:50:17.

Flavor Version Tinstall Tcheck Ttotal Status Flags
r-devel-linux-x86_64-debian-clang 0.1.1 0.84 11.73 12.57 NOTE
r-devel-linux-x86_64-debian-gcc 0.1.1 1.14 11.37 12.50 NOTE
r-devel-linux-x86_64-fedora-clang 0.1.1 23.93 NOTE
r-devel-linux-x86_64-fedora-gcc 0.1.1 22.95 NOTE
r-devel-osx-x86_64-clang 0.1.1 26.75 NOTE
r-devel-windows-ix86+x86_64 0.1.1 7.00 22.00 29.00 NOTE
r-patched-linux-x86_64 0.1.1 0.95 12.22 13.17 NOTE
r-patched-solaris-sparc 0.1.1 157.40 NOTE
r-patched-solaris-x86 0.1.1 38.80 NOTE
r-release-linux-x86_64 0.1.1 0.84 11.55 12.38 NOTE
r-release-osx-x86_64-mavericks 0.1.1 NOTE
r-release-windows-ix86+x86_64 0.1.1 7.00 22.00 29.00 NOTE
r-oldrel-windows-ix86+x86_64 0.1.1 10.00 32.00 42.00 NOTE

Check Details

Version: 0.1.1
Check: dependencies in R code
Result: NOTE
    Package in Depends field not imported from: ‘tcltk’
     These packages need to be imported from (in the NAMESPACE file)
     for when this namespace is loaded but not attached.
Flavors: r-devel-linux-x86_64-debian-clang, r-devel-linux-x86_64-debian-gcc, r-devel-linux-x86_64-fedora-clang, r-devel-linux-x86_64-fedora-gcc, r-devel-osx-x86_64-clang, r-devel-windows-ix86+x86_64, r-patched-linux-x86_64, r-patched-solaris-sparc, r-patched-solaris-x86, r-release-linux-x86_64, r-release-osx-x86_64-mavericks, r-release-windows-ix86+x86_64, r-oldrel-windows-ix86+x86_64

Version: 0.1.1
Check: R code for possible problems
Result: NOTE
    SRRS : main: no visible global function definition for ‘cor’
    SRRS : main: no visible global function definition for ‘lm’
    SRRS : main: no visible global function definition for ‘resid’
    SRRS : doSRRS: no visible global function definition for ‘tclvalue’
    SRRS : doSRRS: no visible global function definition for ‘tcl’
    SRRS : doSRRS: no visible global function definition for ‘tktoplevel’
    SRRS : doSRRS: no visible global function definition for ‘tkwm.title’
    SRRS : doSRRS: no visible global function definition for ‘tclRequire’
    SRRS : doSRRS: no visible global function definition for ‘tclArray’
    SRRS : doSRRS: no visible global function definition for ‘tkwidget’
    SRRS : doSRRS: no visible global function definition for ‘tkgrid’
    SRRS : doSRRS : OnOK: no visible global function definition for
     ‘tkdestroy’
    SRRS : doSRRS: no visible global function definition for ‘tkbutton’
    SRRS : getDMfile: no visible global function definition for ‘tclvalue’
    SRRS : getDMfile: no visible global function definition for
     ‘tkgetOpenFile’
    SRRS : getDMfile: no visible global function definition for
     ‘read.table’
    SRRS : getRVfile: no visible global function definition for ‘tclvalue’
    SRRS : getRVfile: no visible global function definition for
     ‘tkgetOpenFile’
    SRRS : getRVfile: no visible global function definition for
     ‘read.table’
    SRRS : PressedUpdate: no visible global function definition for
     ‘browseURL’
    SRRS : PressedAbout: no visible global function definition for
     ‘tkmessageBox’
    SRRS : PressedQ1: no visible global function definition for
     ‘tkmessageBox’
    SRRS : PressedQ2: no visible global function definition for
     ‘tkmessageBox’
    SRRS : PressedQ3: no visible global function definition for
     ‘tkmessageBox’
    SRRS : PressedQ4: no visible global function definition for
     ‘tkmessageBox’
    SRRS : PressedQ5: no visible global function definition for
     ‘tkmessageBox’
    SRRS : PressedQ6: no visible global function definition for
     ‘tkmessageBox’
    SRRS: no visible global function definition for ‘tktoplevel’
    SRRS: no visible global function definition for ‘tkwm.title’
    SRRS: no visible global function definition for ‘tkbutton’
    SRRS: no visible global function definition for ‘tkgrid’
    SRRS: no visible global function definition for ‘tklabel’
    SRRS: no visible global function definition for ‘tkcheckbutton’
    SRRS: no visible global function definition for ‘tclVar’
    SRRS: no visible global function definition for ‘tkconfigure’
    SRRS: no visible global function definition for ‘tkentry’
    SRRS: no visible global function definition for ‘tclRequire’
    SRRS: no visible global function definition for ‘tkwidget’
    Undefined global functions or variables:
     browseURL cor lm read.table resid tcl tclArray tclRequire tclVar
     tclvalue tkbutton tkcheckbutton tkconfigure tkdestroy tkentry
     tkgetOpenFile tkgrid tklabel tkmessageBox tktoplevel tkwidget
     tkwm.title
    Consider adding
     importFrom("stats", "cor", "lm", "resid")
     importFrom("utils", "browseURL", "read.table")
    to your NAMESPACE.
Flavors: r-devel-linux-x86_64-debian-clang, r-devel-linux-x86_64-debian-gcc, r-devel-linux-x86_64-fedora-clang, r-devel-linux-x86_64-fedora-gcc, r-devel-windows-ix86+x86_64

Version: 0.1.1
Check: R code for possible problems
Result: NOTE
    SRRS : doSRRS: no visible global function definition for ‘tclvalue’
    SRRS : doSRRS: no visible global function definition for ‘tcl’
    SRRS : doSRRS: no visible global function definition for ‘tktoplevel’
    SRRS : doSRRS: no visible global function definition for ‘tkwm.title’
    SRRS : doSRRS: no visible global function definition for ‘tclRequire’
    SRRS : doSRRS: no visible global function definition for ‘tclArray’
    SRRS : doSRRS: no visible global function definition for ‘tkwidget’
    SRRS : doSRRS: no visible global function definition for ‘tkgrid’
    SRRS : doSRRS : OnOK: no visible global function definition for
     ‘tkdestroy’
    SRRS : doSRRS: no visible global function definition for ‘tkbutton’
    SRRS : getDMfile: no visible global function definition for ‘tclvalue’
    SRRS : getDMfile: no visible global function definition for
     ‘tkgetOpenFile’
    SRRS : getRVfile: no visible global function definition for ‘tclvalue’
    SRRS : getRVfile: no visible global function definition for
     ‘tkgetOpenFile’
    SRRS : PressedAbout: no visible global function definition for
     ‘tkmessageBox’
    SRRS : PressedQ1: no visible global function definition for
     ‘tkmessageBox’
    SRRS : PressedQ2: no visible global function definition for
     ‘tkmessageBox’
    SRRS : PressedQ3: no visible global function definition for
     ‘tkmessageBox’
    SRRS : PressedQ4: no visible global function definition for
     ‘tkmessageBox’
    SRRS : PressedQ5: no visible global function definition for
     ‘tkmessageBox’
    SRRS : PressedQ6: no visible global function definition for
     ‘tkmessageBox’
    SRRS: no visible global function definition for ‘tktoplevel’
    SRRS: no visible global function definition for ‘tkwm.title’
    SRRS: no visible global function definition for ‘tkbutton’
    SRRS: no visible global function definition for ‘tkgrid’
    SRRS: no visible global function definition for ‘tklabel’
    SRRS: no visible global function definition for ‘tkcheckbutton’
    SRRS: no visible global function definition for ‘tclVar’
    SRRS: no visible global function definition for ‘tkconfigure’
    SRRS: no visible global function definition for ‘tkentry’
    SRRS: no visible global function definition for ‘tclRequire’
    SRRS: no visible global function definition for ‘tkwidget’
    Undefined global functions or variables:
     tcl tclArray tclRequire tclVar tclvalue tkbutton tkcheckbutton
     tkconfigure tkdestroy tkentry tkgetOpenFile tkgrid tklabel
     tkmessageBox tktoplevel tkwidget tkwm.title
Flavor: r-devel-osx-x86_64-clang

Version: 0.1.1
Check: R code for possible problems
Result: NOTE
    SRRS : doSRRS: no visible global function definition for ‘tclvalue’
    SRRS : doSRRS: no visible global function definition for ‘tcl’
    SRRS : doSRRS: no visible global function definition for ‘tktoplevel’
    SRRS : doSRRS: no visible global function definition for ‘tkwm.title’
    SRRS : doSRRS: no visible global function definition for ‘tclRequire’
    SRRS : doSRRS: no visible global function definition for ‘tclArray’
    SRRS : doSRRS: no visible global function definition for ‘tkwidget’
    SRRS : doSRRS: no visible global function definition for ‘tkgrid’
    SRRS : doSRRS : OnOK: no visible global function definition for
     ‘tkdestroy’
    SRRS : doSRRS: no visible global function definition for ‘tkbutton’
    SRRS : getDMfile: no visible global function definition for ‘tclvalue’
    SRRS : getDMfile: no visible global function definition for
     ‘tkgetOpenFile’
    SRRS : getRVfile: no visible global function definition for ‘tclvalue’
    SRRS : getRVfile: no visible global function definition for
     ‘tkgetOpenFile’
    SRRS : PressedAbout: no visible global function definition for
     ‘tkmessageBox’
    SRRS : PressedQ1: no visible global function definition for
     ‘tkmessageBox’
    SRRS : PressedQ2: no visible global function definition for
     ‘tkmessageBox’
    SRRS : PressedQ3: no visible global function definition for
     ‘tkmessageBox’
    SRRS : PressedQ4: no visible global function definition for
     ‘tkmessageBox’
    SRRS : PressedQ5: no visible global function definition for
     ‘tkmessageBox’
    SRRS : PressedQ6: no visible global function definition for
     ‘tkmessageBox’
    SRRS: no visible global function definition for ‘tktoplevel’
    SRRS: no visible global function definition for ‘tkwm.title’
    SRRS: no visible global function definition for ‘tkbutton’
    SRRS: no visible global function definition for ‘tkgrid’
    SRRS: no visible global function definition for ‘tklabel’
    SRRS: no visible global function definition for ‘tkcheckbutton’
    SRRS: no visible global function definition for ‘tclVar’
    SRRS: no visible global function definition for ‘tkconfigure’
    SRRS: no visible global function definition for ‘tkentry’
    SRRS: no visible global function definition for ‘tclRequire’
    SRRS: no visible global function definition for ‘tkwidget’
Flavors: r-patched-linux-x86_64, r-patched-solaris-sparc, r-patched-solaris-x86, r-release-linux-x86_64, r-release-osx-x86_64-mavericks, r-release-windows-ix86+x86_64, r-oldrel-windows-ix86+x86_64