CRAN Package Check Results for Package SRRS

Last updated on 2014-08-29 19:48:22.

Flavor Version Tinstall Tcheck Ttotal Status Flags
r-devel-linux-x86_64-debian-clang 0.1.1 0.74 12.16 12.90 NOTE
r-devel-linux-x86_64-debian-gcc 0.1.1 0.81 11.70 12.51 NOTE
r-devel-linux-x86_64-fedora-clang 0.1.1 27.64 NOTE
r-devel-linux-x86_64-fedora-gcc 0.1.1 23.92 NOTE
r-devel-osx-x86_64-clang 0.1.1 29.76 NOTE
r-devel-windows-ix86+x86_64 0.1.1 7.00 21.00 28.00 NOTE
r-patched-linux-x86_64 0.1.1 0.79 12.34 13.13 NOTE
r-patched-solaris-sparc 0.1.1 189.40 NOTE
r-patched-solaris-x86 0.1.1 41.20 NOTE
r-release-linux-ix86 0.1.1 1.38 20.25 21.63 OK
r-release-linux-x86_64 0.1.1 0.82 13.04 13.86 OK
r-release-osx-x86_64-mavericks 0.1.1 OK
r-release-osx-x86_64-snowleopard 0.1.1 OK
r-release-windows-ix86+x86_64 0.1.1 12.00 23.00 35.00 OK
r-oldrel-windows-ix86+x86_64 0.1.1 11.00 53.00 64.00 OK

Check Details

Version: 0.1.1
Check: dependencies in R code
Result: NOTE
    Package in Depends field not imported from: ‘tcltk’
     These packages need to be imported from (in the NAMESPACE file)
     for when this namespace is loaded but not attached.
    See the information on DESCRIPTION files in the chapter ‘Creating R
    packages’ of the ‘Writing R Extensions’ manual.
Flavors: r-devel-linux-x86_64-debian-clang, r-devel-linux-x86_64-debian-gcc, r-devel-linux-x86_64-fedora-clang, r-devel-linux-x86_64-fedora-gcc, r-devel-osx-x86_64-clang, r-devel-windows-ix86+x86_64, r-patched-linux-x86_64, r-patched-solaris-sparc, r-patched-solaris-x86

Version: 0.1.1
Check: R code for possible problems
Result: NOTE
    SRRS : doSRRS: no visible global function definition for ‘tclvalue’
    SRRS : doSRRS: no visible global function definition for ‘tcl’
    SRRS : doSRRS: no visible global function definition for ‘tktoplevel’
    SRRS : doSRRS: no visible global function definition for ‘tkwm.title’
    SRRS : doSRRS: no visible global function definition for ‘tclRequire’
    SRRS : doSRRS: no visible global function definition for ‘tclArray’
    SRRS : doSRRS: no visible global function definition for ‘tkwidget’
    SRRS : doSRRS: no visible global function definition for ‘tkgrid’
    SRRS : doSRRS : OnOK: no visible global function definition for
     ‘tkdestroy’
    SRRS : doSRRS: no visible global function definition for ‘tkbutton’
    SRRS : getDMfile: no visible global function definition for ‘tclvalue’
    SRRS : getDMfile: no visible global function definition for
     ‘tkgetOpenFile’
    SRRS : getRVfile: no visible global function definition for ‘tclvalue’
    SRRS : getRVfile: no visible global function definition for
     ‘tkgetOpenFile’
    SRRS : PressedAbout: no visible global function definition for
     ‘tkmessageBox’
    SRRS : PressedQ1: no visible global function definition for
     ‘tkmessageBox’
    SRRS : PressedQ2: no visible global function definition for
     ‘tkmessageBox’
    SRRS : PressedQ3: no visible global function definition for
     ‘tkmessageBox’
    SRRS : PressedQ4: no visible global function definition for
     ‘tkmessageBox’
    SRRS : PressedQ5: no visible global function definition for
     ‘tkmessageBox’
    SRRS : PressedQ6: no visible global function definition for
     ‘tkmessageBox’
    SRRS: no visible global function definition for ‘tktoplevel’
    SRRS: no visible global function definition for ‘tkwm.title’
    SRRS: no visible global function definition for ‘tkbutton’
    SRRS: no visible global function definition for ‘tkgrid’
    SRRS: no visible global function definition for ‘tklabel’
    SRRS: no visible global function definition for ‘tkcheckbutton’
    SRRS: no visible global function definition for ‘tclVar’
    SRRS: no visible global function definition for ‘tkconfigure’
    SRRS: no visible global function definition for ‘tkentry’
    SRRS: no visible global function definition for ‘tclRequire’
    SRRS: no visible global function definition for ‘tkwidget’
Flavors: r-devel-linux-x86_64-debian-clang, r-devel-linux-x86_64-debian-gcc, r-devel-linux-x86_64-fedora-clang, r-devel-linux-x86_64-fedora-gcc, r-devel-osx-x86_64-clang, r-devel-windows-ix86+x86_64