CRAN Package Check Results for Package SSDM

Last updated on 2022-09-29 16:51:41 CEST.

Flavor Version Tinstall Tcheck Ttotal Status Flags
r-devel-linux-x86_64-debian-clang 0.2.8 57.64 589.81 647.45 OK
r-devel-linux-x86_64-debian-gcc 0.2.8 48.84 432.62 481.46 OK
r-devel-linux-x86_64-fedora-clang 0.2.8 825.28 NOTE
r-devel-linux-x86_64-fedora-gcc 0.2.8 801.80 NOTE
r-devel-windows-x86_64 0.2.8 66.00 617.00 683.00 OK
r-patched-linux-x86_64 0.2.8 53.26 555.72 608.98 OK
r-release-linux-x86_64 0.2.8 39.63 562.12 601.75 OK
r-release-macos-arm64 0.2.8 180.00 NOTE
r-release-macos-x86_64 0.2.8 310.00 NOTE
r-release-windows-x86_64 0.2.8 65.00 643.00 708.00 OK
r-oldrel-macos-arm64 0.2.8 153.00 NOTE
r-oldrel-macos-x86_64 0.2.8 241.00 NOTE
r-oldrel-windows-ix86+x86_64 0.2.8 115.00 636.00 751.00 OK

Check Details

Version: 0.2.8
Check: dependencies in R code
Result: NOTE
    Namespace in Imports field not imported from: ‘shinyFiles’
     All declared Imports should be used.
Flavors: r-devel-linux-x86_64-fedora-clang, r-devel-linux-x86_64-fedora-gcc, r-release-macos-arm64, r-release-macos-x86_64, r-oldrel-macos-arm64, r-oldrel-macos-x86_64