CRAN Package Check Results for Package SSDforR

Last updated on 2014-04-25 05:47:26.

Flavor Version Tinstall Tcheck Ttotal Status Flags
r-devel-linux-x86_64-debian-clang 1.4.3 1.67 26.58 28.25 OK
r-devel-linux-x86_64-debian-gcc 1.4.3 1.55 26.80 28.35 OK
r-devel-linux-x86_64-fedora-clang 1.4.3 55.23 OK
r-devel-linux-x86_64-fedora-gcc 1.4.3 53.90 OK
r-devel-osx-x86_64-clang 1.4.3 46.60 OK
r-devel-osx-x86_64-gcc 1.4.3 ERROR
r-devel-windows-ix86+x86_64 1.4.3 4.00 38.00 42.00 OK
r-patched-linux-x86_64 1.4.3 1.58 27.42 29.01 OK
r-patched-solaris-sparc 1.4.3 296.50 OK
r-patched-solaris-x86 1.4.3 84.60 OK
r-release-linux-ix86 1.4.3 2.00 49.00 51.00 OK
r-release-linux-x86_64 1.4.3 1.65 27.53 29.18 OK
r-release-osx-x86_64-mavericks 1.4.3 WARN
r-release-osx-x86_64-snowleopard 1.4.3 OK
r-release-windows-ix86+x86_64 1.4.3 4.00 39.00 43.00 OK
r-oldrel-windows-ix86+x86_64 1.4.3 4.00 39.00 43.00 OK

Check Details

Version: 1.4.3
Check: package dependencies
Result: NOTE
    Packages suggested but not available for checking: ‘TSA’ ‘TTR’
Flavor: r-devel-osx-x86_64-gcc

Version: 1.4.3
Check: R code for possible problems
Result: NOTE
    ABma: no visible global function definition for ‘SMA’
    Arimama: no visible global function definition for ‘SMA’
Flavor: r-devel-osx-x86_64-gcc

Version: 1.4.3
Check: examples
Result: ERROR
    Running examples in ‘SSDforR-Ex.R’ failed
    The error most likely occurred in:
    
    > ### Name: ABma
    > ### Title: Moving average
    > ### Aliases: ABma
    > ### Keywords: ~kwd1 ~kwd2
    >
    > ### ** Examples
    >
    > cry<-c(3, 4, 2, 5, 3, 4, NA, 2, 2, 3, 2, 1, 2, NA, 2, 2, 1, 2, 1, 0, 0, 0)
    > pcry<-c("A", "A", "A", "A", "A", "A", NA, "B", "B", "B", "B", "B", "B",
    + NA, "B1", "B1", "B1", "B1", "B1", "B1", "B1", "B1")
    > ABma(cry, pcry, "A")
    Installing package into ‘/Volumes/XT3/Builds/R-dev-web/QA/Simon/packages/snowleopard-x86_64/results/3.2/SSDforR.Rcheck’
    (as ‘lib’ is unspecified)
    Error in contrib.url(repos, "source") :
     trying to use CRAN without setting a mirror
    Calls: ABma -> install.packages -> contrib.url
    Execution halted
Flavor: r-devel-osx-x86_64-gcc

Version: 1.4.3
Check: PDF version of manual
Result: WARNING
    LaTeX errors when creating PDF version.
    This typically indicates Rd problems.
    LaTeX errors found:
    ! LaTeX Error: File `upquote.sty' not found.
    
    Type X to quit or <RETURN> to proceed,
    or enter new name. (Default extension: sty)
    
    /private/tmp/RtmpVFz4Rz/Rd2pdff5634e4f8e91/Rd2.tex:8: ==> Fatal error occurred
    , no output PDF file produced!
Flavor: r-release-osx-x86_64-mavericks