CRAN Package Check Results for Package SSDforR

Last updated on 2016-12-08 23:49:51.

Flavor Version Tinstall Tcheck Ttotal Status Flags
r-devel-linux-x86_64-debian-clang 1.4.14 4.05 52.68 56.72 OK
r-devel-linux-x86_64-debian-gcc 1.4.14 3.90 52.75 56.65 OK
r-devel-linux-x86_64-fedora-clang 1.4.14 114.23 OK --no-stop-on-test-error
r-devel-linux-x86_64-fedora-gcc 1.4.14 113.00 OK --no-stop-on-test-error
r-devel-macos-x86_64-clang 1.4.14 91.84 OK
r-devel-windows-ix86+x86_64 1.4.14 11.00 84.00 95.00 OK
r-patched-linux-x86_64 1.4.14 3.90 50.02 53.92 OK
r-patched-solaris-sparc 1.4.14 619.80 OK
r-patched-solaris-x86 1.4.14 141.90 OK
r-release-linux-x86_64 1.4.14 3.64 48.84 52.48 OK
r-release-osx-x86_64-mavericks 1.4.14 WARN
r-release-windows-ix86+x86_64 1.4.14 10.00 77.00 87.00 OK
r-oldrel-windows-ix86+x86_64 1.4.14 16.00 82.00 98.00 OK

Check Details

Version: 1.4.14
Check: dependencies in R code
Result: NOTE
    Invalid MIT-MAGIC-COOKIE-1 key
Flavor: r-release-osx-x86_64-mavericks

Version: 1.4.14
Check: S3 generic/method consistency
Result: WARN
    Invalid MIT-MAGIC-COOKIE-1 key
    See section ‘Generic functions and methods’ in the ‘Writing R
    Extensions’ manual.
Flavor: r-release-osx-x86_64-mavericks

Version: 1.4.14
Check: replacement functions
Result: WARN
    Invalid MIT-MAGIC-COOKIE-1 key
    The argument of a replacement function which corresponds to the right
    hand side must be named ‘value’.
Flavor: r-release-osx-x86_64-mavericks

Version: 1.4.14
Check: foreign function calls
Result: NOTE
    Invalid MIT-MAGIC-COOKIE-1 key
    See chapter ‘System and foreign language interfaces’ in the ‘Writing R
    Extensions’ manual.
Flavor: r-release-osx-x86_64-mavericks

Version: 1.4.14
Check: R code for possible problems
Result: NOTE
    Invalid MIT-MAGIC-COOKIE-1 key
Flavor: r-release-osx-x86_64-mavericks

Version: 1.4.14
Check: for missing documentation entries
Result: WARN
    Invalid MIT-MAGIC-COOKIE-1 key
    All user-level objects in a package should have documentation entries.
    See chapter ‘Writing R documentation files’ in the ‘Writing R
    Extensions’ manual.
Flavor: r-release-osx-x86_64-mavericks

Version: 1.4.14
Check: for code/documentation mismatches
Result: WARN
    Invalid MIT-MAGIC-COOKIE-1 key
    Invalid MIT-MAGIC-COOKIE-1 key
    Invalid MIT-MAGIC-COOKIE-1 key
Flavor: r-release-osx-x86_64-mavericks

Version: 1.4.14
Check: Rd \usage sections
Result: NOTE
    Invalid MIT-MAGIC-COOKIE-1 key
    The \usage entries for S3 methods should use the \method markup and not
    their full name.
    See chapter ‘Writing R documentation files’ in the ‘Writing R
    Extensions’ manual.
Flavor: r-release-osx-x86_64-mavericks