CRAN Package Check Results for Package SSDforR

Last updated on 2015-04-18 03:50:29.

Flavor Version Tinstall Tcheck Ttotal Status Flags
r-devel-linux-x86_64-debian-clang 1.4.8 4.39 49.08 53.46 NOTE
r-devel-linux-x86_64-debian-gcc 1.4.8 3.99 47.52 51.51 NOTE
r-devel-linux-x86_64-fedora-clang 1.4.8 107.58 NOTE
r-devel-linux-x86_64-fedora-gcc 1.4.8 102.07 NOTE
r-devel-osx-x86_64-clang 1.4.8 96.68 NOTE
r-prerel-windows-ix86+x86_64 1.4.8 14.00 71.00 85.00 NOTE
r-prerel-linux-x86_64 1.4.8 4.38 36.39 40.77 NOTE
r-prerel-solaris-sparc 1.4.8 655.20 NOTE
r-prerel-solaris-x86 1.4.8 156.20 NOTE
r-release-linux-x86_64 1.4.8 5.58 62.69 68.26 OK
r-release-osx-x86_64-mavericks 1.4.8 OK
r-release-osx-x86_64-snowleopard 1.4.8 OK
r-release-windows-ix86+x86_64 1.4.8 20.00 132.00 152.00 OK
r-oldrel-windows-ix86+x86_64 1.4.8 19.00 121.00 140.00 OK

Check Details

Version: 1.4.8
Check: DESCRIPTION meta-information
Result: NOTE
    Malformed Description field: should contain one or more complete sentences.
Flavors: r-devel-linux-x86_64-debian-clang, r-devel-linux-x86_64-debian-gcc, r-devel-linux-x86_64-fedora-clang, r-devel-linux-x86_64-fedora-gcc, r-devel-osx-x86_64-clang, r-prerel-windows-ix86+x86_64, r-prerel-linux-x86_64, r-prerel-solaris-sparc, r-prerel-solaris-x86