CRAN Package Check Results for Package SSDforR

Last updated on 2016-08-29 19:48:36.

Flavor Version Tinstall Tcheck Ttotal Status Flags
r-devel-linux-x86_64-debian-clang 1.4.14 4.26 53.93 58.19 OK
r-devel-linux-x86_64-debian-gcc 1.4.14 4.22 53.78 58.00 OK
r-devel-linux-x86_64-fedora-clang 1.4.14 101.17 OK
r-devel-linux-x86_64-fedora-gcc 1.4.14 97.65 OK
r-devel-osx-x86_64-clang 1.4.14 86.26 OK
r-devel-windows-ix86+x86_64 1.4.14 14.00 88.00 102.00 OK
r-patched-linux-x86_64 1.4.14 5.20 52.02 57.21 OK
r-patched-solaris-sparc 1.4.14 619.80 OK
r-patched-solaris-x86 1.4.14 139.30 OK
r-release-linux-x86_64 1.4.14 3.70 48.59 52.30 OK
r-release-osx-x86_64-mavericks 1.4.14 WARN
r-release-windows-ix86+x86_64 1.4.14 9.00 76.00 85.00 OK
r-oldrel-windows-ix86+x86_64 1.4.14 17.00 113.00 130.00 OK

Check Details

Version: 1.4.14
Check: dependencies in R code
Result: NOTE
    Invalid MIT-MAGIC-COOKIE-1 key
Flavor: r-release-osx-x86_64-mavericks

Version: 1.4.14
Check: S3 generic/method consistency
Result: WARN
    Invalid MIT-MAGIC-COOKIE-1 key
    See section ‘Generic functions and methods’ in the ‘Writing R
    Extensions’ manual.
Flavor: r-release-osx-x86_64-mavericks

Version: 1.4.14
Check: replacement functions
Result: WARN
    Invalid MIT-MAGIC-COOKIE-1 key
    The argument of a replacement function which corresponds to the right
    hand side must be named ‘value’.
Flavor: r-release-osx-x86_64-mavericks

Version: 1.4.14
Check: foreign function calls
Result: NOTE
    Invalid MIT-MAGIC-COOKIE-1 key
    See chapter ‘System and foreign language interfaces’ in the ‘Writing R
    Extensions’ manual.
Flavor: r-release-osx-x86_64-mavericks

Version: 1.4.14
Check: R code for possible problems
Result: NOTE
    Invalid MIT-MAGIC-COOKIE-1 key
Flavor: r-release-osx-x86_64-mavericks

Version: 1.4.14
Check: for missing documentation entries
Result: WARN
    Invalid MIT-MAGIC-COOKIE-1 key
    All user-level objects in a package should have documentation entries.
    See chapter ‘Writing R documentation files’ in the ‘Writing R
    Extensions’ manual.
Flavor: r-release-osx-x86_64-mavericks

Version: 1.4.14
Check: for code/documentation mismatches
Result: WARN
    Invalid MIT-MAGIC-COOKIE-1 key
    Invalid MIT-MAGIC-COOKIE-1 key
    Invalid MIT-MAGIC-COOKIE-1 key
Flavor: r-release-osx-x86_64-mavericks

Version: 1.4.14
Check: Rd \usage sections
Result: NOTE
    Invalid MIT-MAGIC-COOKIE-1 key
    The \usage entries for S3 methods should use the \method markup and not
    their full name.
    See chapter ‘Writing R documentation files’ in the ‘Writing R
    Extensions’ manual.
Flavor: r-release-osx-x86_64-mavericks