CRAN Package Check Results for Package SSDforR

Last updated on 2015-03-31 17:50:10.

Flavor Version Tinstall Tcheck Ttotal Status Flags
r-devel-linux-x86_64-debian-clang 1.4.8 4.29 48.73 53.02 NOTE
r-devel-linux-x86_64-debian-gcc 1.4.8 3.96 47.61 51.56 NOTE
r-devel-linux-x86_64-fedora-clang 1.4.8 106.55 NOTE
r-devel-linux-x86_64-fedora-gcc 1.4.8 101.47 NOTE
r-devel-osx-x86_64-clang 1.4.8 101.16 NOTE
r-prerel-windows-ix86+x86_64 1.4.8 12.00 69.00 81.00 NOTE
r-prerel-linux-x86_64 1.4.8 4.02 49.79 53.80 NOTE
r-prerel-solaris-sparc 1.4.8 655.20 NOTE
r-prerel-solaris-x86 1.4.8 158.40 NOTE
r-release-linux-x86_64 1.4.8 5.62 63.24 68.86 OK
r-release-osx-x86_64-mavericks 1.4.8 OK
r-release-osx-x86_64-snowleopard 1.4.8 OK
r-release-windows-ix86+x86_64 1.4.8 14.00 97.00 111.00 OK
r-oldrel-windows-ix86+x86_64 1.4.8 18.00 91.00 109.00 OK

Check Details

Version: 1.4.8
Check: DESCRIPTION meta-information
Result: NOTE
    Malformed Description field: should contain one or more complete sentences.
Flavors: r-devel-linux-x86_64-debian-clang, r-devel-linux-x86_64-debian-gcc, r-devel-linux-x86_64-fedora-clang, r-devel-linux-x86_64-fedora-gcc, r-devel-osx-x86_64-clang, r-prerel-windows-ix86+x86_64, r-prerel-linux-x86_64, r-prerel-solaris-sparc, r-prerel-solaris-x86