CRAN Package Check Results for Package SSDforR

Last updated on 2014-09-15 03:47:44.

Flavor Version Tinstall Tcheck Ttotal Status Flags
r-devel-linux-x86_64-debian-clang 1.4.6 1.58 22.66 24.24 NOTE
r-devel-linux-x86_64-debian-gcc 1.4.6 1.44 22.28 23.71 NOTE
r-devel-linux-x86_64-fedora-clang 1.4.6 48.48 NOTE
r-devel-linux-x86_64-fedora-gcc 1.4.6 45.99 NOTE
r-devel-osx-x86_64-clang 1.4.6 43.66 NOTE
r-devel-windows-ix86+x86_64 1.4.6 5.00 37.00 42.00 NOTE
r-patched-linux-x86_64 1.4.6 1.46 26.24 27.70 NOTE
r-patched-solaris-sparc 1.4.6 354.70 NOTE
r-patched-solaris-x86 1.4.6 76.60 NOTE
r-release-linux-ix86 1.4.6 2.00 36.12 38.12 OK
r-release-linux-x86_64 1.4.6 1.55 26.41 27.96 OK
r-release-osx-x86_64-mavericks 1.4.6 OK
r-release-osx-x86_64-snowleopard 1.4.6 OK
r-release-windows-ix86+x86_64 1.4.6 4.00 39.00 43.00 OK
r-oldrel-windows-ix86+x86_64 1.4.6 5.00 40.00 45.00 OK

Check Details

Version: 1.4.6
Check: dependencies in R code
Result: NOTE
    Package in Depends field not imported from: ‘tcltk’
     These packages need to be imported from (in the NAMESPACE file)
     for when this namespace is loaded but not attached.
    See the information on DESCRIPTION files in the chapter ‘Creating R
    packages’ of the ‘Writing R Extensions’ manual.
Flavors: r-devel-linux-x86_64-debian-clang, r-devel-linux-x86_64-debian-gcc, r-devel-linux-x86_64-fedora-clang, r-devel-linux-x86_64-fedora-gcc, r-devel-osx-x86_64-clang, r-devel-windows-ix86+x86_64, r-patched-linux-x86_64, r-patched-solaris-sparc, r-patched-solaris-x86

Version: 1.4.6
Check: R code for possible problems
Result: NOTE
    ABma: no visible global function definition for ‘SMA’
    ABma: no visible global function definition for ‘tclvalue’
    ABma: no visible global function definition for ‘tcl’
    ABrobust: no visible global function definition for ‘rlm’
    Append: no visible global function definition for ‘tclvalue’
    Append: no visible global function definition for ‘tcl’
    Arimama: no visible global function definition for ‘SMA’
    Arobust: no visible global function definition for ‘rlm’
    RobustCDCabove: no visible global function definition for ‘rlm’
    RobustCDCbelow: no visible global function definition for ‘rlm’
    Savecsv: no visible global function definition for ‘tclvalue’
    Savecsv: no visible global function definition for ‘tcl’
    diffchart: no visible global function definition for ‘tclvalue’
    diffchart: no visible global function definition for ‘tcl’
    robregabove: no visible global function definition for ‘rlm’
    robregbelow: no visible global function definition for ‘rlm’
Flavors: r-devel-linux-x86_64-debian-clang, r-devel-linux-x86_64-debian-gcc, r-devel-linux-x86_64-fedora-clang, r-devel-linux-x86_64-fedora-gcc, r-devel-osx-x86_64-clang, r-devel-windows-ix86+x86_64