CRAN Package Check Results for Package SSDforR

Last updated on 2015-05-28 11:48:43.

Flavor Version Tinstall Tcheck Ttotal Status Flags
r-devel-linux-x86_64-debian-clang 1.4.9 4.04 48.73 52.78 OK
r-devel-linux-x86_64-debian-gcc 1.4.9 4.10 47.48 51.57 OK
r-devel-linux-x86_64-fedora-clang 1.4.9 107.59 OK
r-devel-linux-x86_64-fedora-gcc 1.4.9 103.62 OK
r-devel-osx-x86_64-clang 1.4.9 92.73 OK
r-devel-windows-ix86+x86_64 1.4.9 15.00 71.00 86.00 OK
r-patched-linux-x86_64 1.4.9 4.04 48.13 52.16 OK
r-patched-solaris-sparc 1.4.9 653.40 OK
r-patched-solaris-x86 1.4.9 163.90 OK
r-release-linux-x86_64 1.4.9 4.01 47.80 51.81 OK
r-release-osx-x86_64-mavericks 1.4.9 OK
r-release-osx-x86_64-snowleopard 1.4.9 ERROR
r-release-windows-ix86+x86_64 1.4.9 11.00 71.00 82.00 OK
r-oldrel-windows-ix86+x86_64 1.4.9 18.00 90.00 108.00 OK

Check Details

Version: 1.4.9
Check: package dependencies
Result: ERROR
    Packages required but not available: ‘TTR’ ‘TSA’
    
    See section ‘The DESCRIPTION file’ in the ‘Writing R Extensions’
    manual.
Flavor: r-release-osx-x86_64-snowleopard