CRAN Package Check Results for Package SSDforR

Last updated on 2016-09-28 15:48:15.

Flavor Version Tinstall Tcheck Ttotal Status Flags
r-devel-linux-x86_64-debian-clang 1.4.14 3.55 54.54 58.10 OK
r-devel-linux-x86_64-debian-gcc 1.4.14 3.81 51.28 55.10 OK
r-devel-linux-x86_64-fedora-clang 1.4.14 100.20 OK
r-devel-linux-x86_64-fedora-gcc 1.4.14 96.70 OK
r-devel-macos-x86_64-clang 1.4.14 83.40 OK
r-devel-windows-ix86+x86_64 1.4.14 21.00 105.00 126.00 OK
r-patched-linux-x86_64 1.4.14 4.12 51.59 55.71 OK
r-patched-solaris-sparc 1.4.14 619.80 OK
r-patched-solaris-x86 1.4.14 140.70 OK
r-release-linux-x86_64 1.4.14 4.09 48.01 52.10 OK
r-release-osx-x86_64-mavericks 1.4.14 WARN
r-release-windows-ix86+x86_64 1.4.14 15.00 110.00 125.00 OK
r-oldrel-windows-ix86+x86_64 1.4.14 22.00 120.00 142.00 OK

Check Details

Version: 1.4.14
Check: dependencies in R code
Result: NOTE
    Invalid MIT-MAGIC-COOKIE-1 key
Flavor: r-release-osx-x86_64-mavericks

Version: 1.4.14
Check: S3 generic/method consistency
Result: WARN
    Invalid MIT-MAGIC-COOKIE-1 key
    See section ‘Generic functions and methods’ in the ‘Writing R
    Extensions’ manual.
Flavor: r-release-osx-x86_64-mavericks

Version: 1.4.14
Check: replacement functions
Result: WARN
    Invalid MIT-MAGIC-COOKIE-1 key
    The argument of a replacement function which corresponds to the right
    hand side must be named ‘value’.
Flavor: r-release-osx-x86_64-mavericks

Version: 1.4.14
Check: foreign function calls
Result: NOTE
    Invalid MIT-MAGIC-COOKIE-1 key
    See chapter ‘System and foreign language interfaces’ in the ‘Writing R
    Extensions’ manual.
Flavor: r-release-osx-x86_64-mavericks

Version: 1.4.14
Check: R code for possible problems
Result: NOTE
    Invalid MIT-MAGIC-COOKIE-1 key
Flavor: r-release-osx-x86_64-mavericks

Version: 1.4.14
Check: for missing documentation entries
Result: WARN
    Invalid MIT-MAGIC-COOKIE-1 key
    All user-level objects in a package should have documentation entries.
    See chapter ‘Writing R documentation files’ in the ‘Writing R
    Extensions’ manual.
Flavor: r-release-osx-x86_64-mavericks

Version: 1.4.14
Check: for code/documentation mismatches
Result: WARN
    Invalid MIT-MAGIC-COOKIE-1 key
    Invalid MIT-MAGIC-COOKIE-1 key
    Invalid MIT-MAGIC-COOKIE-1 key
Flavor: r-release-osx-x86_64-mavericks

Version: 1.4.14
Check: Rd \usage sections
Result: NOTE
    Invalid MIT-MAGIC-COOKIE-1 key
    The \usage entries for S3 methods should use the \method markup and not
    their full name.
    See chapter ‘Writing R documentation files’ in the ‘Writing R
    Extensions’ manual.
Flavor: r-release-osx-x86_64-mavericks