CRAN Package Check Results for Package SSN

Last updated on 2020-02-28 19:52:24 CET.

Flavor Version Tinstall Tcheck Ttotal Status Flags
r-devel-linux-x86_64-debian-clang 1.1.14 22.52 199.78 222.30 OK
r-devel-linux-x86_64-debian-gcc 1.1.14 19.30 161.91 181.21 OK
r-devel-linux-x86_64-fedora-clang 1.1.14 269.87 OK
r-devel-linux-x86_64-fedora-gcc 1.1.14 273.39 OK
r-devel-windows-ix86+x86_64 1.1.14 77.00 444.00 521.00 OK
r-devel-windows-ix86+x86_64-gcc8 1.1.13 45.00 319.00 364.00 WARN
r-patched-linux-x86_64 1.1.14 18.49 181.13 199.62 OK
r-patched-solaris-x86 1.1.14 354.00 NOTE
r-release-linux-x86_64 1.1.14 17.09 181.43 198.52 OK
r-release-windows-ix86+x86_64 1.1.14 62.00 403.00 465.00 OK
r-release-osx-x86_64 1.1.14 OK
r-oldrel-windows-ix86+x86_64 1.1.14 46.00 285.00 331.00 OK
r-oldrel-osx-x86_64 1.1.14 OK

Additional issues

valgrind

Check Details

Version: 1.1.13
Check: whether package can be installed
Result: WARN
    Found the following significant warnings:
     dbfopenSSN.c:1119:6: warning: 'strncpy' output may be truncated copying between 0 and 399 bytes from a string of length 399 [-Wstringop-truncation]
     dbfopenSSN.c:1100:6: warning: 'strncpy' output may be truncated copying between 0 and 399 bytes from a string of length 399 [-Wstringop-truncation]
     dbfopenSSN.c:663:2: warning: 'strncpy' output truncated before terminating nul copying as many bytes from a string as its length [-Wstringop-truncation]
     dbfopenSSN.c:1511:2: warning: 'strncpy' output may be truncated copying 11 bytes from a string of length 11 [-Wstringop-truncation]
Flavor: r-devel-windows-ix86+x86_64-gcc8

Version: 1.1.14
Check: installed package size
Result: NOTE
     installed size is 5.4Mb
     sub-directories of 1Mb or more:
     lsndata 2.9Mb
Flavor: r-patched-solaris-x86